NOAA Style Reports for Camberley

camberley weather

Select a Year or Month report

Report for 2016 Jan
                   Monthly Climatological Summary for Jan 2016

Name: camberley weather   City: Camberley   County: Surrey   Country: UK, England
Elevation: 268 ft  Lat: N 51° 19' 55"   Lon: W 000° 45' 12"

                  Temperature (°C), Rain (mm), Wind Speed (kts)

                                      Heat  Cool        Avg
    Mean                              Deg   Deg         Wind                 Dom
Day Temp  High   Time   Low    Time   Days  Days  Rain  Speed High   Time    Dir
----------------------------------------------------------------------------------
 1   4.7   8.1   20:07   0.4   05:02  13.6   0.0   3.8   1.5  16.0   19:45   ENE
 2   9.4  10.6   14:42   7.8   00:00   8.9   0.0  11.0   2.5  16.0   03:26   WNW
 3   6.6   8.9   00:00   4.0   06:05  11.7   0.0  11.2   1.2  16.0   00:21   WNW
 4   6.9  10.4   13:16   4.4   00:23  11.4   0.0   0.8   0.6  10.0   13:34   WSW
 5   6.4   8.9   15:06   4.1   07:41  11.9   0.0   0.6   0.1   6.0   00:39   WSW
 6   5.4   7.1   13:40   2.7   06:26  12.9   0.0   0.2   0.0   5.0   21:33    NE
 7   6.5   9.8   09:53   2.6   22:43  11.8   0.0  11.8   2.4  17.0   11:14     W
 8   4.7   8.5   14:14   0.2   04:03  13.6   0.0   2.2   0.4   7.0   11:25   WSW
 9   8.1   9.9   13:38   5.8   22:23  10.2   0.0   8.2   2.0  19.0   20:06     W
10   5.6   8.2   13:03   3.3   19:53  12.7   0.0   0.8   1.6  14.0   05:26   WSW
11   5.2   7.3   13:30   3.1   23:32  13.1   0.0   8.0   0.7  13.0   03:56   WSW
12   4.7   6.8   13:40   3.0   00:07  13.6   0.0   1.2   2.5  17.0   11:06     W
13   4.1   6.6   14:52   1.2   07:01  14.3   0.0   2.6   1.1  17.0   20:13   WSW
14   2.7   4.9   14:48   0.5   22:58  15.6   0.0   1.0   2.0  17.0   12:34   WNW
15   1.5   4.9   12:59  -1.0   03:22  16.8   0.0   0.0   0.6  10.0   14:04   NNE
16   0.8   4.8   14:51  -2.6   06:51  17.5   0.0   0.2   0.0   5.0   23:54     W
17   1.8   4.1   23:23   0.1   07:25  16.5   0.0   3.8   0.8  12.0   19:54   ENE
18   3.0   5.3   12:59  -1.5   23:27  15.3   0.0   0.0   0.9  12.0   12:22   NNE
19  -1.7   4.6   14:33  -4.6   08:48  20.0   0.0   0.0   0.0   3.0   13:20   ---
20  -1.6   6.0   14:05  -6.8   05:33  19.9   0.0   0.0   0.0   6.0   14:22     E
21   3.3   7.9   13:59  -3.1   02:44  15.0   0.0   0.2   0.5  10.0   13:40    NW
22   7.3  11.2   15:00   5.3   00:00  11.0   0.0   2.4   1.8  14.0   06:42   WNW
23   7.0  10.5   13:53   3.4   06:05  11.3   0.0   1.6   1.0  11.0   20:42   WSW
24  11.7  13.7   12:58   8.4   00:00   6.6   0.0   0.0   1.7  15.0   12:23   WSW
25  10.4  12.8   15:00   6.7   23:48   7.9   0.0   0.0   2.1  20.0   14:31   WSW
26   8.8  10.9   22:42   4.7   03:13   9.5   0.0   7.6   3.7  20.0   11:50   WSW
27  10.7  12.4   11:32   5.8   23:56   7.6   0.0   5.4   4.2  23.0   01:33   WSW
28   5.4   9.4   14:28   0.1   06:32  12.9   0.0   0.0   1.9  20.0   20:24   WSW
29  10.5  11.3   13:03   8.8   00:00   7.8   0.0   1.6   5.3  22.0   10:19   WSW
30   6.9  10.6   01:53   3.7   23:44  11.4   0.0   5.2   3.2  23.0   02:26   WSW
31   8.8  12.6   14:52   3.7   00:00   9.5   0.0   1.0   2.7  19.0   14:41   WSW
----------------------------------------------------------------------------------
     5.7  13.7    24    -6.8    20   391.8   0.0  92.4   1.6  23.0    27       W

Max >=  27.0:  0
Max <=   0.0:  0
Min <=   0.0:  6
Min <= -18.0:  0
Max Rain: 11.8 on day 7
Days of Rain: 24 (>= 0.2 mm)  13 (>= 2.0 mm)  0 (>= 20.0 mm)
Heat Base: 18.3  Cool Base: 18.3  Method: Integration