NOAA Style Reports for Camberley

camberley weather

Select a Year or Month report
V/Λ2018 > Jan Feb Mar Apr May Jun Jul Aug Sep Oct Nov Dec
V/Λ2017 > Jan Feb Mar Apr May Jun Jul Aug Sep Oct Nov Dec
V/Λ2016 > Jan Feb Mar Apr May Jun Jul Aug Sep Oct Nov Dec
V/Λ2015 > Jan Feb Mar Apr May Jun Jul Aug Sep Oct Nov Dec
V/Λ2014 > Jan Feb Mar Apr May Jun Jul Aug Sep Oct Nov Dec
V/Λ2013 > Jan Feb Mar Apr May Jun Jul Aug Sep Oct Nov Dec
V/Λ2012 > Jan Feb Mar Apr May Jun Jul Aug Sep Oct Nov Dec
V/Λ2011 > Jan Feb Mar Apr May Jun Jul Aug Sep Oct Nov Dec

Report for 2015 Dec
                   Monthly Climatological Summary for Dec 2015

Name: camberley weather   City: Camberley   County: Surrey   Country: UK, England
Elevation: 268 ft  Lat: N 51° 19' 55"   Lon: W 000° 45' 12"

                  Temperature (°C), Rain (mm), Wind Speed (kts)

                                      Heat  Cool        Avg
    Mean                              Deg   Deg         Wind                 Dom
Day Temp  High   Time   Low    Time   Days  Days  Rain  Speed High   Time    Dir
----------------------------------------------------------------------------------
 1  12.6  14.3   13:02  11.9   20:53   5.7   0.0   0.4   3.0  18.0   10:50   WSW
 2  12.1  12.8   13:04  11.4   04:15   6.2   0.0   0.0   2.8  13.0   12:19   WSW
 3  12.1  13.4   23:26  10.9   19:44   6.2   0.0   2.2   3.1  20.0   22:26   WSW
 4   9.4  12.2   13:08   5.0   07:08   8.9   0.0   0.0   2.7  17.0   12:09   WSW
 5  11.6  12.3   16:52  10.9   05:21   6.7   0.0   0.0   5.8  24.0   08:44   WSW
 6  12.4  13.4   08:42  11.6   01:30   5.9   0.0   1.4   3.1  18.0   05:41   WSW
 7  11.9  13.9   13:32  10.5   18:06   6.4   0.0   0.4   1.2  10.0   04:24     W
 8  10.5  12.5   13:24   5.9   23:54   7.8   0.0   3.2   2.5  15.0   13:41   WSW
 9   7.6  11.8   13:45   2.2   05:07  10.7   0.0   0.0   1.8  15.0   21:28   WSW
10  10.6  12.1   13:10   8.4   22:42   7.7   0.0   4.8   2.8  18.0   06:24   WSW
11   8.4  10.6   13:22   4.3   23:12   9.9   0.0   0.2   2.0  15.0   12:50   WSW
12   9.5  12.6   12:41   4.6   00:00   8.8   0.0   0.2   3.0  21.0   17:02   WSW
13   8.3  12.2   00:00   6.2   06:35  10.0   0.0   1.0   0.7  17.0   00:49   ESE
14   8.6  10.1   13:25   7.4   07:33   9.7   0.0   0.0   0.3   6.0   05:38   ENE
15  11.0  12.9   22:41   9.6   00:00   7.3   0.0   7.6   0.5   8.0   22:54   WNW
16  13.1  14.2   11:59  12.2   07:24   5.1   0.0   0.6   2.6  14.0   01:29   WSW
17  12.7  15.1   13:03  11.3   22:04   5.6   0.0   0.4   2.1  12.0   00:26   WSW
18  12.1  13.1   11:34  11.2   00:10   6.2   0.0   0.0   2.1  13.0   12:15   WSW
19  14.1  15.2   11:46  12.8   00:00   4.2   0.0   0.2   2.9  17.0   23:40   WSW
20  11.3  14.2   00:00   8.2   21:39   7.0   0.0   1.8   2.6  15.0   04:36   WSW
21   9.2  12.6   16:10   6.0   06:05   9.1   0.0   3.8   2.5  23.0   12:03   WSW
22  12.7  14.1   10:10   9.9   21:50   5.5   0.0   5.8   4.5  22.0   07:18   WSW
23   9.8  11.7   13:05   7.4   08:25   8.5   0.0   0.2   2.8  17.0   21:47   WSW
24   9.2  12.3   09:31   5.4   19:22   9.1   0.0   2.2   3.8  21.0   06:56   WSW
25   9.7  14.2   23:57   3.9   02:26   8.6   0.0   2.6   2.5  20.0   16:40   WSW
26  13.7  14.3   10:50  13.1   05:36   4.6   0.0   0.6   5.3  24.0   10:52   WSW
27  13.1  13.7   00:29  10.1   23:54   5.2   0.0   0.4   2.8  19.0   00:02   WSW
28  10.5  12.4   11:54   8.8   06:42   7.8   0.0   0.6   1.5  13.0   21:39    NW
29  10.2  11.7   13:26   8.2   08:09   8.1   0.0   0.4   2.0  17.0   22:16   WSW
30  11.4  13.0   10:21   8.4   23:50   6.9   0.0  10.2   4.0  22.0   08:30     W
31   7.7  10.8   13:34   3.1   23:51  10.6   0.0   3.8   3.1  21.0   16:52   WSW
----------------------------------------------------------------------------------
    10.9  15.2    19     2.2     9   230.0   0.0  55.0   2.7  24.0     5     WSW

Max >=  27.0:  0
Max <=   0.0:  0
Min <=   0.0:  0
Min <= -18.0:  0
Max Rain: 10.2 on day 30
Days of Rain: 25 (>= 0.2 mm)  10 (>= 2.0 mm)  0 (>= 20.0 mm)
Heat Base: 18.3  Cool Base: 18.3  Method: Integration