NOAA Style Reports for Camberley

camberley weather

Select a Year or Month report
V/Λ2018 > Jan Feb Mar Apr May Jun Jul Aug Sep Oct Nov Dec
V/Λ2017 > Jan Feb Mar Apr May Jun Jul Aug Sep Oct Nov Dec
V/Λ2016 > Jan Feb Mar Apr May Jun Jul Aug Sep Oct Nov Dec
V/Λ2015 > Jan Feb Mar Apr May Jun Jul Aug Sep Oct Nov Dec
V/Λ2014 > Jan Feb Mar Apr May Jun Jul Aug Sep Oct Nov Dec
V/Λ2013 > Jan Feb Mar Apr May Jun Jul Aug Sep Oct Nov Dec
V/Λ2012 > Jan Feb Mar Apr May Jun Jul Aug Sep Oct Nov Dec
V/Λ2011 > Jan Feb Mar Apr May Jun Jul Aug Sep Oct Nov Dec

Report for 2015 Nov
                   Monthly Climatological Summary for Nov 2015

Name: camberley weather   City: Camberley   County: Surrey   Country: UK, England
Elevation: 268 ft  Lat: N 51° 19' 55"   Lon: W 000° 45' 12"

                  Temperature (°C), Rain (mm), Wind Speed (kts)

                                      Heat  Cool        Avg
    Mean                              Deg   Deg         Wind                 Dom
Day Temp  High   Time   Low    Time   Days  Days  Rain  Speed High   Time    Dir
----------------------------------------------------------------------------------
 1   8.2  11.4   14:25   5.0   03:18  10.1   0.0   0.4   0.0   3.0   15:21   ---
 2   9.2  10.9   14:24   6.5   07:21   9.1   0.0   0.2   0.2   7.0   21:14     E
 3  11.1  12.8   16:03   9.1   00:00   7.2   0.0   0.6   0.4   6.0   08:33     E
 4  12.7  14.5   12:38  11.1   06:59   5.6   0.0   3.0   0.2   6.0   12:42   WSW
 5  13.8  14.7   20:09  13.2   00:00   4.5   0.0   5.0   1.5  14.0   21:02   WSW
 6  14.6  16.6   13:14  12.9   05:44   3.7   0.0   2.2   2.1  16.0   13:04   WSW
 7  14.1  16.3   15:39   8.7   23:10   4.2   0.0   9.2   2.5  20.0   08:11   WSW
 8  12.4  15.4   17:41   7.4   04:11   5.9   0.0   0.6   1.8  15.0   17:28   WSW
 9  12.3  14.1   12:27   8.7   04:35   6.0   0.0   0.0   3.3  18.0   14:14   WSW
10  14.1  15.2   11:16  13.3   23:28   4.2   0.0   0.0   2.9  15.0   10:57   WSW
11  13.4  14.8   12:35  12.6   18:04   4.9   0.0   0.0   2.4  13.0   12:21   WSW
12  12.6  15.4   12:56   8.5   07:57   5.7   0.0   0.6   1.9  16.0   21:10   WSW
13   9.2  13.4   00:00   7.1   18:45   9.1   0.0   0.8   3.3  19.0   00:16   WSW
14  10.1  14.2   23:20   6.9   00:32   8.2   0.0   4.8   2.8  17.0   17:43   WSW
15  14.1  15.6   12:04  12.8   20:23   4.2   0.0   0.0   4.0  18.0   10:42   WSW
16  12.2  13.4   01:01  11.0   18:32   6.1   0.0   2.4   2.7  20.0   01:24   WSW
17  13.5  15.3   15:18  12.1   00:00   4.8   0.0   4.8   4.5  26.0   18:57   WSW
18  12.3  14.7   12:37  10.0   06:20   6.0   0.0   1.6   4.2  23.0   12:57   WSW
19  10.2  12.3   01:52   8.4   21:10   8.1   0.0   2.2   1.8  17.0   00:11   WSW
20   7.2   9.2   14:23   3.0   23:59  11.1   0.0   0.0   0.9  11.0   17:33     W
21   2.3   5.2   12:06  -2.9   23:12  16.0   0.0   1.6   1.9  15.0   11:13     N
22   0.1   5.3   14:00  -4.3   06:07  18.2   0.0   0.0   0.0   5.0   15:28   NNE
23   2.2   7.1   22:07  -3.3   03:19  16.1   0.0   0.2   0.5   8.0   19:49   WSW
24   7.6   9.7   07:08   5.7   21:44  10.7   0.0   5.2   1.4  11.0   03:31   WSW
25   8.1  10.2   14:13   5.7   01:13  10.2   0.0   0.4   0.5  10.0   13:58     N
26   8.7   9.4   14:43   7.6   07:31   9.6   0.0   1.8   0.0   3.0   00:53   NNE
27  10.0  12.9   12:20   4.4   23:58   8.3   0.0   1.8   2.0  17.0   19:19   WSW
28   6.4  10.1   18:20   1.6   06:11  11.9   0.0   0.0   2.9  19.0   13:35   WSW
29  10.7  12.7   14:47   8.6   06:16   7.6   0.0   5.4   5.0  26.0   16:58   WSW
30  11.0  12.7   12:39   8.2   04:14   7.3   0.0   1.6   4.0  25.0   12:16   WSW
----------------------------------------------------------------------------------
    10.1  16.6     6    -4.3    22   244.6   0.0  56.4   2.0  26.0    17     WSW

Max >=  27.0:  0
Max <=   0.0:  0
Min <=   0.0:  3
Min <= -18.0:  0
Max Rain: 9.2 on day 7
Days of Rain: 23 (>= 0.2 mm)  10 (>= 2.0 mm)  0 (>= 20.0 mm)
Heat Base: 18.3  Cool Base: 18.3  Method: Integration