NOAA Style Reports for Camberley

camberley weather

Select a Year or Month report

Report for 2015 Oct
                   Monthly Climatological Summary for Oct 2015

Name: camberley weather   City: Camberley   County: Surrey   Country: UK, England
Elevation: 268 ft  Lat: N 51° 19' 55"   Lon: W 000° 45' 12"

                  Temperature (°C), Rain (mm), Wind Speed (kts)

                                      Heat  Cool        Avg
    Mean                              Deg   Deg         Wind                 Dom
Day Temp  High   Time   Low    Time   Days  Days  Rain  Speed High   Time    Dir
----------------------------------------------------------------------------------
 1  13.1  18.5   16:23   8.6   07:20   5.2   0.0   0.0   1.4  13.0   12:02     E
 2  12.0  18.8   16:44   6.6   23:54   6.3   0.0   0.2   0.5  10.0   10:56     E
 3   9.8  16.4   16:23   5.1   03:38   8.5   0.0   0.0   0.0   4.0   13:05     E
 4  10.5  17.9   14:43   3.4   07:47   7.8   0.0   0.0   0.4  10.0   22:19     E
 5  14.9  16.5   13:03  12.3   00:27   3.4   0.0   9.0   1.0  12.0   02:47   NNW
 6  15.2  17.4   13:54  13.6   23:39   3.1   0.0  10.6   0.6   7.0   07:35    NW
 7  12.6  13.9   03:13   7.6   23:44   5.7   0.0   0.8   1.0  10.0   08:58   WSW
 8   9.1  15.1   14:42   2.9   07:44   9.2   0.0   0.0   0.1   5.0   13:33     W
 9   9.4  18.1   15:52   3.2   07:38   8.9   0.0   0.2   0.1   7.0   13:31     E
10  11.3  15.5   16:02   6.6   00:53   7.0   0.0   0.2   1.2  11.0   18:51     E
11  11.3  15.1   13:29   8.2   23:58   7.0   0.0   0.0   0.8  10.0   10:50     E
12   9.2  13.8   15:28   4.6   06:35   9.1   0.0   0.0   0.5   9.0   13:09    NE
13   8.8  12.4   13:55   5.6   06:08   9.5   0.0   0.0   0.8  13.0   14:33    NE
14   8.2  12.8   14:15   4.2   05:56  10.1   0.0   0.2   0.6  10.0   11:14    NE
15   9.6  12.6   12:43   8.0   06:00   8.7   0.0   0.0   0.5  10.0   11:25    NE
16  11.0  13.3   12:11   9.2   00:00   7.3   0.0   0.0   1.4  13.0   12:05    NE
17  10.5  11.9   15:21   9.4   07:43   7.8   0.0   0.0   0.9  12.0   12:15    NE
18  11.7  14.8   14:41  10.2   00:04   6.6   0.0   0.0   0.4   9.0   12:44    NE
19  11.2  13.2   14:15  10.2   03:43   7.1   0.0   0.0   0.2   6.0   12:10    NE
20   9.9  15.6   15:40   5.8   23:09   8.4   0.0   0.0   0.1   7.0   13:37   NNE
21  11.2  14.3   17:24   6.1   00:23   7.1   0.0   4.4   1.0  10.0   08:08   WSW
22  12.3  14.1   10:55   9.7   23:54   6.0   0.0   0.0   1.0  12.0   11:00     W
23  11.0  13.2   13:33   9.0   07:23   7.3   0.0   0.0   0.2   7.0   10:51   WSW
24  10.8  13.3   15:35   5.3   23:54   7.5   0.0   3.6   0.4  12.0   17:56   WSW
25   5.9  13.2   14:49   0.6   06:17  12.9   0.0   0.2   0.0   3.0   12:13     E
26  10.4  15.7   13:37   5.0   00:00   7.9   0.0   0.0   0.9   9.0   18:05   ENE
27  13.7  18.3   13:18  11.2   06:23   4.6   0.0   1.6   0.6  10.0   11:21   ENE
28  11.8  15.9   14:14   9.8   22:03   6.5   0.0   1.6   0.2   8.0   14:45   WSW
29  12.2  14.0   09:47   9.9   00:00   6.1   0.0   2.8   0.9  13.0   10:25     W
30  13.4  14.8   13:55  11.4   00:00   4.9   0.0   6.2   0.9  10.0   04:49    NW
31  12.2  17.7   14:13   7.8   23:54   6.1   0.0   0.0   0.3   7.0   10:08     E
----------------------------------------------------------------------------------
    11.1  18.8     2     0.6    25   223.6   0.0  41.6   0.6  13.0     1     NNE

Max >=  27.0:  0
Max <=   0.0:  0
Min <=   0.0:  0
Min <= -18.0:  0
Max Rain: 10.6 on day 6
Days of Rain: 14 (>= 0.2 mm)  6 (>= 2.0 mm)  0 (>= 20.0 mm)
Heat Base: 18.3  Cool Base: 18.3  Method: Integration