NOAA Style Reports for Camberley

camberley weather

Select a Year or Month report
V/Λ2018 > Jan Feb Mar Apr May Jun Jul Aug Sep Oct Nov Dec
V/Λ2017 > Jan Feb Mar Apr May Jun Jul Aug Sep Oct Nov Dec
V/Λ2016 > Jan Feb Mar Apr May Jun Jul Aug Sep Oct Nov Dec
V/Λ2015 > Jan Feb Mar Apr May Jun Jul Aug Sep Oct Nov Dec
V/Λ2014 > Jan Feb Mar Apr May Jun Jul Aug Sep Oct Nov Dec
V/Λ2013 > Jan Feb Mar Apr May Jun Jul Aug Sep Oct Nov Dec
V/Λ2012 > Jan Feb Mar Apr May Jun Jul Aug Sep Oct Nov Dec
V/Λ2011 > Jan Feb Mar Apr May Jun Jul Aug Sep Oct Nov Dec

Report for 2015 Sep
                   Monthly Climatological Summary for Sep 2015

Name: camberley weather   City: Camberley   County: Surrey   Country: UK, England
Elevation: 268 ft  Lat: N 51° 19' 55"   Lon: W 000° 45' 12"

                  Temperature (°C), Rain (mm), Wind Speed (kts)

                                      Heat  Cool        Avg
    Mean                              Deg   Deg         Wind                 Dom
Day Temp  High   Time   Low    Time   Days  Days  Rain  Speed High   Time    Dir
----------------------------------------------------------------------------------
 1  14.2  19.4   15:59  10.6   23:43   4.2   0.0   0.2   0.2   8.0   16:40   NNE
 2  12.7  17.5   15:16   7.5   06:31   5.6   0.0   0.0   0.2   7.0   14:32    NW
 3  11.8  16.0   12:47   7.5   06:10   6.5   0.0   0.0   0.2   7.0   10:55   NNW
 4  12.2  16.2   11:56   9.2   03:35   6.1   0.0   0.0   0.1   7.0   17:52   NNE
 5  11.1  15.9   17:10   6.1   23:58   7.1   0.0   0.0   0.3   7.0   11:26    NE
 6  11.4  20.0   15:51   3.3   05:36   7.1   0.2   0.0   0.3   9.0   11:54     N
 7  12.3  19.4   14:13   5.7   05:53   6.1   0.1   0.0   0.5  10.0   16:24   ENE
 8  12.3  17.2   15:27   7.6   03:41   6.0   0.0   0.0   0.5  10.0   14:49     E
 9  14.0  18.8   17:12   9.6   01:32   4.3   0.0   0.0   1.5  14.0   13:11     E
10  15.2  21.2   14:41  11.0   05:38   3.6   0.5   0.0   1.6  15.0   18:11     E
11  15.8  21.6   16:00  10.6   05:19   3.1   0.6   0.0   1.2  13.0   15:16     E
12  17.7  20.3   13:44  14.9   07:05   1.3   0.7   0.0   2.1  13.0   09:07    SW
13  15.3  19.8   00:00  11.8   23:04   2.0   0.1   0.0   0.9  11.0   14:46     E
14  13.0  17.4   12:15  10.4   23:49   5.3   0.0  16.8   1.9  17.0   16:10   WSW
15  12.7  18.2   14:44   9.4   03:15   5.6   0.0   1.8   2.1  15.0   11:48   WSW
16  12.2  14.8   10:37  10.4   00:05   6.1   0.0  19.2   1.4  13.0   15:51   ENE
17  12.8  17.7   15:16   7.9   06:41   5.5   0.0   1.0   0.7  11.0   14:57   WSW
18  13.5  19.3   16:46   9.5   07:00   4.8   0.0   0.0   0.3   6.0   12:50   WNW
19  12.8  19.9   15:35   7.6   04:04   5.6   0.1   0.2   0.1   5.0   13:43    NE
20  12.6  20.2   15:01   6.2   07:08   5.8   0.1   0.0   0.6   9.0   11:42   WSW
21  12.8  14.7   17:57   8.7   23:59   5.5   0.0   4.0   0.7  10.0   12:57   WSW
22  10.7  14.2   16:24   7.8   23:56   7.6   0.0   7.0   0.3  10.0   14:58   NNE
23  11.9  17.6   16:18   5.5   06:07   6.4   0.0   0.4   1.1  13.0   16:09   WSW
24  14.4  17.6   13:44  10.1   23:22   3.9   0.0   2.6   1.9  15.0   14:45   WSW
25  11.6  18.2   16:57   6.5   23:59   6.7   0.0   0.0   0.2   7.0   10:31   NNE
26  10.4  18.5   16:14   3.1   06:24   7.9   0.0   0.0   0.4  10.0   12:44     E
27  11.9  18.6   15:53   5.3   06:26   6.4   0.0   0.0   0.9  13.0   11:43     E
28  12.8  18.9   15:38   8.5   06:00   5.5   0.0   0.2   1.1  12.0   16:40     E
29  13.6  19.0   15:15   9.3   07:08   4.7   0.0   0.0   1.7  14.0   11:58     E
30  13.0  17.9   14:59   8.4   06:40   5.3   0.0   0.0   1.7  19.0   15:41     E
----------------------------------------------------------------------------------
    13.0  21.6    11     3.1    26   161.6   2.4  53.4   0.9  19.0    30     ESE

Max >=  27.0:  0
Max <=   0.0:  0
Min <=   0.0:  0
Min <= -18.0:  0
Max Rain: 19.2 on day 16
Days of Rain: 11 (>= 0.2 mm)  5 (>= 2.0 mm)  0 (>= 20.0 mm)
Heat Base: 18.3  Cool Base: 18.3  Method: Integration