NOAA Style Reports for Camberley

camberley weather

Select a Year or Month report
V/Λ2018 > Jan Feb Mar Apr May Jun Jul Aug Sep Oct Nov Dec
V/Λ2017 > Jan Feb Mar Apr May Jun Jul Aug Sep Oct Nov Dec
V/Λ2016 > Jan Feb Mar Apr May Jun Jul Aug Sep Oct Nov Dec
V/Λ2015 > Jan Feb Mar Apr May Jun Jul Aug Sep Oct Nov Dec
V/Λ2014 > Jan Feb Mar Apr May Jun Jul Aug Sep Oct Nov Dec
V/Λ2013 > Jan Feb Mar Apr May Jun Jul Aug Sep Oct Nov Dec
V/Λ2012 > Jan Feb Mar Apr May Jun Jul Aug Sep Oct Nov Dec
V/Λ2011 > Jan Feb Mar Apr May Jun Jul Aug Sep Oct Nov Dec

Report for 2015 Aug
                   Monthly Climatological Summary for Aug 2015

Name: camberley weather   City: Camberley   County: Surrey   Country: UK, England
Elevation: 268 ft  Lat: N 51° 19' 55"   Lon: W 000° 45' 12"

                  Temperature (°C), Rain (mm), Wind Speed (kts)

                                      Heat  Cool        Avg
    Mean                              Deg   Deg         Wind                 Dom
Day Temp  High   Time   Low    Time   Days  Days  Rain  Speed High   Time    Dir
----------------------------------------------------------------------------------
 1  14.8  20.9   16:51   6.3   05:01   4.1   0.6   0.0   0.8  10.0   12:05   WSW
 2  18.1  26.1   16:48   9.7   04:21   2.6   2.4   0.0   0.7  10.0   15:17   WNW
 3  18.8  22.5   15:44  15.1   03:17   0.8   1.3   0.0   2.0  18.0   11:59   WSW
 4  16.6  20.7   17:12  12.1   05:55   2.0   0.3   0.0   2.4  16.0   13:51   WSW
 5  16.0  21.7   14:27  13.6   19:02   2.7   0.3   5.4   0.5   9.0   16:44   WSW
 6  17.3  22.4   16:28  12.5   02:49   2.0   1.0   0.2   1.2  11.0   13:56   WSW
 7  17.4  25.3   17:00   9.8   04:21   2.7   1.9   0.0   0.2   5.0   13:15   WNW
 8  19.4  27.1   16:51  12.2   05:53   1.6   2.7   0.0   0.6  10.0   17:50   WSW
 9  18.5  25.5   14:53  10.1   05:59   2.1   2.2   0.0   1.1  10.0   15:54   WSW
10  18.4  20.8   14:47  14.8   23:57   0.6   0.6   0.2   1.5  11.0   09:41   WSW
11  16.5  21.7   14:04  12.5   06:04   2.4   0.6   1.0   0.0   3.0   08:46     W
12  17.7  22.8   14:24  13.8   06:07   1.6   1.1   1.2   1.5  16.0   11:59     E
13  17.3  20.5   17:29  15.3   04:57   1.2   0.2   9.6   1.3  13.0   08:20     E
14  16.7  18.4   10:07  14.8   23:15   1.6   0.0   6.8   0.4  10.0   09:08   WSW
15  16.0  20.4   17:43  12.5   05:46   2.5   0.2   0.0   0.4   8.0   10:53   NNE
16  15.2  20.7   12:36   8.3   04:55   3.6   0.5   0.0   0.1   6.0   19:34   ENE
17  16.6  20.9   15:41  10.3   06:27   2.3   0.6   0.0   0.3   9.0   13:10    NE
18  15.5  19.3   16:52  11.9   05:59   2.8   0.1   0.0   0.3   9.0   13:36   WSW
19  15.3  19.5   11:55  11.4   04:17   3.1   0.1  10.0   0.9  10.0   10:28   WSW
20  17.6  20.1   14:00  14.9   00:00   1.1   0.4   0.4   1.1  10.0   12:19   WSW
21  20.2  25.8   15:53  15.6   23:55   0.4   2.3   0.0   1.6  15.0   12:15   WSW
22  21.2  29.8   15:32  12.6   05:36   1.5   4.4   0.0   0.9  10.0   13:58   ENE
23  18.1  22.4   00:00  12.3   23:51   1.0   0.7   2.6   1.2  10.0   10:33    SW
24  13.7  15.8   12:45  12.1   00:07   4.6   0.0  18.0   0.7  11.0   09:02   ENE
25  14.5  18.6   18:26  10.0   06:24   3.8   0.0   4.4   1.8  14.0   16:47   WSW
26  16.6  19.6   17:12  14.1   22:02   1.7   0.1  36.6   2.7  20.0   07:21   WSW
27  14.9  18.8   16:05  13.0   23:58   3.4   0.0   3.2   1.3  14.0   14:14   WSW
28  14.8  21.0   17:08   8.2   06:24   3.9   0.3   0.2   1.2  13.0   13:58   WSW
29  16.8  21.8   13:33  13.3   02:00   2.2   0.7   2.2   0.3  10.0   11:39   WSW
30  16.8  20.7   13:05  14.2   06:20   1.8   0.4   0.8   0.5   9.0   18:44   ENE
31  14.2  15.4   00:00  12.9   23:54   4.1   0.0  14.8   0.3   8.0   14:38    NE
----------------------------------------------------------------------------------
    16.8  29.8    22     6.3     1    71.8  26.0 117.6   1.0  20.0    26     WSW

Max >=  27.0:  2
Max <=   0.0:  0
Min <=   0.0:  0
Min <= -18.0:  0
Max Rain: 36.6 on day 26
Days of Rain: 18 (>= 0.2 mm)  11 (>= 2.0 mm)  1 (>= 20.0 mm)
Heat Base: 18.3  Cool Base: 18.3  Method: Integration