NOAA Style Reports for Camberley

camberley weather

Select a Year or Month report
V/Λ2018 > Jan Feb Mar Apr May Jun Jul Aug Sep Oct Nov Dec
V/Λ2017 > Jan Feb Mar Apr May Jun Jul Aug Sep Oct Nov Dec
V/Λ2016 > Jan Feb Mar Apr May Jun Jul Aug Sep Oct Nov Dec
V/Λ2015 > Jan Feb Mar Apr May Jun Jul Aug Sep Oct Nov Dec
V/Λ2014 > Jan Feb Mar Apr May Jun Jul Aug Sep Oct Nov Dec
V/Λ2013 > Jan Feb Mar Apr May Jun Jul Aug Sep Oct Nov Dec
V/Λ2012 > Jan Feb Mar Apr May Jun Jul Aug Sep Oct Nov Dec
V/Λ2011 > Jan Feb Mar Apr May Jun Jul Aug Sep Oct Nov Dec

Report for 2015 Jul
                   Monthly Climatological Summary for Jul 2015

Name: camberley weather   City: Camberley   County: Surrey   Country: UK, England
Elevation: 268 ft  Lat: N 51° 19' 55"   Lon: W 000° 45' 12"

                  Temperature (°C), Rain (mm), Wind Speed (kts)

                                      Heat  Cool        Avg
    Mean                              Deg   Deg         Wind                 Dom
Day Temp  High   Time   Low    Time   Days  Days  Rain  Speed High   Time    Dir
----------------------------------------------------------------------------------
 1  26.7  34.9   17:02  19.7   03:12   0.0   8.4   0.0   1.6  10.0   08:24     W
 2  19.1  24.7   16:27  14.0   23:59   0.6   1.4   0.0   0.7  11.0   15:50   WSW
 3  19.2  27.7   15:58   9.9   05:32   2.0   3.0   0.0   1.5  14.0   19:28     E
 4  20.4  25.7   15:36  14.9   23:53   0.4   2.5   3.0   1.8  14.0   17:31   WSW
 5  16.9  23.0   14:55  11.8   05:31   2.2   0.8   0.0   1.0  17.0   15:33   WSW
 6  17.1  22.9   16:09  10.8   03:19   2.3   1.1   0.0   1.7  14.0   18:46   WSW
 7  17.4  22.2   16:05  13.8   01:53   1.7   0.7   0.0   2.1  16.0   13:11   WSW
 8  16.6  21.1   15:28  13.2   06:03   2.2   0.5   0.2   2.5  17.0   13:26     W
 9  16.4  23.5   17:51   8.8   04:57   3.1   1.2   0.0   0.8  10.0   12:13   WNW
10  18.8  26.0   15:45  10.5   05:04   1.9   2.4   0.0   0.8  13.0   11:33     W
11  18.6  24.3   14:28  11.7   05:27   1.4   1.7   0.0   1.4  15.0   15:19   WSW
12  17.1  20.6   16:13  14.3   03:22   1.5   0.3   1.0   2.0  16.0   17:16   WSW
13  17.2  19.6   15:44  15.8   06:31   1.2   0.1   3.0   1.6  16.0   16:39   WSW
14  17.8  22.2   16:17  15.6   04:20   1.1   0.6   0.8   1.1   8.0   12:46   WSW
15  18.5  23.4   15:49  15.4   23:58   0.8   1.0   0.8   0.5   6.0   00:39   NNW
16  18.4  25.0   15:34  13.2   04:13   1.5   1.6   4.2   1.3  11.0   20:26     E
17  18.5  23.8   14:19  14.2   03:26   1.2   1.4   0.2   1.8  18.0   13:08   WSW
18  16.6  23.7   16:13  10.3   05:39   2.7   1.0   0.0   1.1  13.0   18:31   WSW
19  18.4  24.8   16:48  13.5   06:35   1.8   1.8   0.6   1.5  16.0   14:22   WSW
20  17.5  21.9   15:48  12.6   01:42   1.6   0.7   1.0   1.4  17.0   16:08   WSW
21  18.3  24.8   14:03  11.8   05:49   1.8   1.8   0.0   2.0  17.0   17:28   WSW
22  17.1  21.5   11:46  13.1   23:58   1.8   0.6   0.8   1.3  15.0   12:59   WSW
23  15.7  21.6   15:40   8.7   05:27   3.2   0.5   0.0   0.7  10.0   13:07   WSW
24  13.7  15.7   00:00  11.8   23:19   4.6   0.0  31.4   0.9  13.0   17:37   ENE
25  14.9  21.2   18:27   9.9   05:51   3.8   0.3   1.4   1.3  13.0   14:26   NNE
26  13.2  16.9   18:41  10.0   03:12   5.1   0.0   5.6   1.2  14.0   11:43     W
27  16.2  18.8   12:53  13.9   23:32   2.1   0.0   0.6   3.1  16.0   11:49   WSW
28  15.5  19.7   17:40  11.7   23:53   3.0   0.1   0.0   2.7  17.0   08:45   WSW
29  13.2  18.0   15:12   8.8   05:25   5.1   0.0   0.8   0.6  10.0   09:10     W
30  13.4  20.2   17:11   7.4   03:58   5.0   0.1   0.0   0.5  10.0   08:56   NNE
31  14.2  22.7   17:36   4.9   04:59   4.6   0.7   0.0   0.5  10.0   16:29   WSW
----------------------------------------------------------------------------------
    17.2  34.9     1     4.9    31    71.3  36.3  55.4   1.4  18.0    17     WSW

Max >=  27.0:  2
Max <=   0.0:  0
Min <=   0.0:  0
Min <= -18.0:  0
Max Rain: 31.4 on day 24
Days of Rain: 16 (>= 0.2 mm)  5 (>= 2.0 mm)  1 (>= 20.0 mm)
Heat Base: 18.3  Cool Base: 18.3  Method: Integration