NOAA Style Reports for Camberley

camberley weather

Select a Year or Month report

Report for 2015 May
                   Monthly Climatological Summary for May 2015

Name: camberley weather   City: Camberley   County: Surrey   Country: UK, England
Elevation: 268 ft  Lat: N 51° 19' 55"   Lon: W 000° 45' 12"

                  Temperature (°C), Rain (mm), Wind Speed (kts)

                                      Heat  Cool        Avg
    Mean                              Deg   Deg         Wind                 Dom
Day Temp  High   Time   Low    Time   Days  Days  Rain  Speed High   Time    Dir
----------------------------------------------------------------------------------
 1   8.7  12.7   14:16   5.5   05:11   9.6   0.0   0.0   2.2  15.0   08:34     E
 2   9.6  15.1   14:37   5.1   00:42   8.7   0.0   0.8   1.8  11.0   10:25     E
 3  13.5  19.1   14:10   8.9   00:00   4.8   0.0   3.4   2.9  23.0   17:45   WSW
 4  13.3  17.8   14:49  10.1   06:09   5.0   0.0   5.2   2.2  14.0   00:06    SW
 5  13.1  15.0   15:16  10.8   23:55   5.2   0.0   1.6   4.9  28.0   12:43   WSW
 6  10.9  14.1   16:09   7.3   05:32   7.4   0.0   7.8   4.4  22.0   16:55   WSW
 7  11.7  16.6   14:10   7.8   05:49   6.6   0.0   0.0   2.1  13.0   15:57   WSW
 8  11.8  17.1   13:17   7.1   01:59   6.5   0.0   0.0   1.1  12.0   22:24     W
 9  13.2  18.4   17:17   8.0   23:48   5.0   0.0   0.0   2.6  17.0   04:26   WSW
10  13.4  18.3   16:03   7.7   00:41   4.9   0.0   0.0   1.6  11.0   11:29   WSW
11  14.6  20.2   15:34  10.3   05:50   3.9   0.2   0.0   1.7  13.0   14:36   WSW
12  12.6  17.9   16:24   7.6   23:58   5.7   0.0   0.0   1.5  17.0   13:13   WSW
13  12.7  20.9   16:11   2.8   05:32   5.9   0.3   0.0   0.6  10.0   19:28   ENE
14   8.9  11.3   00:00   7.7   22:27   9.4   0.0  12.8   1.8  17.0   11:59     E
15  10.5  14.6   15:33   6.9   04:05   7.8   0.0   0.0   1.2  11.0   03:23     W
16  14.1  18.9   16:12   8.2   23:55   4.3   0.0   0.0   1.6  12.0   09:36   NNW
17  11.3  16.5   13:41   4.3   05:24   7.0   0.0   0.0   1.4  13.0   11:59   WSW
18  11.0  15.6   15:58   7.2   22:09   7.3   0.0   1.8   2.8  21.0   13:06   WSW
19   8.9  13.9   13:50   4.7   23:54   9.4   0.0   6.6   2.3  16.0   15:44   WSW
20   9.3  15.6   14:18   2.1   05:10   9.0   0.0   0.2   0.8  10.0   15:00   NNE
21  12.2  20.5   16:50   2.3   04:55   6.3   0.2   0.0   1.1  13.0   13:07   WSW
22  13.2  20.9   17:46   5.7   05:16   5.2   0.1   0.0   0.4   8.0   10:38   WSW
23  15.1  18.7   12:52  11.8   05:28   3.2   0.0   0.0   1.0  10.0   14:40   ENE
24  15.2  19.3   14:03  10.4   05:33   3.2   0.0   0.0   1.0   9.0   10:28   WSW
25  12.9  17.7   14:22   6.6   05:28   5.4   0.0   0.0   0.7   9.0   12:29   NNE
26  12.8  19.3   16:09   6.4   05:33   5.5   0.0   0.0   0.8  11.0   15:04   NNE
27  13.1  20.3   15:26   6.3   05:06   5.4   0.1   0.0   1.4  12.0   14:21   WSW
28  13.5  18.0   16:26   9.3   23:50   4.8   0.0   0.0   2.0  15.0   13:41   WSW
29  10.3  14.7   17:11   6.0   23:59   8.0   0.0   6.8   1.6  14.0   11:49   WSW
30  11.4  17.9   16:08   4.7   02:27   6.9   0.0   0.0   1.5  14.0   18:06   WSW
31  12.5  15.7   15:48   7.7   23:53   5.8   0.0   3.2   2.3  15.0   16:01   WSW
----------------------------------------------------------------------------------
    12.1  20.9    13     2.1    20   193.1   0.9  50.2   1.8  28.0     5     WSW

Max >=  27.0:  0
Max <=   0.0:  0
Min <=   0.0:  0
Min <= -18.0:  0
Max Rain: 12.8 on day 14
Days of Rain: 11 (>= 0.2 mm)  7 (>= 2.0 mm)  0 (>= 20.0 mm)
Heat Base: 18.3  Cool Base: 18.3  Method: Integration