NOAA style

NOAA Style Reports for Camberley

camberley weather

Select a Year or Month report
V/Λ2018 > Jan Feb Mar Apr May Jun Jul Aug Sep Oct Nov Dec
V/Λ2017 > Jan Feb Mar Apr May Jun Jul Aug Sep Oct Nov Dec
V/Λ2016 > Jan Feb Mar Apr May Jun Jul Aug Sep Oct Nov Dec
V/Λ2015 > Jan Feb Mar Apr May Jun Jul Aug Sep Oct Nov Dec
V/Λ2014 > Jan Feb Mar Apr May Jun Jul Aug Sep Oct Nov Dec
V/Λ2013 > Jan Feb Mar Apr May Jun Jul Aug Sep Oct Nov Dec
V/Λ2012 > Jan Feb Mar Apr May Jun Jul Aug Sep Oct Nov Dec
V/Λ2011 > Jan Feb Mar Apr May Jun Jul Aug Sep Oct Nov Dec

Report for 2015 Apr
                   Monthly Climatological Summary for Apr 2015

Name: camberley weather   City: Camberley   County: Surrey   Country: UK, England
Elevation: 268 ft  Lat: N 51° 19' 55"   Lon: W 000° 45' 12"

                  Temperature (°C), Rain (mm), Wind Speed (kts)

                                      Heat  Cool        Avg
    Mean                              Deg   Deg         Wind                 Dom
Day Temp  High   Time   Low    Time   Days  Days  Rain  Speed High   Time    Dir
----------------------------------------------------------------------------------
 1   6.8  10.8   13:41   2.6   06:40  11.5   0.0   1.0   2.4  23.0   15:02   WSW
 2   8.5  11.4   16:10   5.2   07:44   9.8   0.0   1.8   1.4  18.0   01:46   WSW
 3   9.3  12.2   13:28   6.3   00:00   9.0   0.0   6.4   0.1   7.0   23:10     N
 4   7.7   9.6   14:02   4.8   23:57  10.6   0.0   0.4   1.2  17.0   12:56    NE
 5   8.3  13.0   13:23   3.6   00:50  10.0   0.0   0.0   0.4  10.0   12:18     E
 6   8.7  17.8   14:28  -0.3   06:38   9.6   0.0   0.0   1.0  13.0   15:09   ENE
 7  10.0  19.1   15:52   0.9   06:38   8.3   0.0   0.0   0.3   5.0   16:04     N
 8  10.5  18.6   15:58   2.4   06:18   7.8   0.0   0.0   0.3   6.0   11:43   WSW
 9  11.5  20.0   16:52   3.8   05:21   6.9   0.1   0.0   0.3   8.0   18:57   ESE
10  12.1  21.4   16:23   2.7   06:08   6.6   0.4   0.0   0.9  12.0   15:53   WSW
11  10.2  14.2   15:02   4.3   23:59   8.1   0.0   1.4   2.0  17.0   14:39     W
12   9.7  17.3   15:37   1.5   04:57   8.6   0.0   0.0   2.5  19.0   10:47   WSW
13  11.0  18.1   17:15   7.3   23:40   7.3   0.0   0.0   0.8  10.0   14:42   WSW
14  13.0  22.3   16:12   5.4   06:56   6.0   0.7   0.0   1.3  14.0   15:55   WSW
15  16.0  25.0   16:35   6.6   05:31   4.1   1.9   0.0   0.8  10.0   13:44     W
16  12.0  17.9   15:01   8.1   05:50   6.3   0.0   0.0   2.1  14.0   16:03     E
17  10.7  15.0   14:10   7.6   23:51   7.6   0.0   0.0   2.9  16.0   10:24     E
18   9.2  14.8   15:51   4.3   05:33   9.1   0.0   0.0   3.1  19.0   14:26     E
19   7.7  11.4   14:10   3.9   06:03  10.6   0.0   0.0   1.6  15.0   04:09   ENE
20  10.8  19.3   14:57   1.9   05:11   7.5   0.0   0.0   1.4  12.0   11:02     E
21  11.4  19.0   17:00   3.2   06:16   7.0   0.0   0.0   1.4  13.0   18:35     E
22  10.2  16.1   13:51   3.6   05:26   8.1   0.0   0.0   2.0  18.0   10:45     E
23  11.5  20.6   17:08   4.4   00:47   6.9   0.1   0.0   0.8   9.0   10:48     E
24  10.8  17.3   15:14   3.5   05:39   7.5   0.0   1.0   1.6  13.0   16:21   WSW
25  12.7  17.4   16:11  10.5   04:40   5.5   0.0   2.0   1.7  15.0   13:34   WSW
26   8.9  10.9   00:00   5.7   22:11   9.4   0.0   2.4   0.9  10.0   12:27    NE
27   7.5  13.2   14:13  -0.1   06:05  10.8   0.0   0.0   0.8  12.0   19:45     W
28   7.7  13.2   14:32   1.9   05:37  10.6   0.0   0.0   1.7  16.0   11:17   WSW
29   8.5  13.7   17:43   3.7   23:43   9.8   0.0   2.8   1.9  16.0   10:08   WSW
30   9.2  15.8   15:19   4.3   05:37   9.1   0.0   0.0   1.6  15.0   10:55     W
----------------------------------------------------------------------------------
    10.1  25.0    15    -0.3     6   250.0   3.2  19.2   1.4  23.0     1      SW

Max >=  27.0:  0
Max <=   0.0:  0
Min <=   0.0:  2
Min <= -18.0:  0
Max Rain: 6.4 on day 3
Days of Rain: 9 (>= 0.2 mm)  4 (>= 2.0 mm)  0 (>= 20.0 mm)
Heat Base: 18.3  Cool Base: 18.3  Method: Integration