NOAA style

NOAA Style Reports for Camberley

camberley weather

Select a Year or Month report
V/Λ2018 > Jan Feb Mar Apr May Jun Jul Aug Sep Oct Nov Dec
V/Λ2017 > Jan Feb Mar Apr May Jun Jul Aug Sep Oct Nov Dec
V/Λ2016 > Jan Feb Mar Apr May Jun Jul Aug Sep Oct Nov Dec
V/Λ2015 > Jan Feb Mar Apr May Jun Jul Aug Sep Oct Nov Dec
V/Λ2014 > Jan Feb Mar Apr May Jun Jul Aug Sep Oct Nov Dec
V/Λ2013 > Jan Feb Mar Apr May Jun Jul Aug Sep Oct Nov Dec
V/Λ2012 > Jan Feb Mar Apr May Jun Jul Aug Sep Oct Nov Dec
V/Λ2011 > Jan Feb Mar Apr May Jun Jul Aug Sep Oct Nov Dec

Report for 2015 Mar
                   Monthly Climatological Summary for Mar 2015

Name: camberley weather   City: Camberley   County: Surrey   Country: UK, England
Elevation: 268 ft  Lat: N 51° 19' 55"   Lon: W 000° 45' 12"

                  Temperature (°C), Rain (mm), Wind Speed (kts)

                                      Heat  Cool        Avg
    Mean                              Deg   Deg         Wind                 Dom
Day Temp  High   Time   Low    Time   Days  Days  Rain  Speed High   Time    Dir
----------------------------------------------------------------------------------
 1   7.7  11.4   14:22   3.3   23:36  10.6   0.0   2.6   3.8  21.0   10:33   WSW
 2   4.6   8.7   15:26   2.1   03:29  13.7   0.0   0.0   3.0  20.0   12:26   WSW
 3   5.1   9.3   14:21   2.4   03:05  13.2   0.0   0.0   2.6  17.0   14:13   WSW
 4   4.4   9.3   12:49  -0.2   23:53  13.9   0.0   0.0   1.0  13.0   12:54   NNW
 5   4.9  12.1   14:15  -2.7   05:50  13.4   0.0   0.0   0.9  11.0   13:34   WSW
 6   7.5  12.1   15:13   2.8   05:54  10.8   0.0   0.0   2.0  17.0   12:55   WSW
 7   9.1  14.7   14:03   5.9   02:06   9.2   0.0   0.0   2.4  15.0   08:36   WSW
 8   8.3  12.4   12:23   3.3   23:37  10.0   0.0   0.0   1.7  11.0   05:29   WSW
 9   6.3   9.6   20:38   0.7   04:40  12.0   0.0   0.0   1.6  16.0   17:10   WSW
10   6.5  11.8   16:26   2.3   05:51  11.8   0.0   0.2   0.3   7.0   10:00    NE
11   7.6  13.3   14:18   2.4   06:04  10.7   0.0   0.0   0.8  10.0   10:52    NW
12   9.5  13.3   12:58   5.8   06:36   8.8   0.0   0.0   0.9  13.0   15:20   NNW
13   8.3  11.5   13:24   3.7   23:24  10.0   0.0   0.0   1.4  13.0   11:34     E
14   4.9   7.5   17:01   1.2   04:28  13.4   0.0   0.0   1.7  17.0   12:02   ENE
15   5.0   6.3   13:12   4.0   03:07  13.3   0.0   0.4   1.3  10.0   11:03   ENE
16   4.9   7.3   12:54   2.4   23:44  13.4   0.0   4.0   0.5   8.0   08:41     E
17   7.0  12.3   15:40   2.5   00:00  11.3   0.0   0.2   0.3   5.0   01:57   ENE
18   6.3  11.6   13:51   2.5   04:33  12.0   0.0   0.0   1.0  12.0   14:11   ENE
19   6.0   6.9   14:54   4.9   06:58  12.3   0.0   0.0   1.2  10.0   00:02    NE
20   6.6  13.2   17:12   4.0   09:40  11.7   0.0   0.0   0.6   8.0   03:28    NE
21   6.5   8.2   12:01   3.4   06:26  11.8   0.0   0.0   1.5  19.0   13:41    NE
22   5.7  10.6   15:21  -0.3   23:50  12.6   0.0   0.0   1.3  10.0   00:24   ENE
23   6.6  11.7   14:26  -0.8   00:59  11.7   0.0   0.0   0.7   9.0   09:15     W
24   5.7  11.0   15:41   1.4   23:55  12.6   0.0   0.6   0.4   7.0   00:06     N
25   3.6  10.6   14:34  -2.1   05:47  14.7   0.0   0.2   0.3   8.0   12:29   NNE
26   7.3  13.3   12:54   2.9   00:00  11.0   0.0   3.8   1.8  16.0   04:29    NW
27   7.3  13.6   15:51   1.2   06:24  11.0   0.0   0.0   0.9  10.0   11:26   WSW
28  10.7  13.8   11:03   7.7   01:35   7.6   0.0   0.0   3.4  19.0   23:37   WSW
29  10.6  13.7   16:37   8.3   23:55   7.3   0.0   3.0   4.4  23.0   13:35   WSW
30   8.5  11.9   23:33   4.7   04:54   9.8   0.0   0.2   2.6  17.0   21:27   WSW
31  10.2  13.2   14:27   5.3   23:56   8.1   0.0   0.8   3.9  31.0   03:16     W
----------------------------------------------------------------------------------
     6.9  14.7     7    -2.7     5   353.7   0.0  16.0   1.6  31.0    31       W

Max >=  27.0:  0
Max <=   0.0:  0
Min <=   0.0:  5
Min <= -18.0:  0
Max Rain: 4.0 on day 16
Days of Rain: 11 (>= 0.2 mm)  4 (>= 2.0 mm)  0 (>= 20.0 mm)
Heat Base: 18.3  Cool Base: 18.3  Method: Integration