NOAA Style Reports for Camberley

camberley weather

Select a Year or Month report
V/Λ2018 > Jan Feb Mar Apr May Jun Jul Aug Sep Oct Nov Dec
V/Λ2017 > Jan Feb Mar Apr May Jun Jul Aug Sep Oct Nov Dec
V/Λ2016 > Jan Feb Mar Apr May Jun Jul Aug Sep Oct Nov Dec
V/Λ2015 > Jan Feb Mar Apr May Jun Jul Aug Sep Oct Nov Dec
V/Λ2014 > Jan Feb Mar Apr May Jun Jul Aug Sep Oct Nov Dec
V/Λ2013 > Jan Feb Mar Apr May Jun Jul Aug Sep Oct Nov Dec
V/Λ2012 > Jan Feb Mar Apr May Jun Jul Aug Sep Oct Nov Dec
V/Λ2011 > Jan Feb Mar Apr May Jun Jul Aug Sep Oct Nov Dec

Report for 2015 Feb
                   Monthly Climatological Summary for Feb 2015

Name: camberley weather   City: Camberley   County: Surrey   Country: UK, England
Elevation: 268 ft  Lat: N 51° 19' 55"   Lon: W 000° 45' 12"

                  Temperature (°C), Rain (mm), Wind Speed (kts)

                                      Heat  Cool        Avg
    Mean                              Deg   Deg         Wind                 Dom
Day Temp  High   Time   Low    Time   Days  Days  Rain  Speed High   Time    Dir
----------------------------------------------------------------------------------
 1   2.3   4.8   12:26  -2.8   23:51  16.0   0.0   0.0   1.8  15.0   13:41   NNE
 2  -1.5   2.1   13:38  -4.6   03:02  19.8   0.0   0.0   0.0   5.0   14:14   NNE
 3   0.6   3.2   15:25  -2.7   00:00  17.7   0.0   1.0   0.7  10.0   13:50    NE
 4   1.5   3.7   13:27  -0.6   04:25  16.8   0.0   0.0   0.7  10.0   11:37   NNE
 5   1.6   3.5   14:16   0.2   23:42  16.7   0.0   0.6   0.9  10.0   19:25    NE
 6   1.6   4.7   13:58  -0.8   02:22  16.7   0.0   0.0   2.4  20.0   13:01   ENE
 7   2.6   5.1   12:11  -1.1   04:48  15.7   0.0   0.0   0.9  10.0   13:00    NE
 8   2.6   7.9   15:26  -1.2   06:43  14.4   0.0   0.0   0.3   8.0   11:33   NNE
 9   4.8   8.7   14:52  -0.8   08:53   8.5   0.0   0.0   0.1   5.0   00:25   NNE
10   3.6   6.2   14:09   0.3   01:51  14.6   0.0   0.0   0.1   7.0   21:16     E
11   4.5   5.4   14:03   3.7   23:32  13.8   0.0   0.0   0.1   8.0   02:42     E
12   3.3   4.2   14:02   2.1   21:10  15.0   0.0   0.0   0.1   6.0   23:57   ESE
13   6.0   8.2   10:30   2.1   00:00  12.3   0.0   8.0   1.6  18.0   17:56   WNW
14   5.8   7.7   14:36   3.8   07:25  12.5   0.0   2.0   0.5   8.0   20:12     E
15   5.5  10.2   15:29   0.2   23:08  12.8   0.0   0.0   0.3   8.0   02:20   ENE
16   4.6   7.3   12:43   0.6   00:00  13.7   0.0   4.8   0.3  10.0   17:19     N
17   3.0   8.6   15:36  -1.3   07:35  15.3   0.0   0.2   0.3   7.0   15:52   NNE
18   4.0   9.9   14:08  -1.7   02:41  14.3   0.0   0.2   1.5  14.0   17:23   WSW
19   6.3   7.8   09:57   4.7   03:06  12.0   0.0   5.6   2.6  16.0   10:06   WSW
20   4.8   6.7   00:00   1.3   23:57  13.5   0.0   1.4   0.2   7.0   02:49   WSW
21   2.6   6.6   13:34  -1.9   23:36  15.7   0.0   1.4   0.4   9.0   12:54   NNE
22   2.7   9.4   22:24  -3.8   06:34  15.6   0.0   6.2   2.4  19.0   23:07   WSW
23   5.1   8.2   00:00   3.4   07:16  13.2   0.0   0.4   3.5  17.0   11:01   WSW
24   5.7   9.5   14:40   2.8   05:56  12.6   0.0   1.6   2.4  16.0   00:56   WSW
25   8.7  13.0   15:49   4.7   00:00   9.6   0.0   0.4   0.8  10.0   05:18   WSW
26   7.9  11.0   13:13   0.8   23:56  10.4   0.0   3.4   1.4  15.0   09:31   WSW
27   4.0  10.6   15:45  -1.3   06:04  14.3   0.0   0.2   0.8  12.0   16:02   WSW
28   7.9  10.7   23:40   5.4   00:00  10.4   0.0   2.2   3.1  17.0   19:12   WSW
----------------------------------------------------------------------------------
     4.0  13.0    25    -4.6     2   393.9   0.0  39.6   1.1  20.0     6       W

Max >=  27.0:  0
Max <=   0.0:  0
Min <=   0.0: 13
Min <= -18.0:  0
Max Rain: 8.0 on day 13
Days of Rain: 17 (>= 0.2 mm)  7 (>= 2.0 mm)  0 (>= 20.0 mm)
Heat Base: 18.3  Cool Base: 18.3  Method: Integration