NOAA Style Reports for Camberley

camberley weather

Select a Year or Month report

Report for 2015 Jan
                   Monthly Climatological Summary for Jan 2015

Name: camberley weather   City: Camberley   County: Surrey   Country: UK, England
Elevation: 268 ft  Lat: N 51° 19' 55"   Lon: W 000° 45' 12"

                  Temperature (°C), Rain (mm), Wind Speed (kts)

                                      Heat  Cool        Avg
    Mean                              Deg   Deg         Wind                 Dom
Day Temp  High   Time   Low    Time   Days  Days  Rain  Speed High   Time    Dir
----------------------------------------------------------------------------------
 1   8.8  11.7   23:40   4.9   00:00   9.5   0.0   1.2   3.7  21.0   22:23   WSW
 2   7.4  12.4   02:33   2.3   22:32  10.9   0.0   0.8   1.6  18.0   00:29   WSW
 3   4.5   8.3   13:32   2.6   23:58  13.8   0.0   9.2   0.6  10.0   08:14   ENE
 4   1.2   2.7   15:57  -1.2   03:52  17.1   0.0   0.0   0.1   3.0   08:28   WSW
 5   6.5   9.6   13:17   2.6   00:00  11.8   0.0   0.0   0.5   8.0   18:53   WSW
 6   6.2  10.1   11:02   0.5   23:58  12.1   0.0   0.8   1.0  11.0   13:57   WSW
 7   5.5   9.7   23:50   0.1   01:34  12.8   0.0   0.6   2.2  17.0   12:47   WSW
 8   8.5  11.2   03:54   6.2   19:05   9.8   0.0  12.0   1.9  15.0   00:35   WSW
 9  11.6  14.4   19:19   8.7   00:00   6.6   0.0   1.0   5.2  23.0   19:33   WSW
10   8.9  12.8   00:34   3.1   22:46   9.4   0.0   1.6   4.2  23.0   10:43   WSW
11   5.6   8.3   12:54   2.5   03:56  12.7   0.0   0.0   2.9  17.0   17:59   WSW
12   9.9  11.3   13:42   7.8   00:00   8.4   0.0   7.2   4.2  22.0   10:39   WSW
13   8.1  11.1   00:00   5.4   17:00   7.2   0.0   4.6   2.7  22.0   12:45   WSW
14   5.0   8.9   23:57   2.1   07:08  13.1   0.0   3.4   3.8  23.0   21:02   WSW
15   7.3  10.4   02:32   4.6   20:54  11.0   0.0   9.4   5.0  25.0   01:20   WSW
16   3.9   7.8   14:28  -2.7   23:51  14.4   0.0   0.0   1.1  16.0   00:42   WSW
17   1.1   6.3   13:44  -3.7   06:16  17.2   0.0   0.2   0.4  10.0   11:58   WSW
18   1.1   3.4   13:09  -2.4   22:28  17.2   0.0   1.6   0.1   4.0   11:37   NNE
19   0.3   4.4   14:14  -3.7   23:59  18.0   0.0   0.0   0.0   4.0   12:04    NW
20  -0.5   3.6   20:17  -5.6   06:40  18.8   0.0   0.2   0.4   9.0   22:18    NW
21   2.9   3.5   13:22   2.0   23:37  15.4   0.0   1.0   1.1  10.0   00:09   ENE
22  -0.1   4.1   14:07  -4.4   23:56  18.4   0.0   0.0   0.1   6.0   12:08     E
23   0.2   7.8   23:45  -6.5   06:11  18.1   0.0   0.6   1.0  12.0   21:42   WSW
24   3.7   8.4   01:16   0.1   23:37  14.7   0.0   1.6   0.8  11.0   00:20     N
25   3.9   7.9   14:36  -2.2   05:41  14.4   0.0   0.0   1.0  12.0   14:45   WSW
26   7.2   9.5   10:59   1.8   23:35  11.1   0.0   0.8   1.1  10.0   03:35     W
27   5.0   8.7   14:18   1.2   01:57  13.3   0.0   0.0   0.7  10.0   23:50   WSW
28   6.0  10.1   10:04   1.7   23:42  12.3   0.0   1.2   3.4  22.0   11:28   WSW
29   2.2   5.7   12:50   0.3   18:55  16.1   0.0   0.0   2.6  16.0   12:36   WSW
30   2.7   6.4   13:01  -0.4   23:54  15.6   0.0   1.0   1.1  10.0   00:54   WNW
31   2.1   4.7   15:03  -0.8   00:09  16.2   0.0   2.6   1.4  13.0   14:55   NNE
----------------------------------------------------------------------------------
     4.7  14.4     9    -6.5    23   417.4   0.0  62.6   1.8  25.0    15     WSW

Max >=  27.0:  0
Max <=   0.0:  0
Min <=   0.0: 11
Min <= -18.0:  0
Max Rain: 12.0 on day 8
Days of Rain: 22 (>= 0.2 mm)  7 (>= 2.0 mm)  0 (>= 20.0 mm)
Heat Base: 18.3  Cool Base: 18.3  Method: Integration