NOAA Style Reports for Camberley

camberley weather

Select a Year or Month report
V/Λ2018 > Jan Feb Mar Apr May Jun Jul Aug Sep Oct Nov Dec
V/Λ2017 > Jan Feb Mar Apr May Jun Jul Aug Sep Oct Nov Dec
V/Λ2016 > Jan Feb Mar Apr May Jun Jul Aug Sep Oct Nov Dec
V/Λ2015 > Jan Feb Mar Apr May Jun Jul Aug Sep Oct Nov Dec
V/Λ2014 > Jan Feb Mar Apr May Jun Jul Aug Sep Oct Nov Dec
V/Λ2013 > Jan Feb Mar Apr May Jun Jul Aug Sep Oct Nov Dec
V/Λ2012 > Jan Feb Mar Apr May Jun Jul Aug Sep Oct Nov Dec
V/Λ2011 > Jan Feb Mar Apr May Jun Jul Aug Sep Oct Nov Dec

Report for 2014 Dec
                   Monthly Climatological Summary for Dec 2014

Name: camberley weather   City: Camberley   County: Surrey   Country: UK, England
Elevation: 268 ft  Lat: N 51° 19' 55"   Lon: W 000° 45' 12"

                  Temperature (°C), Rain (mm), Wind Speed (kts)

                                      Heat  Cool        Avg
    Mean                              Deg   Deg         Wind                 Dom
Day Temp  High   Time   Low    Time   Days  Days  Rain  Speed High   Time    Dir
----------------------------------------------------------------------------------
 1   6.8   9.3   00:00   5.5   21:16  11.5   0.0   0.0   1.1  13.0   06:23    NE
 2   6.1   7.1   08:37   4.9   23:55  12.1   0.0   1.0   1.9  14.0   15:38   NNE
 3   5.0   7.9   12:58   2.5   07:59  13.3   0.0   0.0   1.2  15.0   14:32    NE
 4   3.8   5.5   01:39   3.0   22:22  14.5   0.0   2.2   0.7  15.0   03:05     E
 5   2.8   5.6   14:29   0.1   21:05  15.5   0.0   0.4   0.1   4.0   15:33   NNE
 6   0.7   6.2   15:10  -2.7   05:39  17.6   0.0   0.0   0.1   7.0   23:23   WSW
 7   6.4  10.9   12:43   0.4   23:46  11.9   0.0   0.0   1.9  15.0   12:05   WSW
 8   3.0   6.6   13:10  -0.3   00:56  15.3   0.0   0.0   0.5  13.0   14:16     N
 9   4.0  11.2   23:06  -2.6   04:51  14.3   0.0   1.4   1.8  21.0   17:18   WSW
10   7.1  11.7   01:10   5.2   19:03  11.2   0.0   1.4   3.1  18.0   02:28   WSW
11   7.1   9.2   23:19   5.2   00:36  11.2   0.0   0.0   3.9  19.0   07:34   WSW
12   6.2  10.1   05:13   0.6   23:53  12.1   0.0  12.0   2.3  19.0   04:24   WSW
13   0.5   6.2   14:08  -2.3   22:04  17.8   0.0   0.0   0.0   4.0   13:35   NNE
14   4.7   9.4   21:43  -2.4   00:27  13.6   0.0   0.4   1.8  14.0   19:54   WSW
15   5.8   8.9   00:00   0.4   23:57  12.5   0.0   0.8   0.7  10.0   00:09   WSW
16   3.0   6.9   13:48  -1.1   07:06  15.3   0.0   4.8   0.3   6.0   12:18   WSW
17  11.0  12.5   12:21   6.6   00:00   7.3   0.0   6.6   2.3  15.0   01:04   WSW
18  12.1  12.8   12:30  11.6   20:40   6.2   0.0   0.2   4.0  17.0   03:10   WSW
19   8.8  12.2   00:09   4.3   23:59   9.5   0.0   1.6   2.5  17.0   00:56   WSW
20   5.9   8.9   12:37   2.4   23:05  12.4   0.0   0.0   1.4  18.0   12:27   WSW
21   8.3  11.4   23:02   2.6   00:09  10.0   0.0   0.0   3.5  23.0   21:36   WSW
22  11.9  12.8   07:31  10.7   19:54   6.4   0.0   0.0   4.5  21.0   00:36   WSW
23  11.0  12.4   11:53  10.0   20:47   7.3   0.0   0.0   4.2  22.0   07:53   WSW
24   7.6  11.1   06:06   3.3   21:52  10.7   0.0   1.0   1.9  15.0   01:48   WSW
25   3.4   7.9   14:45  -0.9   23:58  14.9   0.0   0.0   0.4   8.0   12:18     W
26   2.2   8.9   21:24  -1.9   01:14  16.1   0.0   7.8   0.7  12.0   21:26     W
27   2.4   8.3   00:00  -0.2   22:53  15.9   0.0   0.6   2.0  21.0   05:46   NNE
28   0.5   5.6   14:08  -4.0   23:29  17.8   0.0   0.2   0.6  10.0   12:44    NE
29  -1.7   4.8   13:51  -5.4   02:10  20.0   0.0   0.2   0.0   4.0   11:46   NNE
30  -1.4   4.8   15:00  -5.2   04:55  19.7   0.0   0.0   0.0   6.0   15:11   WSW
31   2.4   7.5   13:21  -3.2   00:26  15.9   0.0   0.2   0.8  10.0   20:04   WSW
----------------------------------------------------------------------------------
     5.1  12.8    18    -5.4    29   409.8   0.0  42.8   1.6  23.0    21     WSW

Max >=  27.0:  0
Max <=   0.0:  0
Min <=   0.0: 13
Min <= -18.0:  0
Max Rain: 12.0 on day 12
Days of Rain: 18 (>= 0.2 mm)  5 (>= 2.0 mm)  0 (>= 20.0 mm)
Heat Base: 18.3  Cool Base: 18.3  Method: Integration