NOAA Style Reports for Camberley

camberley weather

Select a Year or Month report

Report for 2014 Nov
                   Monthly Climatological Summary for Nov 2014

Name: camberley weather   City: Camberley   County: Surrey   Country: UK, England
Elevation: 268 ft  Lat: N 51° 19' 55"   Lon: W 000° 45' 12"

                  Temperature (°C), Rain (mm), Wind Speed (kts)

                                      Heat  Cool        Avg
    Mean                              Deg   Deg         Wind                 Dom
Day Temp  High   Time   Low    Time   Days  Days  Rain  Speed High   Time    Dir
----------------------------------------------------------------------------------
 1  14.6  16.7   13:53  12.4   18:40   3.7   0.0   0.6   2.2  16.0   22:43   WSW
 2  13.1  15.4   14:18   9.6   22:25   5.2   0.0  11.0   2.6  17.0   09:28   WSW
 3   7.9  10.2   00:19   4.3   22:07  10.4   0.0   7.4   0.7  11.0   06:43   WSW
 4   5.6  11.4   12:42   1.2   06:44  12.6   0.0  15.0   0.1   7.0   14:08     N
 5   5.4   9.9   13:29   0.6   23:31  12.9   0.0   0.2   0.3   7.0   10:51   NNE
 6   6.1  11.2   13:40  -1.1   03:34  12.2   0.0   1.8   1.2  13.0   12:58   WNW
 7  10.6  12.7   04:29   7.9   19:46   7.7   0.0  10.2   2.7  19.0   10:35   WSW
 8  10.0  13.7   13:03   6.4   04:46   8.3   0.0   3.2   1.7  17.0   11:39   WSW
 9   7.6  12.9   14:09   4.6   08:28  10.7   0.0   0.0   0.2   9.0   13:36   WSW
10   9.2  12.1   14:34   4.8   00:00   9.1   0.0   0.4   1.0  10.0   11:23     W
11  11.1  12.7   11:09  10.2   07:14   7.2   0.0   3.2   1.9  15.0   07:51   NNW
12  10.5  12.9   13:39   9.3   19:24   7.8   0.0   7.4   0.9  15.0   13:54   WSW
13  11.4  12.7   17:00   9.2   04:25   6.9   0.0   0.6   1.3  11.0   22:53   NNW
14  11.0  14.6   13:42   7.1   22:21   7.3   0.0  12.6   1.1  13.0   09:20   WNW
15   9.0  13.3   14:09   6.8   06:14   9.3   0.0   0.8   0.1   5.0   23:30     E
16   9.0  10.6   12:34   7.8   00:12   9.3   0.0   1.6   0.8   8.0   06:54     E
17   7.8   8.6   13:57   7.0   22:34  10.5   0.0   8.8   0.7   9.0   19:50     E
18   9.0  12.4   15:03   6.2   07:13   9.3   0.0   0.2   0.8   8.0   04:04     E
19   8.5  12.1   13:53   6.4   22:09   9.8   0.0   0.0   1.0   9.0   20:35     E
20   7.1  10.2   14:11   5.7   17:07  11.2   0.0   0.4   0.7   8.0   12:15     E
21   7.0  10.4   23:59   4.9   05:00  11.3   0.0   0.8   1.0   9.0   11:54     E
22  12.6  13.8   14:48  10.3   00:00   5.7   0.0   3.0   0.1   6.0   00:28    SW
23   7.5  12.0   00:00   1.6   23:58  10.5   0.0  21.8   0.3   7.0   05:08   NNE
24   1.4   6.9   14:07  -1.6   06:19  16.9   0.0   0.2   0.0   2.0   11:22   ---
25   4.0   7.4   15:59  -2.1   01:36  14.3   0.0   7.4   0.6  10.0   16:22     E
26   8.0   8.8   13:30   7.2   02:57  10.3   0.0   3.6   0.1   4.0   00:11     E
27   8.3   9.2   12:25   7.6   05:55  10.0   0.0   0.8   0.6   7.0   22:44     E
28  10.0  10.9   14:10   8.6   00:00   8.3   0.0   0.4   2.0  14.0   12:01     E
29   9.7  14.7   14:21   5.5   23:42   8.6   0.0   0.4   0.6  10.0   02:38     E
30   8.0  11.3   14:22   5.3   00:18  10.3   0.0   0.2   0.4   7.0   21:58   NNE
----------------------------------------------------------------------------------
     8.7  16.7     1    -2.1    25   287.6   0.0 124.0   0.9  19.0     7       W

Max >=  27.0:  0
Max <=   0.0:  0
Min <=   0.0:  3
Min <= -18.0:  0
Max Rain: 21.8 on day 23
Days of Rain: 28 (>= 0.2 mm)  13 (>= 2.0 mm)  1 (>= 20.0 mm)
Heat Base: 18.3  Cool Base: 18.3  Method: Integration