NOAA Style Reports for Camberley

camberley weather

Select a Year or Month report
V/Λ2018 > Jan Feb Mar Apr May Jun Jul Aug Sep Oct Nov Dec
V/Λ2017 > Jan Feb Mar Apr May Jun Jul Aug Sep Oct Nov Dec
V/Λ2016 > Jan Feb Mar Apr May Jun Jul Aug Sep Oct Nov Dec
V/Λ2015 > Jan Feb Mar Apr May Jun Jul Aug Sep Oct Nov Dec
V/Λ2014 > Jan Feb Mar Apr May Jun Jul Aug Sep Oct Nov Dec
V/Λ2013 > Jan Feb Mar Apr May Jun Jul Aug Sep Oct Nov Dec
V/Λ2012 > Jan Feb Mar Apr May Jun Jul Aug Sep Oct Nov Dec
V/Λ2011 > Jan Feb Mar Apr May Jun Jul Aug Sep Oct Nov Dec

Report for 2014 Oct
                   Monthly Climatological Summary for Oct 2014

Name: camberley weather   City: Camberley   County: Surrey   Country: UK, England
Elevation: 268 ft  Lat: N 51° 19' 55"   Lon: W 000° 45' 12"

                  Temperature (°C), Rain (mm), Wind Speed (kts)

                                      Heat  Cool        Avg
    Mean                              Deg   Deg         Wind                 Dom
Day Temp  High   Time   Low    Time   Days  Days  Rain  Speed High   Time    Dir
----------------------------------------------------------------------------------
 1  16.6  19.4   13:40  14.1   00:00   1.8   0.1   3.4   0.7   9.0   10:42   WSW
 2  15.8  21.1   15:45  11.2   23:33   3.0   0.5   0.0   0.2   7.0   15:29   WSW
 3  15.2  21.4   15:39  11.0   01:16   3.6   0.5   0.2   1.0  10.0   11:48   WSW
 4  12.2  17.3   09:33   4.3   23:57   6.1   0.0   7.0   0.4   9.0   09:43   WNW
 5   8.2  16.4   16:02   1.2   05:55  10.1   0.0   0.2   0.2   6.0   16:05   WSW
 6  10.7  12.9   17:36   7.1   00:58   7.6   0.0   8.6   0.9  14.0   10:17    NW
 7   9.7  14.8   15:02   6.7   23:35   8.6   0.0   6.2   1.5  15.0   11:20   WSW
 8  11.9  16.7   15:29   6.2   01:42   6.4   0.0   5.2   1.5  14.0   13:06   WSW
 9  12.6  16.6   12:00   9.7   02:20   5.7   0.0   4.8   3.0  22.0   12:15   WSW
10  12.3  17.6   15:56   7.2   07:20   6.0   0.0   1.8   1.2  17.0   13:51   WSW
11  11.8  16.7   16:34   7.2   23:39   6.5   0.0   3.2   0.6  10.0   15:39   WSW
12   9.2  13.7   14:46   4.0   04:34   9.1   0.0  10.6   1.0  15.0   22:54   ENE
13  11.4  12.7   14:54  10.4   06:33   6.9   0.0  21.6   1.8  17.0   03:13    NE
14  11.5  12.0   15:24  11.0   10:10   6.8   0.0   4.8   0.1   5.0   05:21    NE
15  12.5  14.4   14:01  11.3   03:24   5.8   0.0   3.4   0.4   6.0   10:54     E
16  13.5  17.2   13:08   9.9   07:44   4.8   0.0   2.4   0.7  11.0   12:05   WSW
17  15.5  18.8   13:46  13.1   02:08   2.8   0.0   1.0   1.5  17.0   13:19   WSW
18  17.2  18.8   16:28  15.5   00:42   1.1   0.0   0.4   2.8  14.0   10:15   WSW
19  16.2  19.0   13:29  13.4   23:10   2.2   0.0   1.6   3.0  17.0   12:22   WSW
20  13.3  16.5   13:37  11.2   07:57   5.0   0.0   0.0   2.0  15.0   12:19   WSW
21  11.7  13.9   07:00   6.7   23:49   6.6   0.0   0.6   3.0  21.0   08:14    NW
22   9.2  13.6   14:23   3.2   07:28   9.1   0.0   0.0   0.8  10.0   10:35     W
23  13.5  15.5   13:42  10.9   00:00   4.8   0.0   0.0   1.9  11.0   12:57   WSW
24  14.4  16.7   15:57   8.9   23:56   3.9   0.0   1.2   0.8   8.0   02:29   WSW
25  11.3  15.4   14:38   6.6   04:01   7.0   0.0   0.2   1.1  13.0   16:54   WSW
26  13.2  15.3   14:10  11.7   01:41   5.3   0.0   0.0   1.8  14.0   12:01   WSW
27  14.3  18.2   13:24  10.8   21:59   4.0   0.0   0.0   1.5  14.0   09:52   WSW
28  14.4  18.7   14:00  11.1   07:00   3.9   0.0   0.6   1.3  12.0   18:45   WSW
29  12.8  15.1   00:00  10.9   06:19   5.5   0.0   2.4   0.4   7.0   12:23     E
30  14.8  17.9   13:37  12.4   22:37   3.5   0.0   0.0   0.3   6.0   09:36    SW
31  15.7  22.0   13:59  12.7   00:00   3.0   0.4   0.2   0.5   9.0   13:01   WNW
----------------------------------------------------------------------------------
    13.0  22.0    31     1.2     5   166.5   1.5  91.6   1.2  22.0     9     WSW

Max >=  27.0:  0
Max <=   0.0:  0
Min <=   0.0:  0
Min <= -18.0:  0
Max Rain: 21.6 on day 13
Days of Rain: 24 (>= 0.2 mm)  13 (>= 2.0 mm)  1 (>= 20.0 mm)
Heat Base: 18.3  Cool Base: 18.3  Method: Integration