NOAA style

NOAA Style Reports for Camberley

camberley weather

Select a Year or Month report
V/Λ2018 > Jan Feb Mar Apr May Jun Jul Aug Sep Oct Nov Dec
V/Λ2017 > Jan Feb Mar Apr May Jun Jul Aug Sep Oct Nov Dec
V/Λ2016 > Jan Feb Mar Apr May Jun Jul Aug Sep Oct Nov Dec
V/Λ2015 > Jan Feb Mar Apr May Jun Jul Aug Sep Oct Nov Dec
V/Λ2014 > Jan Feb Mar Apr May Jun Jul Aug Sep Oct Nov Dec
V/Λ2013 > Jan Feb Mar Apr May Jun Jul Aug Sep Oct Nov Dec
V/Λ2012 > Jan Feb Mar Apr May Jun Jul Aug Sep Oct Nov Dec
V/Λ2011 > Jan Feb Mar Apr May Jun Jul Aug Sep Oct Nov Dec

Report for 2014 Sep
                   Monthly Climatological Summary for Sep 2014

Name: camberley weather   City: Camberley   County: Surrey   Country: UK, England
Elevation: 268 ft  Lat: N 51° 19' 55"   Lon: W 000° 45' 12"

                  Temperature (°C), Rain (mm), Wind Speed (kts)

                                      Heat  Cool        Avg
    Mean                              Deg   Deg         Wind                 Dom
Day Temp  High   Time   Low    Time   Days  Days  Rain  Speed High   Time    Dir
----------------------------------------------------------------------------------
 1  14.7  18.4   16:50   9.8   04:39   3.6   0.0   7.4   0.3   7.0   10:35   WSW
 2  16.1  22.9   17:12  10.7   03:08   2.9   0.7   0.2   0.5   8.0   12:54     E
 3  17.4  22.8   16:55  12.7   02:58   1.9   1.0   0.0   1.1  10.0   17:41     E
 4  17.0  20.4   13:13  13.3   00:50   1.8   0.5   0.0   0.7  12.0   10:37     E
 5  17.5  20.3   14:00  15.6   05:07   1.0   0.2   0.0   0.1   5.0   15:06   NNE
 6  17.5  22.6   16:44  13.7   23:53   1.7   0.9   0.0   0.1   5.0   16:11    NW
 7  15.4  21.6   15:09  11.6   04:08   3.4   0.4   0.0   0.2   4.0   13:17   NNE
 8  15.0  22.9   16:38   8.5   06:20   4.0   0.7   0.0   0.2   6.0   01:23   ENE
 9  15.1  23.4   16:27   8.1   06:34   3.9   0.7   0.0   0.1   4.0   12:04     E
10  15.2  20.8   15:01   9.4   06:21   3.5   0.3   0.0   0.6  10.0   14:02     E
11  13.9  18.4   13:59   9.2   03:47   4.4   0.0   0.0   0.5   9.0   13:40   ENE
12  16.1  22.5   17:13  11.3   04:42   2.8   0.6   0.0   0.8   9.0   08:56     E
13  15.6  21.1   15:57  11.7   05:27   3.1   0.4   0.0   0.9  10.0   15:09     E
14  15.5  21.3   16:39  10.8   03:00   3.3   0.4   0.0   1.3  14.0   14:10     E
15  16.0  22.2   16:09  12.7   01:25   2.9   0.6   0.0   0.6   9.0   01:13   ENE
16  17.3  23.6   14:47  12.7   01:30   2.1   1.1   0.0   0.9  10.0   14:19     E
17  17.0  19.9   16:00  15.2   02:21   1.5   0.2   0.0   1.8  14.0   13:23     E
18  18.8  25.3   15:25  14.6   04:04   1.2   1.7   0.0   1.1  11.0   14:40     E
19  18.5  24.6   16:10  15.9   07:08   0.8   1.1   2.4   0.3   8.0   01:39     E
20  17.0  20.0   13:59  15.0   23:51   1.5   0.2   0.0   0.4   7.0   16:46    NE
21  13.8  17.9   14:51   7.9   23:58   4.5   0.0   0.2   1.3  11.0   09:59    NE
22  11.1  19.4   16:35   4.6   05:39   7.2   0.0   0.0   0.2   7.0   14:01   NNW
23  11.8  18.8   14:53   4.4   07:13   6.5   0.0   0.0   0.4   9.0   14:52   WSW
24  13.4  18.1   14:21   7.5   23:58   4.9   0.0   1.6   0.8  11.0   15:36   NNE
25  12.6  20.1   16:07   3.9   06:26   5.9   0.1   0.0   1.1  13.0   15:48   WSW
26  16.6  20.8   16:01  13.4   21:18   2.1   0.4   0.0   0.8  10.0   14:32   WSW
27  15.5  21.3   14:10   9.1   05:50   3.3   0.6   0.0   0.1   5.0   13:55     E
28  17.4  24.2   14:49  12.8   06:44   2.2   1.3   0.0   0.2   6.0   12:46   ENE
29  14.6  19.4   13:57  10.8   05:02   3.8   0.1   0.2   0.4   8.0   15:57   WSW
30  16.9  22.9   15:18  13.3   07:32   2.2   0.8   0.0   1.0  10.0   15:56   WSW
----------------------------------------------------------------------------------
    15.7  25.3    18     3.9    25    93.9  15.0  12.0   0.6  14.0    14       E

Max >=  27.0:  0
Max <=   0.0:  0
Min <=   0.0:  0
Min <= -18.0:  0
Max Rain: 7.4 on day 1
Days of Rain: 6 (>= 0.2 mm)  2 (>= 2.0 mm)  0 (>= 20.0 mm)
Heat Base: 18.3  Cool Base: 18.3  Method: Integration