NOAA style

NOAA Style Reports for Camberley

camberley weather

Select a Year or Month report
V/Λ2018 > Jan Feb Mar Apr May Jun Jul Aug Sep Oct Nov Dec
V/Λ2017 > Jan Feb Mar Apr May Jun Jul Aug Sep Oct Nov Dec
V/Λ2016 > Jan Feb Mar Apr May Jun Jul Aug Sep Oct Nov Dec
V/Λ2015 > Jan Feb Mar Apr May Jun Jul Aug Sep Oct Nov Dec
V/Λ2014 > Jan Feb Mar Apr May Jun Jul Aug Sep Oct Nov Dec
V/Λ2013 > Jan Feb Mar Apr May Jun Jul Aug Sep Oct Nov Dec
V/Λ2012 > Jan Feb Mar Apr May Jun Jul Aug Sep Oct Nov Dec
V/Λ2011 > Jan Feb Mar Apr May Jun Jul Aug Sep Oct Nov Dec

Report for 2014 Aug
                   Monthly Climatological Summary for Aug 2014

Name: camberley weather   City: Camberley   County: Surrey   Country: UK, England
Elevation: 268 ft  Lat: N 51° 19' 55"   Lon: W 000° 45' 12"

                  Temperature (°C), Rain (mm), Wind Speed (kts)

                                      Heat  Cool        Avg
    Mean                              Deg   Deg         Wind                 Dom
Day Temp  High   Time   Low    Time   Days  Days  Rain  Speed High   Time    Dir
----------------------------------------------------------------------------------
 1  18.7  23.9   13:39  13.9   03:59   1.3   1.6   0.0   1.3  13.0   13:40   WSW
 2  18.5  23.3   16:06  14.4   23:58   1.3   1.4   0.0   1.6  16.0   19:01   WSW
 3  16.8  23.0   17:33   9.8   04:02   2.7   1.2   0.0   1.6  13.0   09:42   WSW
 4  17.3  24.0   14:49  11.9   05:45   2.2   1.2   0.0   0.9  10.0   15:18   WSW
 5  17.5  22.9   12:45  10.7   05:08   2.1   1.3   0.4   1.3  13.0   14:02   WSW
 6  20.0  25.6   16:45  16.3   23:58   0.6   2.3   4.4   1.1  12.0   14:52   WSW
 7  19.5  26.9   18:01  12.3   06:05   1.4   2.7   0.0   0.4   6.0   11:43   NNE
 8  18.5  24.5   15:29  14.2   06:29   1.5   1.6  14.4   0.2   9.0   18:22   WSW
 9  17.3  22.9   15:14  12.9   04:41   1.9   0.9   0.6   1.8  14.0   16:09   WSW
10  16.8  22.2   13:45  13.9   23:56   1.9   0.4   9.8   2.4  21.0   13:51   WSW
11  15.3  20.2   11:52  11.9   05:12   3.2   0.1   7.6   2.7  19.0   10:48   WSW
12  14.9  19.7   14:47  11.8   05:05   3.5   0.1   0.4   2.3  15.0   11:52   WSW
13  16.4  22.4   16:32  11.6   02:49   2.5   0.7   0.0   1.5  12.0   10:01   WSW
14  15.0  21.6   13:09  12.1   04:45   3.5   0.2  10.8   0.8  11.0   12:32   WSW
15  13.8  19.6   15:11   9.5   04:46   4.5   0.0   0.8   0.2   7.0   13:02   NNE
16  15.0  20.4   13:51   8.5   05:47   3.6   0.3   0.0   1.5  14.0   15:14   WSW
17  15.7  20.6   15:51  12.6   23:59   2.9   0.3   0.0   2.5  18.0   12:37   WSW
18  14.5  20.7   16:43   9.8   05:41   3.9   0.1   0.2   1.1  11.0   16:36   WNW
19  12.5  18.6   15:27   8.2   23:59   5.8   0.0   0.0   0.8  10.0   09:54   NNW
20  12.1  18.8   16:50   4.8   05:58   6.2   0.0   0.0   0.5   9.0   16:46     N
21  12.1  17.2   16:39   4.7   06:15   6.2   0.0   0.0   1.4  14.0   14:04   WSW
22  14.8  20.6   16:00  11.1   23:21   3.6   0.2   0.0   1.1  10.0   11:13     W
23  12.7  18.2   17:49   6.6   06:18   5.6   0.0   0.0   0.7  11.0   11:23   NNE
24  12.4  19.1   15:11   4.5   06:06   5.9   0.0   0.0   0.7  10.0   14:43   WSW
25  14.9  16.9   16:26  12.2   02:04   3.4   0.0  20.4   0.4   9.0   23:32   WSW
26  15.0  16.6   14:02  12.1   23:59   3.3   0.0   8.4   1.2  12.0   13:02     E
27  14.2  19.1   14:49   8.5   04:08   4.1   0.0   0.8   0.8  10.0   09:11   ENE
28  17.4  21.9   14:26  14.1   23:49   1.5   0.6   0.8   1.8  14.0   13:51   WSW
29  16.6  20.7   14:29  13.3   03:56   2.0   0.3   0.0   2.6  15.0   14:51   WSW
30  16.8  20.2   13:54  13.9   07:21   1.7   0.3   0.2   1.9  11.0   00:25   WSW
31  15.7  22.4   16:45   9.8   06:34   3.3   0.7   0.0   0.4  10.0   16:21     N
----------------------------------------------------------------------------------
    15.8  26.9     7     4.5    24    97.1  18.5  80.0   1.3  21.0    10     WSW

Max >=  27.0:  0
Max <=   0.0:  0
Min <=   0.0:  0
Min <= -18.0:  0
Max Rain: 20.4 on day 25
Days of Rain: 15 (>= 0.2 mm)  7 (>= 2.0 mm)  1 (>= 20.0 mm)
Heat Base: 18.3  Cool Base: 18.3  Method: Integration