NOAA Style Reports for Camberley

camberley weather

Select a Year or Month report
V/Λ2018 > Jan Feb Mar Apr May Jun Jul Aug Sep Oct Nov Dec
V/Λ2017 > Jan Feb Mar Apr May Jun Jul Aug Sep Oct Nov Dec
V/Λ2016 > Jan Feb Mar Apr May Jun Jul Aug Sep Oct Nov Dec
V/Λ2015 > Jan Feb Mar Apr May Jun Jul Aug Sep Oct Nov Dec
V/Λ2014 > Jan Feb Mar Apr May Jun Jul Aug Sep Oct Nov Dec
V/Λ2013 > Jan Feb Mar Apr May Jun Jul Aug Sep Oct Nov Dec
V/Λ2012 > Jan Feb Mar Apr May Jun Jul Aug Sep Oct Nov Dec
V/Λ2011 > Jan Feb Mar Apr May Jun Jul Aug Sep Oct Nov Dec

Report for 2014 Jul
                   Monthly Climatological Summary for Jul 2014

Name: camberley weather   City: Camberley   County: Surrey   Country: UK, England
Elevation: 268 ft  Lat: N 51° 19' 55"   Lon: W 000° 45' 12"

                  Temperature (°C), Rain (mm), Wind Speed (kts)

                                      Heat  Cool        Avg
    Mean                              Deg   Deg         Wind                 Dom
Day Temp  High   Time   Low    Time   Days  Days  Rain  Speed High   Time    Dir
----------------------------------------------------------------------------------
 1  16.7  22.3   15:11  10.0   02:14   2.6   1.0   0.2   1.0  11.0   11:47     E
 2  17.4  25.5   16:09   8.2   05:24   2.7   1.8   0.0   0.7   9.0   19:00   WSW
 3  19.2  25.9   15:52  10.5   05:07   1.7   2.6   0.0   1.8  16.0   13:17   WSW
 4  18.7  24.7   13:53  13.1   04:10   1.5   1.9   0.2   2.6  17.0   12:24   WSW
 5  17.1  20.5   13:13  15.4   23:55   1.4   0.1   3.2   2.1  15.0   11:54   WSW
 6  16.4  21.0   15:00  12.7   07:04   2.3   0.5   0.0   1.3  13.0   18:12   WSW
 7  15.7  21.7   14:39   8.9   05:08   3.1   0.5   0.0   1.0  10.0   15:49   WSW
 8  14.8  19.8   16:27  10.1   05:00   3.6   0.1   0.6   0.4   8.0   17:08   NNE
 9  16.5  22.3   15:33  10.9   05:18   2.6   0.9   0.0   1.8  17.0   17:10   NNE
10  18.1  24.8   16:09  13.3   05:43   1.9   1.7   0.0   1.6  11.0   08:27   NNE
11  16.5  20.9   18:54  10.8   05:29   2.3   0.5   0.0   0.6  10.0   14:06   NNE
12  20.1  26.9   14:10  14.3   03:32   1.1   2.9   0.0   0.8  10.0   17:55     W
13  19.2  23.8   12:53  13.7   23:52   0.6   1.5   0.2   1.4  10.0   13:24     N
14  17.0  24.1   14:15   9.3   04:33   2.6   1.3   0.0   1.6  14.0   14:19   WSW
15  20.2  26.4   17:58  16.2   05:42   0.5   2.5   0.0   1.3  10.0   01:14   WSW
16  19.6  25.9   13:10  11.7   05:31   1.5   2.8   0.0   1.0  10.0   13:16   WSW
17  22.1  29.7   17:16  15.3   05:41   0.5   4.3   0.0   1.0  11.0   22:24     E
18  22.8  29.1   16:13  17.2   02:47   0.1   4.6   7.6   1.9  15.0   06:29    SE
19  21.5  28.1   16:36  17.9   02:19   0.0   3.3   3.0   0.8  10.0   16:11   WNW
20  20.8  27.3   16:45  15.8   05:47   0.4   2.9   0.8   0.6   9.0   16:58   NNE
21  20.2  26.9   17:59  15.1   05:27   0.8   2.7   0.0   0.7   9.0   11:28   NNE
22  20.8  27.4   17:03  13.4   05:16   0.9   3.5   0.0   1.2  10.0   12:13    NE
23  21.3  29.1   17:21  13.8   05:37   0.9   3.9   0.0   1.7  12.0   16:05   ENE
24  22.0  29.6   15:26  15.8   05:34   0.4   4.1   0.0   1.6  12.0   13:41   ENE
25  19.3  27.4   13:48  15.2   05:27   0.6   1.7  15.6   0.6  14.0   14:26   ENE
26  22.1  29.7   17:11  15.7   05:27   0.5   4.3   0.0   0.5   7.0   11:44    NE
27  20.2  25.8   15:26  16.3   04:38   0.4   2.3   0.0   0.6   7.0   11:19   NNE
28  17.0  22.6   15:47  13.4   07:28   1.8   0.5   4.2   0.4  10.0   14:09    NE
29  20.4  26.9   17:34  15.0   05:35   0.8   3.0   0.0   0.9   7.0   10:52   NNE
30  19.5  26.2   16:37  11.6   05:33   1.2   2.4   0.0   0.8   9.0   13:02     N
31  19.1  25.3   14:20  12.4   05:48   1.4   2.2   0.0   0.9  10.0   11:29   WSW
----------------------------------------------------------------------------------
    19.1  29.7    17     8.2     2    42.7  68.3  35.6   1.1  17.0     4      NW

Max >=  27.0:  9
Max <=   0.0:  0
Min <=   0.0:  0
Min <= -18.0:  0
Max Rain: 15.6 on day 25
Days of Rain: 10 (>= 0.2 mm)  5 (>= 2.0 mm)  0 (>= 20.0 mm)
Heat Base: 18.3  Cool Base: 18.3  Method: Integration