NOAA Style Reports for Camberley

camberley weather

Select a Year or Month report
V/Λ2018 > Jan Feb Mar Apr May Jun Jul Aug Sep Oct Nov Dec
V/Λ2017 > Jan Feb Mar Apr May Jun Jul Aug Sep Oct Nov Dec
V/Λ2016 > Jan Feb Mar Apr May Jun Jul Aug Sep Oct Nov Dec
V/Λ2015 > Jan Feb Mar Apr May Jun Jul Aug Sep Oct Nov Dec
V/Λ2014 > Jan Feb Mar Apr May Jun Jul Aug Sep Oct Nov Dec
V/Λ2013 > Jan Feb Mar Apr May Jun Jul Aug Sep Oct Nov Dec
V/Λ2012 > Jan Feb Mar Apr May Jun Jul Aug Sep Oct Nov Dec
V/Λ2011 > Jan Feb Mar Apr May Jun Jul Aug Sep Oct Nov Dec

Report for 2014 Jun
                   Monthly Climatological Summary for Jun 2014

Name: camberley weather   City: Camberley   County: Surrey   Country: UK, England
Elevation: 268 ft  Lat: N 51° 19' 55"   Lon: W 000° 45' 12"

                  Temperature (°C), Rain (mm), Wind Speed (kts)

                                      Heat  Cool        Avg
    Mean                              Deg   Deg         Wind                 Dom
Day Temp  High   Time   Low    Time   Days  Days  Rain  Speed High   Time    Dir
----------------------------------------------------------------------------------
 1  16.3  23.7   17:21   8.4   04:44   2.9   0.9   0.0   0.4   7.0   13:13   NNE
 2  15.7  20.4   15:15  12.3   05:33   2.7   0.1   0.0   0.9   8.0   14:19   WSW
 3  14.4  19.8   14:29  11.6   02:50   4.0   0.1   2.6   1.0  14.0   14:43   WSW
 4  11.5  14.6   17:14   7.1   22:40   6.8   0.0   9.4   1.1  19.0   19:17   WSW
 5  13.4  19.6   14:57   7.9   00:00   4.9   0.0   0.8   1.9  15.0   13:48   WSW
 6  16.3  24.4   15:36   5.9   04:15   3.7   1.7   0.0   1.5  14.0   18:02   ENE
 7  17.4  23.6   17:56  13.1   23:56   1.8   0.9   3.2   1.4  12.0   13:13    SW
 8  18.0  24.0   15:48  12.0   03:46   2.1   1.8   0.0   1.1  12.0   14:33   WSW
 9  18.9  25.4   15:19  14.4   04:54   1.3   1.9   0.8   0.9  10.0   12:10   WSW
10  16.6  21.2   13:09  10.8   05:10   2.3   0.6   0.0   2.2  17.0   13:48   WSW
11  16.4  21.8   16:00  10.4   05:31   2.7   0.8   0.0   1.0  12.0   11:39   WSW
12  18.0  25.7   15:08   9.3   05:03   2.5   2.3   0.0   0.4   7.0   15:19     N
13  19.3  26.0   15:34  10.7   05:14   1.8   2.9   0.0   0.6   9.0   16:29   NNE
14  17.8  22.3   16:29  13.4   23:57   1.3   0.8  17.2   1.1  10.0   14:28   ENE
15  15.1  18.6   17:30  12.9   04:30   3.2   0.0   0.0   1.3  11.0   17:17    NE
16  14.3  17.6   14:04  10.9   05:20   4.0   0.0   0.0   1.3  12.0   17:13    NE
17  15.9  21.1   16:36  12.3   02:36   2.9   0.5   0.0   1.9  15.0   17:07    NE
18  17.0  22.5   16:55  12.8   23:49   2.3   0.9   0.2   1.1  10.0   13:37    NE
19  16.0  21.3   14:17  10.2   05:03   2.7   0.4   0.0   1.0  11.0   18:25    NE
20  16.6  24.4   17:16   9.7   04:07   3.0   1.3   0.0   0.6   9.0   21:14     W
21  18.1  24.1   15:07  11.8   05:34   1.8   1.6   0.0   0.9  10.0   17:23     N
22  18.7  25.1   13:34  11.3   05:07   1.6   2.1   0.0   0.6   9.0   12:25   ESE
23  19.7  25.9   16:24  12.8   03:35   1.3   2.7   0.0   0.4   7.0   16:24     W
24  18.7  24.5   16:41  13.9   05:34   1.3   1.8   0.0   1.0  13.0   21:12   NNE
25  16.2  22.0   16:24   9.9   05:24   2.7   0.6   0.0   1.2  11.0   12:22   ENE
26  15.7  23.1   15:04   9.4   04:14   3.3   0.7   4.0   0.8  13.0   17:48   ENE
27  16.8  21.6   15:09  13.3   04:54   2.1   0.6   0.0   1.8  15.0   17:43   WSW
28  14.3  18.2   17:45  10.4   04:42   4.0   0.0  13.2   0.3   8.0   10:30   WSW
29  14.9  19.9   13:51  11.3   04:43   3.5   0.1   0.0   1.1  13.0   15:53    NE
30  14.8  20.7   13:30   8.8   05:17   3.7   0.1   0.8   0.5   9.0   08:21     E
----------------------------------------------------------------------------------
    16.4  26.0    13     5.9     6    84.2  28.2  52.2   1.0  19.0     4     NNW

Max >=  27.0:  0
Max <=   0.0:  0
Min <=   0.0:  0
Min <= -18.0:  0
Max Rain: 17.2 on day 14
Days of Rain: 10 (>= 0.2 mm)  6 (>= 2.0 mm)  0 (>= 20.0 mm)
Heat Base: 18.3  Cool Base: 18.3  Method: Integration