NOAA Style Reports for Camberley

camberley weather

Select a Year or Month report
V/Λ2018 > Jan Feb Mar Apr May Jun Jul Aug Sep Oct Nov Dec
V/Λ2017 > Jan Feb Mar Apr May Jun Jul Aug Sep Oct Nov Dec
V/Λ2016 > Jan Feb Mar Apr May Jun Jul Aug Sep Oct Nov Dec
V/Λ2015 > Jan Feb Mar Apr May Jun Jul Aug Sep Oct Nov Dec
V/Λ2014 > Jan Feb Mar Apr May Jun Jul Aug Sep Oct Nov Dec
V/Λ2013 > Jan Feb Mar Apr May Jun Jul Aug Sep Oct Nov Dec
V/Λ2012 > Jan Feb Mar Apr May Jun Jul Aug Sep Oct Nov Dec
V/Λ2011 > Jan Feb Mar Apr May Jun Jul Aug Sep Oct Nov Dec

Report for 2014 May
                   Monthly Climatological Summary for May 2014

Name: camberley weather   City: Camberley   County: Surrey   Country: UK, England
Elevation: 268 ft  Lat: N 51° 19' 55"   Lon: W 000° 45' 12"

                  Temperature (°C), Rain (mm), Wind Speed (kts)

                                      Heat  Cool        Avg
    Mean                              Deg   Deg         Wind                 Dom
Day Temp  High   Time   Low    Time   Days  Days  Rain  Speed High   Time    Dir
----------------------------------------------------------------------------------
 1  11.0  14.2   13:22   9.4   02:20   7.2   0.0   6.4   0.2  12.0   22:12   NNE
 2   9.3  12.3   14:19   5.4   23:57   9.0   0.0   0.2   1.4  13.0   00:54    NE
 3   8.2  15.3   16:59  -0.1   06:00  10.1   0.0   0.0   0.7   9.0   09:02   ENE
 4  10.1  17.1   14:58   3.0   05:01   8.2   0.0   0.0   0.9   9.0   14:11   WSW
 5  12.1  18.7   14:25   3.8   05:42   6.2   0.0   0.0   1.0  10.0   11:51    NW
 6  14.1  19.0   15:55  10.8   23:57   4.2   0.0   0.2   2.3  14.0   14:32   WSW
 7  12.6  16.6   15:53  10.6   00:14   5.7   0.0   0.2   2.9  16.0   18:29   WSW
 8  12.3  15.4   18:13  10.4   01:46   6.0   0.0   4.2   2.8  18.0   18:17   WSW
 9  13.5  17.4   16:18  10.3   05:52   4.8   0.0   0.0   3.3  23.0   14:49   WSW
10  12.1  16.5   13:04   9.9   23:51   6.2   0.0   8.0   4.0  26.0   13:52   WSW
11  10.8  15.1   16:47   8.2   06:29   7.5   0.0   0.0   3.8  22.0   16:20   WSW
12  11.4  16.1   15:50   7.8   05:16   6.9   0.0   0.2   1.8  13.0   18:14   WSW
13  11.2  16.6   16:10   7.8   03:38   7.1   0.0   0.4   0.7  10.0   13:07   NNE
14  12.3  18.9   16:26   4.2   04:56   6.0   0.0   0.2   0.9   9.0   14:49   NNE
15  13.7  20.6   16:20   5.9   05:25   4.9   0.3   0.0   0.5   7.0   10:31    NE
16  15.1  22.1   15:01   6.6   05:07   4.0   0.8   0.0   0.2   5.0   15:42    NE
17  16.5  23.7   16:39   8.4   05:14   3.3   1.5   0.0   0.3   7.0   16:20   WSW
18  17.3  24.0   14:40  10.6   05:41   2.7   1.6   0.0   0.9  10.0   12:04   WNW
19  19.5  26.1   16:13  11.1   00:53   1.7   2.9   0.0   1.5  13.0   12:23     N
20  15.5  19.1   12:18   9.6   23:52   2.8   0.0   0.2   1.1  10.0   12:38     W
21  13.9  19.5   14:59   6.7   05:33   4.6   0.1   0.0   1.0  10.0   17:54     E
22  13.6  17.0   17:12  11.1   05:41   4.7   0.0  12.4   1.2  11.0   15:44   WSW
23  12.1  15.2   19:11  10.3   04:34   6.2   0.0   1.4   1.3  12.0   14:26    NW
24  11.8  15.0   13:45  10.0   22:15   6.5   0.0   9.4   1.0  12.0   11:22     W
25  13.0  17.4   15:21   8.5   23:59   5.3   0.0   0.0   2.0  15.0   14:04   WSW
26   9.8  11.6   16:34   6.2   02:55   8.5   0.0  13.0   0.1   5.0   18:03   NNE
27  11.1  14.1   10:47   9.1   23:59   7.2   0.0   4.2   0.9  10.0   10:57   NNE
28  11.1  13.6   16:24   8.5   02:26   7.2   0.0   3.4   0.4   6.0   01:20   NNE
29  14.6  19.4   17:26  12.0   04:36   3.7   0.0   0.0   0.6   8.0   14:05   ENE
30  13.7  15.7   15:33  10.7   23:51   4.6   0.0   0.0   1.0  10.0   13:32     E
31  13.9  19.1   14:04   8.2   03:53   4.5   0.0   0.0   0.2   6.0   13:38    NE
----------------------------------------------------------------------------------
    12.8  26.1    19    -0.1     3   177.5   7.2  64.0   1.3  26.0    10       W

Max >=  27.0:  0
Max <=   0.0:  0
Min <=   0.0:  1
Min <= -18.0:  0
Max Rain: 13.0 on day 26
Days of Rain: 16 (>= 0.2 mm)  8 (>= 2.0 mm)  0 (>= 20.0 mm)
Heat Base: 18.3  Cool Base: 18.3  Method: Integration