NOAA Style Reports for Camberley

camberley weather

Select a Year or Month report

Report for 2014 Apr
                   Monthly Climatological Summary for Apr 2014

Name: camberley weather   City: Camberley   County: Surrey   Country: UK, England
Elevation: 268 ft  Lat: N 51° 19' 55"   Lon: W 000° 45' 12"

                  Temperature (°C), Rain (mm), Wind Speed (kts)

                                      Heat  Cool        Avg
    Mean                              Deg   Deg         Wind                 Dom
Day Temp  High   Time   Low    Time   Days  Days  Rain  Speed High   Time    Dir
----------------------------------------------------------------------------------
 1  11.8  19.0   16:20   7.0   07:03   6.5   0.0   0.2   0.4  10.0   17:01     E
 2  14.3  19.1   14:15  10.1   06:54   4.0   0.1   0.0   2.0  11.0   13:35     E
 3  13.2  18.4   15:29  10.5   07:02   5.1   0.0   0.0   0.9  12.0   15:31   ENE
 4  11.8  14.8   13:32   7.2   23:54   6.5   0.0   0.0   1.4  10.0   13:24   WSW
 5  10.3  13.8   15:40   4.9   03:12   8.0   0.0   0.0   1.6  13.0   20:38   WSW
 6  12.7  14.6   14:58  12.0   07:43   5.6   0.0   3.6   3.3  20.0   14:40   WSW
 7  11.7  13.4   12:15   6.9   23:11   6.6   0.0   5.8   2.9  13.0   06:43   WSW
 8   8.7  14.0   15:40   4.8   06:27   9.6   0.0   0.0   2.2  16.0   15:42     W
 9   9.7  16.9   15:51   2.5   06:41   8.6   0.0   0.0   0.9  10.0   15:25   WSW
10   9.9  14.9   14:08   3.6   04:44   8.4   0.0   0.0   0.4   9.0   13:39    NW
11  11.3  17.4   16:41   6.4   23:59   7.0   0.0   0.0   0.5   7.0   11:14    NE
12   9.4  13.9   13:58   3.8   02:49   8.9   0.0   0.0   1.2  13.0   15:11   WSW
13  11.1  16.8   16:49   6.9   06:49   7.2   0.0   0.0   1.1  10.0   17:29   WNW
14   9.8  15.6   15:26   4.1   03:33   8.5   0.0   0.0   1.1  13.0   15:06   NNE
15   8.9  15.7   16:45   2.1   06:14   9.4   0.0   0.0   1.3  11.0   13:44     E
16   9.6  17.6   16:36   2.7   06:19   8.7   0.0   0.0   0.9   9.0   12:05    NW
17  10.8  17.8   13:14   3.9   06:28   7.5   0.0   0.0   1.0  10.0   13:18     N
18   8.9  12.6   16:33   4.3   06:20   9.4   0.0   0.0   1.5  14.0   14:30   ENE
19   8.0  13.7   16:56   2.1   04:45  10.3   0.0   0.0   1.6  14.0   18:20     E
20   9.0  12.5   13:31   6.1   00:56   9.3   0.0   8.6   1.6  15.0   16:15   ENE
21  11.5  19.3   16:09   5.9   05:57   6.8   0.0  10.6   0.5   9.0   15:45   ENE
22  11.2  15.1   16:15   8.8   23:58   7.1   0.0   4.6   1.3  15.0   14:09   WSW
23  11.3  15.8   12:40   6.3   05:23   7.0   0.0   0.6   0.9  10.0   13:21     W
24  12.4  18.3   17:47   8.7   05:27   5.9   0.0   0.0   0.5   9.0   23:56    NE
25   9.0  10.9   00:00   7.0   23:55   9.3   0.0  16.6   0.4   9.0   18:35   NNE
26  10.9  15.5   14:26   7.0   00:00   7.4   0.0   3.2   2.0  17.0   15:12   WNW
27  10.2  13.2   16:45   8.1   05:02   8.1   0.0   6.2   1.5  12.0   11:20     E
28  11.2  16.7   16:46   7.7   23:58   7.1   0.0   1.0   0.6  10.0   11:24   ENE
29  10.8  14.9   15:37   7.3   01:02   7.5   0.0   8.8   0.3  10.0   05:29   ENE
30  11.5  19.2   14:27   5.1   03:54   6.9   0.0   0.2   0.9  11.0   15:29   WSW
----------------------------------------------------------------------------------
    10.7  19.3    21     2.1    15   228.2   0.1  70.0   1.2  20.0     6     WNW

Max >=  27.0:  0
Max <=   0.0:  0
Min <=   0.0:  0
Min <= -18.0:  0
Max Rain: 16.6 on day 25
Days of Rain: 13 (>= 0.2 mm)  9 (>= 2.0 mm)  0 (>= 20.0 mm)
Heat Base: 18.3  Cool Base: 18.3  Method: Integration