NOAA style

NOAA Style Reports for Camberley

camberley weather

Select a Year or Month report
V/Λ2018 > Jan Feb Mar Apr May Jun Jul Aug Sep Oct Nov Dec
V/Λ2017 > Jan Feb Mar Apr May Jun Jul Aug Sep Oct Nov Dec
V/Λ2016 > Jan Feb Mar Apr May Jun Jul Aug Sep Oct Nov Dec
V/Λ2015 > Jan Feb Mar Apr May Jun Jul Aug Sep Oct Nov Dec
V/Λ2014 > Jan Feb Mar Apr May Jun Jul Aug Sep Oct Nov Dec
V/Λ2013 > Jan Feb Mar Apr May Jun Jul Aug Sep Oct Nov Dec
V/Λ2012 > Jan Feb Mar Apr May Jun Jul Aug Sep Oct Nov Dec
V/Λ2011 > Jan Feb Mar Apr May Jun Jul Aug Sep Oct Nov Dec

Report for 2014 Mar
                   Monthly Climatological Summary for Mar 2014

Name: camberley weather   City: Camberley   County: Surrey   Country: UK, England
Elevation: 268 ft  Lat: N 51° 19' 55"   Lon: W 000° 45' 12"

                  Temperature (°C), Rain (mm), Wind Speed (kts)

                                      Heat  Cool        Avg
    Mean                              Deg   Deg         Wind                 Dom
Day Temp  High   Time   Low    Time   Days  Days  Rain  Speed High   Time    Dir
----------------------------------------------------------------------------------
 1   3.2   9.8   16:09  -2.0   07:22  15.1   0.0   0.2   0.2   5.0   11:46   NNW
 2   6.0   9.8   10:17  -0.2   00:42  12.3   0.0   8.0   1.8  17.0   16:26     W
 3   3.7   7.6   11:33   0.2   22:50  14.6   0.0   2.0   0.3   6.0   09:37   WSW
 4   3.6  10.7   14:24  -2.1   05:41  14.7   0.0   0.2   0.3   8.0   11:50   WSW
 5   5.2  12.7   14:33  -2.1   06:05  13.1   0.0   0.0   0.5   9.0   15:36   WSW
 6   7.7  11.8   14:28   3.7   01:59  10.6   0.0   0.2   1.3  14.0   12:33   WSW
 7   9.8  15.8   15:33   6.1   02:15   8.5   0.0   0.0   1.6  14.0   06:42   WSW
 8  10.1  16.1   14:15   6.2   01:59   8.2   0.0   0.0   1.4  14.0   13:46   WNW
 9  11.2  19.3   14:49   5.6   06:58   7.1   0.1   0.0   0.5   9.0   14:58    NW
10   7.5  13.3   11:19   2.2   06:56  10.8   0.0   0.0   1.5  14.0   11:36    NE
11   7.2  10.7   16:08   4.6   23:55  11.1   0.0   0.0   1.6  11.0   03:27   ENE
12   6.7  15.8   15:40   0.5   04:28  11.6   0.0   0.0   0.5   6.0   08:38   ENE
13   7.7  17.9   16:12   1.8   02:26  10.6   0.0   0.2   0.3   7.0   15:19    NE
14   7.8  17.0   15:21   0.9   05:57  10.5   0.0   0.2   0.7   8.0   15:13   WSW
15  10.8  17.8   14:26   6.1   00:00   7.5   0.0   0.0   0.9  13.0   16:43   NNW
16  12.0  19.7   15:44   6.5   05:36   6.5   0.1   0.0   0.8  10.0   16:06     W
17   8.5  14.0   14:19   3.4   05:16   9.8   0.0   0.0   0.8  10.0   17:26   WSW
18   9.5  13.8   14:52   6.4   01:25   8.8   0.0   0.4   2.3  20.0   14:15   WSW
19   9.6  16.3   15:43   6.3   06:08   8.7   0.0   0.0   2.1  16.0   14:23   WSW
20   9.6  12.2   13:30   7.2   23:31   8.7   0.0   3.2   4.1  23.0   14:00   WSW
21   8.0  11.9   13:43   5.5   06:16  10.3   0.0   5.8   2.8  18.0   16:08   WSW
22   6.1  11.3   15:00   3.2   06:01  12.2   0.0   2.4   2.5  17.0   12:02   WSW
23   4.6  10.0   11:27   0.3   23:59  13.7   0.0   1.8   1.1  10.0   10:00   NNE
24   4.6  10.4   13:24  -2.5   05:57  13.7   0.0   0.6   1.0  10.0   13:45    NW
25   5.8   7.6   11:34   2.5   21:40  12.5   0.0   7.2   0.9  11.0   15:44   ENE
26   3.4   8.5   13:02  -0.1   04:45  14.9   0.0   1.0   0.8  12.0   11:52    NE
27   4.6  10.1   13:09   0.1   02:56  13.7   0.0   0.6   1.4  13.0   14:43     E
28   7.5  13.2   13:19   2.9   01:57  10.8   0.0   0.2   2.3  14.0   12:46   ENE
29  12.7  19.4   14:17   7.4   00:00   5.7   0.1   0.0   2.3  16.0   14:43   ENE
30  13.2  19.8   13:44   5.5   05:07   5.0   0.1   0.0   0.7  11.0   14:26   NNE
31  13.3  17.4   15:11  10.4   07:16   5.0   0.0   1.0   0.4   6.0   13:54    NW
----------------------------------------------------------------------------------
     7.8  19.8    30    -2.5    24   326.3   0.4  35.2   1.3  23.0    20       W

Max >=  27.0:  0
Max <=   0.0:  0
Min <=   0.0:  6
Min <= -18.0:  0
Max Rain: 8.0 on day 2
Days of Rain: 18 (>= 0.2 mm)  6 (>= 2.0 mm)  0 (>= 20.0 mm)
Heat Base: 18.3  Cool Base: 18.3  Method: Integration