NOAA Style Reports for Camberley

camberley weather

Select a Year or Month report

Report for 2014 Feb
                   Monthly Climatological Summary for Feb 2014

Name: camberley weather   City: Camberley   County: Surrey   Country: UK, England
Elevation: 268 ft  Lat: N 51° 19' 55"   Lon: W 000° 45' 12"

                  Temperature (°C), Rain (mm), Wind Speed (kts)

                                      Heat  Cool        Avg
    Mean                              Deg   Deg         Wind                 Dom
Day Temp  High   Time   Low    Time   Days  Days  Rain  Speed High   Time    Dir
----------------------------------------------------------------------------------
 1   6.6   9.3   00:44   3.6   08:08  11.7   0.0  11.8   3.4  20.0   12:35   WSW
 2   6.7   9.7   15:16   4.3   21:44  11.6   0.0   0.0   1.9  14.0   10:56   WSW
 3   5.8   7.4   13:08   4.2   00:47  12.5   0.0   0.6   1.5  13.0   16:03   NNW
 4   5.9   8.2   14:50   2.6   06:29  12.4   0.0   6.2   2.0  14.0   19:17   WNW
 5   7.4   9.4   15:33   5.4   00:21  10.9   0.0   7.8   4.2  19.0   10:02     W
 6   7.2   9.6   18:16   5.4   14:21  11.1   0.0  10.0   1.9  18.0   02:29   WSW
 7   7.1   9.4   14:50   3.2   07:05  11.2   0.0   9.0   2.3  17.0   13:20   WSW
 8   7.3   8.8   13:04   5.7   11:26  11.0   0.0   9.0   4.0  21.0   09:42   WSW
 9   6.0   8.3   13:47   3.7   19:33  12.3   0.0   0.2   4.1  26.0   08:14   WSW
10   4.6   8.9   12:48   0.9   23:58  13.7   0.0   0.8   0.4  12.0   13:10    SW
11   4.7   8.1   14:39   0.8   00:00  13.6   0.0   4.4   2.3  21.0   10:52   WSW
12   5.6   8.4   15:47   2.3   00:39  12.7   0.0  11.4   4.0  23.0   15:00   WSW
13   4.8   7.4   14:59   2.9   23:57  13.5   0.0   0.0   2.9  18.0   01:08   WSW
14   6.2  11.6   16:49   1.7   03:38  12.1   0.0  11.6   3.6  31.0   23:07   WSW
15   7.4   9.7   13:48   4.3   23:25  10.9   0.0   1.2   5.4  30.0   00:59   WSW
16   5.0  10.3   15:23   1.0   06:24  13.3   0.0   0.2   0.8  10.0   13:21   WSW
17   7.2  10.6   14:59   3.4   00:13  11.1   0.0   2.2   1.3  11.0   14:33     W
18   7.4  10.3   16:05   3.1   23:53  10.9   0.0   7.2   0.4   9.0   12:34    SW
19   6.9  10.2   16:40   2.7   00:32  11.4   0.0   1.6   0.8  10.0   23:47   WSW
20   9.1  12.5   14:19   4.6   23:54   9.2   0.0   2.8   2.5  20.0   13:47   WSW
21   5.8  10.2   14:30   2.3   06:11  12.5   0.0   0.0   2.4  17.0   11:22   WSW
22   7.3  11.7   15:20   4.0   06:35  11.0   0.0   0.0   2.5  12.0   13:07   WSW
23   9.9  12.0   14:16   7.9   00:57   8.4   0.0   0.0   3.5  20.0   12:15   WSW
24   9.5  12.8   12:16   6.7   06:09   8.8   0.0   3.6   1.7  17.0   23:29   WSW
25   7.7  10.2   00:00   5.1   23:12  10.6   0.0   4.6   2.2  15.0   01:08    SW
26   5.8  11.9   15:13   1.1   05:53  12.5   0.0   0.2   1.1  11.0   10:50   WSW
27   6.4  11.1   12:48   1.4   23:56  11.9   0.0   3.4   1.9  14.0   01:00   WSW
28   4.7   9.2   11:51   1.1   00:14  13.6   0.0   8.4   0.7  12.0   13:02     E
----------------------------------------------------------------------------------
     6.6  12.8    24     0.8    11   326.4   0.0 118.2   2.4  31.0    14     WSW

Max >=  27.0:  0
Max <=   0.0:  0
Min <=   0.0:  0
Min <= -18.0:  0
Max Rain: 11.8 on day 1
Days of Rain: 23 (>= 0.2 mm)  16 (>= 2.0 mm)  0 (>= 20.0 mm)
Heat Base: 18.3  Cool Base: 18.3  Method: Integration