NOAA Style Reports for Camberley

camberley weather

Select a Year or Month report
V/Λ2018 > Jan Feb Mar Apr May Jun Jul Aug Sep Oct Nov Dec
V/Λ2017 > Jan Feb Mar Apr May Jun Jul Aug Sep Oct Nov Dec
V/Λ2016 > Jan Feb Mar Apr May Jun Jul Aug Sep Oct Nov Dec
V/Λ2015 > Jan Feb Mar Apr May Jun Jul Aug Sep Oct Nov Dec
V/Λ2014 > Jan Feb Mar Apr May Jun Jul Aug Sep Oct Nov Dec
V/Λ2013 > Jan Feb Mar Apr May Jun Jul Aug Sep Oct Nov Dec
V/Λ2012 > Jan Feb Mar Apr May Jun Jul Aug Sep Oct Nov Dec
V/Λ2011 > Jan Feb Mar Apr May Jun Jul Aug Sep Oct Nov Dec

Report for 2014 Jan
                   Monthly Climatological Summary for Jan 2014

Name: camberley weather   City: Camberley   County: Surrey   Country: UK, England
Elevation: 268 ft  Lat: N 51° 19' 55"   Lon: W 000° 45' 12"

                  Temperature (°C), Rain (mm), Wind Speed (kts)

                                      Heat  Cool        Avg
    Mean                              Deg   Deg         Wind                 Dom
Day Temp  High   Time   Low    Time   Days  Days  Rain  Speed High   Time    Dir
----------------------------------------------------------------------------------
 1   8.4  10.2   18:47   5.7   02:13   9.9   0.0  22.4   3.1  18.0   16:49   WSW
 2   8.2  10.4   14:26   5.5   08:33  10.1   0.0   3.8   2.2  13.0   21:13   WSW
 3   7.9  10.3   01:38   5.8   12:51  10.4   0.0   8.4   3.7  25.0   12:34   WSW
 4   6.4   8.6   08:49   2.3   23:33  11.9   0.0  18.6   1.5  17.0   08:42   WSW
 5   4.6  12.1   23:55  -0.8   06:13  13.7   0.0   5.8   1.3  14.0   22:06     W
 6  10.4  12.2   00:03   8.2   08:02   7.9   0.0  11.4   4.1  21.0   21:08   WSW
 7   9.6  11.2   14:42   7.4   23:41   8.7   0.0  11.2   3.4  21.0   07:51   WSW
 8   9.1  11.4   23:23   7.4   00:00   9.2   0.0   2.4   1.8  11.0   04:17   WSW
 9   7.8  11.5   00:49   3.4   23:32  10.5   0.0   2.8   2.5  19.0   04:51   WSW
10   5.3   9.8   13:00   0.6   07:42  13.0   0.0   1.2   0.6  10.0   13:36    SW
11   4.7   8.5   13:52  -1.9   23:50  13.6   0.0   2.0   0.4  10.0   03:49   WSW
12   3.3   9.3   23:03  -2.8   01:38  15.0   0.0   2.2   0.8  14.0   23:23   WNW
13   5.7   8.1   12:11   3.9   08:46  12.6   0.0   3.6   1.0  16.0   16:37   WSW
14   3.3   6.9   13:45  -1.3   08:15  15.0   0.0   3.4   0.3  10.0   23:13   WSW
15   9.2  10.6   11:59   6.1   00:00   9.1   0.0   3.8   1.8  11.0   11:47   WSW
16   7.5   9.8   00:00   5.3   07:24  10.8   0.0  11.8   1.5  13.0   00:24   WSW
17   6.6   8.7   14:13   4.9   21:48  11.7   0.0  10.8   1.4  14.0   06:06    SW
18   7.8   9.5   13:44   6.5   00:00  10.5   0.0   3.2   1.0   8.0   12:40    NW
19   5.4   8.7   14:35   1.0   23:10  12.9   0.0   0.0   0.5   8.0   12:04   WSW
20   3.2   9.1   13:53  -0.1   04:58  15.1   0.0   0.2   0.0   2.0   11:50   ---
21   4.0   7.7   14:38   0.2   08:01  14.3   0.0   0.4   0.6   8.0   11:59    NW
22   7.3   9.8   13:24   4.6   23:59  11.0   0.0   7.4   0.5   7.0   13:27     W
23   4.2   8.0   13:47   1.3   03:33  14.1   0.0   1.0   0.7  16.0   10:10     S
24   4.9   7.4   14:25   0.6   00:59  13.4   0.0   4.0   0.5   8.0   15:47    NW
25   7.7  11.9   14:14   3.3   23:14  10.6   0.0   2.0   1.5  23.0   16:27    SW
26   4.9   9.8   14:35   1.9   23:40  13.4   0.0   6.4   1.7  19.0   16:40   WSW
27   4.1   7.8   13:18   1.6   01:31  14.2   0.0   2.2   2.4  17.0   12:05   WSW
28   5.6   8.9   11:49   4.1   07:08  12.7   0.0   2.6   1.1  12.0   13:51   WSW
29   3.7   4.9   00:30   2.4   17:56  14.6   0.0  10.2   1.2   9.0   11:33   ESE
30   3.5   5.4   13:24   2.5   05:20  14.8   0.0   1.4   0.3  10.0   05:20   ENE
31   5.0   9.1   23:07   1.6   07:13  13.3   0.0  11.4   1.7  15.0   15:58     W
----------------------------------------------------------------------------------
     6.1  12.2     6    -2.8    12   378.0   0.0 178.0   1.5  25.0     3     WSW

Max >=  27.0:  0
Max <=   0.0:  0
Min <=   0.0:  5
Min <= -18.0:  0
Max Rain: 22.4 on day 1
Days of Rain: 30 (>= 0.2 mm)  25 (>= 2.0 mm)  1 (>= 20.0 mm)
Heat Base: 18.3  Cool Base: 18.3  Method: Integration