NOAA Style Reports for Camberley

camberley weather

Select a Year or Month report
V/Λ2018 > Jan Feb Mar Apr May Jun Jul Aug Sep Oct Nov Dec
V/Λ2017 > Jan Feb Mar Apr May Jun Jul Aug Sep Oct Nov Dec
V/Λ2016 > Jan Feb Mar Apr May Jun Jul Aug Sep Oct Nov Dec
V/Λ2015 > Jan Feb Mar Apr May Jun Jul Aug Sep Oct Nov Dec
V/Λ2014 > Jan Feb Mar Apr May Jun Jul Aug Sep Oct Nov Dec
V/Λ2013 > Jan Feb Mar Apr May Jun Jul Aug Sep Oct Nov Dec
V/Λ2012 > Jan Feb Mar Apr May Jun Jul Aug Sep Oct Nov Dec
V/Λ2011 > Jan Feb Mar Apr May Jun Jul Aug Sep Oct Nov Dec

Report for 2013 Dec
                   Monthly Climatological Summary for Dec 2013

Name: camberley weather   City: Camberley   County: Surrey   Country: UK, England
Elevation: 268 ft  Lat: N 51° 19' 55"   Lon: W 000° 45' 12"

                  Temperature (°C), Rain (mm), Wind Speed (kts)

                                      Heat  Cool        Avg
    Mean                              Deg   Deg         Wind                 Dom
Day Temp  High   Time   Low    Time   Days  Days  Rain  Speed High   Time    Dir
----------------------------------------------------------------------------------
 1   4.4   8.9   13:58  -1.1   02:19  13.9   0.0   0.0   0.0   3.0   12:18   ENE
 2   6.9   9.6   10:47   4.2   22:19  11.4   0.0   0.0   0.1   4.0   12:22     E
 3   5.2   5.8   03:07   4.4   21:02  13.1   0.0   0.0   0.0   4.0   04:50    SW
 4   4.3   7.7   13:11  -1.9   22:52  14.0   0.0   0.2   0.1   8.0   12:32    NE
 5   4.3  10.0   15:19  -2.6   02:49  14.0   0.0   0.4   2.2  26.0   13:31   WSW
 6   4.1   8.6   14:37  -1.6   07:53  14.2   0.0   0.0   0.3   9.0   19:46    SE
 7   6.9   8.9   13:34   4.8   01:45  11.4   0.0   0.0   0.8   8.0   11:45   WSW
 8   7.0  10.8   13:13   3.0   08:17  11.3   0.0   0.2   1.2  12.0   11:35   WSW
 9   6.1  11.4   14:55   3.1   22:28  12.2   0.0   0.2   0.2   6.0   13:31   WSW
10   3.9   9.3   13:36  -0.9   04:07  14.4   0.0   0.4   0.0   4.0   13:37   WSW
11   2.4   6.2   13:19   0.2   05:34  15.9   0.0   0.2   0.0   3.0   10:46   ESE
12   6.1   9.2   23:30   1.2   00:00  12.2   0.0   0.2   0.2   7.0   11:53   WSW
13   9.8  11.9   12:28   6.4   23:53   8.5   0.0   2.2   1.3  10.0   11:11   WSW
14   7.4  11.0   14:35   1.6   06:21  10.9   0.0   1.6   2.2  18.0   20:43   WSW
15  10.6  12.1   21:06   6.0   08:15   7.7   0.0   8.4   2.6  19.0   21:46   WSW
16  10.7  12.6   13:13   6.7   23:34   7.6   0.0  11.4   2.2  17.0   00:33   WSW
17   4.9   6.7   00:00   3.7   08:10  13.4   0.0   5.4   0.1   7.0   00:25   ENE
18   7.7   9.7   21:58   4.1   05:27  10.6   0.0  10.8   2.5  21.0   21:23   WSW
19   5.6   8.9   14:10   1.6   23:23  12.7   0.0   4.6   1.5  16.0   18:42   WSW
20   6.2  10.2   22:12   1.4   03:19  12.1   0.0   0.2   2.7  20.0   22:04   WSW
21  10.3  11.4   19:12   8.3   23:51   8.0   0.0   9.6   4.4  22.0   17:05   WSW
22   7.4   9.6   12:14   4.2   23:20  10.9   0.0   0.2   2.8  18.0   17:01   WSW
23   8.7  11.3   21:32   3.8   04:24   9.6   0.0  27.8   4.4  29.0   23:50    SW
24   7.4  11.1   00:00   4.4   23:56  10.9   0.0  19.2   2.8  24.0   00:08   WSW
25   3.7   6.0   11:24   2.5   04:54  14.6   0.0   4.6   0.4  10.0   01:09    SW
26   3.0   7.1   22:14  -0.9   06:14  15.3   0.0   0.8   0.4  17.0   22:18   WSW
27   8.5  11.0   04:20   5.8   22:08   9.8   0.0   4.4   4.0  25.0   04:16   WSW
28   4.1   8.1   14:34  -1.2   23:09  14.2   0.0   0.0   0.9  11.0   11:00   WSW
29   2.4   8.1   23:44  -2.2   01:54  15.9   0.0   0.2   0.6  14.0   23:17   WSW
30   7.9   9.9   12:26   4.4   21:39  10.4   0.0   9.8   2.9  20.0   10:42   WSW
31   7.3  10.3   10:37   4.4   19:56  11.0   0.0   6.4   1.5  17.0   23:08   WSW
----------------------------------------------------------------------------------
     6.3  12.6    16    -2.6     5   372.1   0.0 129.4   1.5  29.0    23     WSW

Max >=  27.0:  0
Max <=   0.0:  0
Min <=   0.0:  8
Min <= -18.0:  0
Max Rain: 27.8 on day 23
Days of Rain: 25 (>= 0.2 mm)  13 (>= 2.0 mm)  1 (>= 20.0 mm)
Heat Base: 18.3  Cool Base: 18.3  Method: Integration