NOAA style

NOAA Style Reports for Camberley

camberley weather

Select a Year or Month report
V/Λ2018 > Jan Feb Mar Apr May Jun Jul Aug Sep Oct Nov Dec
V/Λ2017 > Jan Feb Mar Apr May Jun Jul Aug Sep Oct Nov Dec
V/Λ2016 > Jan Feb Mar Apr May Jun Jul Aug Sep Oct Nov Dec
V/Λ2015 > Jan Feb Mar Apr May Jun Jul Aug Sep Oct Nov Dec
V/Λ2014 > Jan Feb Mar Apr May Jun Jul Aug Sep Oct Nov Dec
V/Λ2013 > Jan Feb Mar Apr May Jun Jul Aug Sep Oct Nov Dec
V/Λ2012 > Jan Feb Mar Apr May Jun Jul Aug Sep Oct Nov Dec
V/Λ2011 > Jan Feb Mar Apr May Jun Jul Aug Sep Oct Nov Dec

Report for 2013 Nov
                   Monthly Climatological Summary for Nov 2013

Name: camberley weather   City: Camberley   County: Surrey   Country: UK, England
Elevation: 268 ft  Lat: N 51° 19' 55"   Lon: W 000° 45' 12"

                  Temperature (°C), Rain (mm), Wind Speed (kts)

                                      Heat  Cool        Avg
    Mean                              Deg   Deg         Wind                 Dom
Day Temp  High   Time   Low    Time   Days  Days  Rain  Speed High   Time    Dir
----------------------------------------------------------------------------------
 1  11.9  13.9   12:19   9.9   23:48   6.4   0.0   3.0   1.1  12.0   03:12    SW
 2  10.7  14.6   12:25   8.8   08:00   7.6   0.0   0.2   2.3  21.0   17:59    SW
 3   8.4  11.3   12:39   6.8   05:33   9.9   0.0   9.8   2.6  18.0   12:01    SW
 4   6.0  10.2   14:55   1.9   22:31  12.3   0.0   7.0   1.0  14.0   03:35   ENE
 5   8.3  12.1   12:24   1.8   00:33  10.0   0.0   5.0   1.5  14.0   13:28    SW
 6  12.2  15.2   14:37   8.9   01:07   6.1   0.0   2.0   2.2  19.0   21:49    SW
 7   9.2  14.1   00:00   4.8   23:55   9.1   0.0   0.0   0.4  16.0   00:20    SW
 8   6.2  10.1   12:53   3.8   06:36  12.1   0.0   7.6   0.2   9.0   16:50    SW
 9   4.6   7.2   14:17   1.1   07:19  13.6   0.0   7.2   0.2   7.0   00:53    SW
10   4.7   9.6   14:53   0.8   20:29  13.6   0.0   0.8   0.3   9.0   11:25    NE
11   9.5  12.9   22:02   2.2   00:00   8.8   0.0   2.2   1.0  10.0   08:14    SW
12   8.9  12.8   00:42   1.1   23:32   9.4   0.0   1.8   0.4  10.0   05:50    NE
13   4.6  10.5   13:38  -1.5   07:02  13.7   0.0   0.2   0.6  12.0   23:30    SW
14   6.9   9.1   10:38   3.2   23:07  11.4   0.0   0.0   1.5  14.0   01:26   ENE
15   3.3   9.3   14:21  -0.3   23:51  15.0   0.0   0.0   0.3   9.0   14:37    NE
16   3.6   8.4   12:42  -2.3   07:08  14.7   0.0   0.2   0.1   5.0   11:56   ESE
17   7.8   9.2   13:54   6.5   03:42  10.5   0.0   0.0   0.1   4.0   10:40     E
18   7.8   9.9   13:01   5.3   23:49  10.5   0.0   0.6   0.1  10.0   17:50   ENE
19   1.5   5.6   14:00  -3.5   23:08  16.8   0.0   0.0   0.4   9.0   09:52    NE
20   2.3   7.2   11:39  -4.4   02:31  16.0   0.0   5.2   1.1  17.0   08:26    SW
21   4.4   7.8   14:23   2.1   23:51  13.8   0.0   1.6   1.7  14.0   09:32   ENE
22   3.5   7.5   13:45   0.3   01:52  13.6   0.0   0.0   0.9  12.0   14:29    NE
23   3.9   6.8   12:12   0.6   07:54  14.1   0.0   0.2   0.4   8.0   13:44    NE
24   5.4   7.6   12:32   3.2   21:11  12.9   0.0   0.2   0.5  10.0   16:27    NE
25   4.7   6.4   13:19   3.3   03:49  13.6   0.0   0.2   0.3   6.0   04:47    NE
26   3.4   7.6   15:09  -1.9   07:48  14.9   0.0   0.0   0.0   4.0   13:46    NE
27   7.3  10.0   14:01   5.2   02:52  11.0   0.0   0.4   0.0   3.0   00:14   WSW
28   8.0   9.3   13:16   7.2   23:37  10.3   0.0   0.0   0.0   3.0   08:53     E
29   7.8  10.0   12:11   5.6   23:49  10.5   0.0   0.0   1.1  10.0   08:08     S
30   5.0   7.8   13:03   0.0   23:59  13.3   0.0   0.0   0.7  10.0   06:25    NE
----------------------------------------------------------------------------------
     6.4  15.2     6    -4.4    20   355.5   0.0  55.4   0.8  21.0     2     SSW

Max >=  27.0:  0
Max <=   0.0:  0
Min <=   0.0:  7
Min <= -18.0:  0
Max Rain: 9.8 on day 3
Days of Rain: 20 (>= 0.2 mm)  9 (>= 2.0 mm)  0 (>= 20.0 mm)
Heat Base: 18.3  Cool Base: 18.3  Method: Integration