NOAA style

NOAA Style Reports for Camberley

camberley weather

Select a Year or Month report
V/Λ2018 > Jan Feb Mar Apr May Jun Jul Aug Sep Oct Nov Dec
V/Λ2017 > Jan Feb Mar Apr May Jun Jul Aug Sep Oct Nov Dec
V/Λ2016 > Jan Feb Mar Apr May Jun Jul Aug Sep Oct Nov Dec
V/Λ2015 > Jan Feb Mar Apr May Jun Jul Aug Sep Oct Nov Dec
V/Λ2014 > Jan Feb Mar Apr May Jun Jul Aug Sep Oct Nov Dec
V/Λ2013 > Jan Feb Mar Apr May Jun Jul Aug Sep Oct Nov Dec
V/Λ2012 > Jan Feb Mar Apr May Jun Jul Aug Sep Oct Nov Dec
V/Λ2011 > Jan Feb Mar Apr May Jun Jul Aug Sep Oct Nov Dec

Report for 2013 Oct
                   Monthly Climatological Summary for Oct 2013

Name: camberley weather   City: Camberley   County: Surrey   Country: UK, England
Elevation: 268 ft  Lat: N 51° 19' 55"   Lon: W 000° 45' 12"

                  Temperature (°C), Rain (mm), Wind Speed (kts)

                                      Heat  Cool        Avg
    Mean                              Deg   Deg         Wind                 Dom
Day Temp  High   Time   Low    Time   Days  Days  Rain  Speed High   Time    Dir
----------------------------------------------------------------------------------
 1  13.9  16.4   13:23  10.8   05:11   4.4   0.0   0.0   1.4  10.0   09:48   ESE
 2  15.8  21.0   15:35  13.3   03:24   2.7   0.3   2.4   0.7   8.0   02:32    NE
 3  16.1  18.6   17:20  13.4   02:21   2.2   0.0   0.6   1.0  10.0   12:14     N
 4  17.1  19.9   15:50  14.6   22:37   1.4   0.2   0.2   1.7  13.0   13:46   WSW
 5  14.9  18.9   13:44  11.2   23:59   3.4   0.0   0.2   0.1   6.0   11:12   ENE
 6  12.0  19.9   16:08   5.3   07:12   6.4   0.1   0.0   0.3   9.0   14:29    SW
 7  14.0  19.9   15:49   8.1   02:27   4.4   0.1   0.2   0.5   9.0   12:48    SW
 8  15.8  19.7   13:54  12.2   07:02   2.7   0.2   0.0   0.6   8.0   10:55    SW
 9  12.9  17.1   12:52   7.3   23:48   5.4   0.0   0.0   1.0  13.0   19:36     E
10   8.4  11.3   14:55   5.8   02:12   9.9   0.0   0.0   2.1  13.0   08:11    NE
11  10.6  13.3   12:27   7.3   03:30   7.7   0.0   6.2   2.7  16.0   21:29   ENE
12  10.8  14.2   15:14   7.1   21:56   7.5   0.0   3.2   1.2  13.0   00:15   ENE
13   9.5  10.8   08:37   8.1   21:44   8.8   0.0  13.0   0.7   8.0   13:37     E
14   8.9  11.6   15:55   7.9   05:47   9.4   0.0   6.4   1.1  10.0   08:59    SW
15   8.7  13.3   16:31   5.2   23:49   9.6   0.0   0.0   0.3   7.0   12:06     E
16  10.0  16.9   15:49   3.6   02:45   8.3   0.0   2.4   1.3  13.0   17:31   WSW
17  13.3  18.2   17:00  10.1   22:03   5.0   0.0   2.0   1.4  12.0   06:13    SW
18  13.4  17.0   14:15   9.6   06:24   4.9   0.0   0.2   0.8  12.0   18:31     N
19  14.7  17.8   15:08  12.0   23:44   3.6   0.0   0.8   1.1  14.0   19:59    SW
20  13.5  16.3   12:54  11.8   08:42   4.8   0.0  11.8   1.9  13.0   07:48    SW
21  15.3  17.3   22:26  13.2   00:46   3.0   0.0   1.6   2.2  15.0   12:27    SW
22  15.6  18.7   15:58  12.5   21:37   2.7   0.0   8.8   1.6  13.0   12:45   WSW
23  13.1  16.4   14:40   6.5   23:40   5.2   0.0   5.8   2.2  20.0   12:29    SW
24  10.7  16.6   14:25   4.8   03:14   7.6   0.0   0.4   0.7  13.0   23:16   ENE
25  15.2  17.7   14:53  12.8   01:39   3.1   0.0   2.2   2.3  16.0   17:07    SW
26  14.7  16.1   11:01  13.9   20:08   3.6   0.0   5.2   3.1  20.0   22:30    SW
27  13.0  15.8   13:18  10.4   06:55   5.5   0.0  17.0   3.1  22.0   15:19    SW
28  11.6  15.7   02:32   8.1   18:05   6.7   0.0  18.4   3.6  25.0   05:27    SW
29   8.3  12.9   14:08   5.0   23:59  10.0   0.0   0.0   1.3  12.0   13:24    SW
30   8.6  14.2   15:03   1.8   05:37   9.7   0.0   0.2   1.3  14.0   23:24    SW
31  12.1  12.5   03:38  11.3   08:26   6.2   0.0   1.8   1.5  10.0   00:14    SW
----------------------------------------------------------------------------------
    12.7  21.0     2     1.8    30   175.8   0.9 111.0   1.4  25.0    28      SW

Max >=  27.0:  0
Max <=   0.0:  0
Min <=   0.0:  0
Min <= -18.0:  0
Max Rain: 18.4 on day 28
Days of Rain: 24 (>= 0.2 mm)  14 (>= 2.0 mm)  0 (>= 20.0 mm)
Heat Base: 18.3  Cool Base: 18.3  Method: Integration