NOAA style

NOAA Style Reports for Camberley

camberley weather

Select a Year or Month report
V/Λ2018 > Jan Feb Mar Apr May Jun Jul Aug Sep Oct Nov Dec
V/Λ2017 > Jan Feb Mar Apr May Jun Jul Aug Sep Oct Nov Dec
V/Λ2016 > Jan Feb Mar Apr May Jun Jul Aug Sep Oct Nov Dec
V/Λ2015 > Jan Feb Mar Apr May Jun Jul Aug Sep Oct Nov Dec
V/Λ2014 > Jan Feb Mar Apr May Jun Jul Aug Sep Oct Nov Dec
V/Λ2013 > Jan Feb Mar Apr May Jun Jul Aug Sep Oct Nov Dec
V/Λ2012 > Jan Feb Mar Apr May Jun Jul Aug Sep Oct Nov Dec
V/Λ2011 > Jan Feb Mar Apr May Jun Jul Aug Sep Oct Nov Dec

Report for 2013 Sep
                   Monthly Climatological Summary for Sep 2013

Name: camberley weather   City: Camberley   County: Surrey   Country: UK, England
Elevation: 268 ft  Lat: N 51° 19' 55"   Lon: W 000° 45' 12"

                  Temperature (°C), Rain (mm), Wind Speed (kts)

                                      Heat  Cool        Avg
    Mean                              Deg   Deg         Wind                 Dom
Day Temp  High   Time   Low    Time   Days  Days  Rain  Speed High   Time    Dir
----------------------------------------------------------------------------------
 1  13.9  22.2   16:07   6.4   06:55   4.9   0.6   0.0   0.9  10.0   15:34    SW
 2  17.4  26.0   16:16   9.6   05:22   2.9   2.0   0.0   0.8   9.0   13:27    SE
 3  17.7  25.6   17:12  11.2   06:43   2.4   1.8   0.0   0.1   6.0   13:01   SSW
 4  18.7  29.2   16:20  10.0   06:28   2.7   3.1   0.0   0.5   7.0   18:08     W
 5  19.0  29.8   16:05  10.7   06:04   2.5   3.3   0.0   0.4  10.0   18:10   SSW
 6  14.4  18.8   17:16  12.0   22:18   3.9   0.0   0.8   0.5   9.0   15:31    SW
 7  12.6  18.3   15:09   9.0   22:31   5.7   0.0   2.2   0.9  14.0   14:38   WSW
 8  11.3  16.3   11:08   6.7   06:31   7.0   0.0   1.6   0.7  11.0   14:13   WSW
 9  11.1  15.8   12:03   6.8   01:41   7.2   0.0   5.2   0.2   7.0   14:16     E
10  12.2  16.4   16:15   7.6   04:44   6.1   0.0   0.2   1.0  11.0   16:23   ENE
11  13.4  16.8   13:12  10.8   04:48   4.9   0.0   3.4   0.9   9.0   10:10   ENE
12  14.9  20.3   16:42  11.8   02:29   3.5   0.1   1.4   0.1   4.0   12:34    SW
13  16.7  19.4   11:37  13.3   23:59   1.7   0.1  17.0   0.5   9.0   22:17    SW
14  10.4  13.3   00:00   6.9   23:59   7.9   0.0   1.2   0.7  11.0   00:42   ENE
15  10.4  15.4   20:26   3.6   06:16   7.9   0.0   1.8   1.9  19.0   16:33    SW
16  10.4  14.9   13:25   6.5   06:48   7.9   0.0   0.0   1.6  17.0   12:00   SSW
17  11.0  15.2   19:53   7.3   00:01   7.3   0.0   7.6   0.9  13.0   20:29    SW
18  11.7  16.0   15:11   5.8   23:54   6.6   0.0   1.2   0.6  10.0   18:24   ENE
19  11.1  17.9   17:25   4.4   02:31   7.2   0.0   0.4   1.1  15.0   12:28    SW
20  12.5  20.1   16:28   6.7   05:36   5.9   0.1   0.0   0.3   7.0   12:41   SSE
21  14.0  18.8   14:29   8.2   01:11   4.3   0.0   0.0   0.7   9.0   11:53    SW
22  17.0  21.4   17:53  13.3   23:51   1.6   0.3   0.0   0.1   4.0   02:53   SSW
23  15.5  20.3   17:16  11.0   23:49   2.9   0.1   0.0   0.1   4.0   18:25     E
24  14.1  22.7   15:42   7.9   04:33   4.8   0.5   0.2   0.1   4.0   14:19   WNW
25  16.7  23.0   15:53  12.8   07:11   2.4   0.8   3.2   0.1   5.0   12:49    SW
26  15.2  19.5   16:42  11.7   23:58   3.2   0.0   0.4   0.9   9.0   11:01     E
27  13.1  17.9   15:31   9.9   07:00   5.2   0.0   0.0   1.2  10.0   10:00   ESE
28  14.5  18.2   14:02  11.7   00:00   3.8   0.0   0.0   2.2  17.0   18:01   ESE
29  14.9  19.0   14:57  13.0   04:49   3.5   0.0   0.0   1.9  12.0   00:44   ESE
30  14.7  18.3   15:56  12.2   23:39   3.6   0.0   0.0   1.2  10.0   16:09   ESE
----------------------------------------------------------------------------------
    14.0  29.8     5     3.6    15   141.4  12.8  47.8   0.8  19.0    15     SSE

Max >=  27.0:  2
Max <=   0.0:  0
Min <=   0.0:  0
Min <= -18.0:  0
Max Rain: 17.0 on day 13
Days of Rain: 16 (>= 0.2 mm)  6 (>= 2.0 mm)  0 (>= 20.0 mm)
Heat Base: 18.3  Cool Base: 18.3  Method: Integration