NOAA style

NOAA Style Reports for Camberley

camberley weather

Select a Year or Month report
V/Λ2018 > Jan Feb Mar Apr May Jun Jul Aug Sep Oct Nov Dec
V/Λ2017 > Jan Feb Mar Apr May Jun Jul Aug Sep Oct Nov Dec
V/Λ2016 > Jan Feb Mar Apr May Jun Jul Aug Sep Oct Nov Dec
V/Λ2015 > Jan Feb Mar Apr May Jun Jul Aug Sep Oct Nov Dec
V/Λ2014 > Jan Feb Mar Apr May Jun Jul Aug Sep Oct Nov Dec
V/Λ2013 > Jan Feb Mar Apr May Jun Jul Aug Sep Oct Nov Dec
V/Λ2012 > Jan Feb Mar Apr May Jun Jul Aug Sep Oct Nov Dec
V/Λ2011 > Jan Feb Mar Apr May Jun Jul Aug Sep Oct Nov Dec

Report for 2013 Aug
                   Monthly Climatological Summary for Aug 2013

Name: camberley weather   City: Camberley   County: Surrey   Country: UK, England
Elevation: 268 ft  Lat: N 51° 19' 55"   Lon: W 000° 45' 12"

                  Temperature (°C), Rain (mm), Wind Speed (kts)

                                      Heat  Cool        Avg
    Mean                              Deg   Deg         Wind                 Dom
Day Temp  High   Time   Low    Time   Days  Days  Rain  Speed High   Time    Dir
----------------------------------------------------------------------------------
 1  24.5  32.9   16:39  16.6   05:17   0.3   6.5   0.0   1.4  12.0   17:57   WNW
 2  20.0  25.6   16:00  16.5   03:16   0.4   2.1   0.8   2.1  12.0   15:44    SW
 3  18.6  23.9   15:09  14.5   05:43   1.3   1.5   0.0   2.1  14.0   14:01    SW
 4  18.4  22.9   14:51  13.9   04:24   1.3   1.5   0.0   1.8  16.0   17:26   WSW
 5  17.8  21.9   10:57  14.4   23:57   1.2   0.7  15.2   0.9  11.0   11:11   WSW
 6  16.5  22.6   15:38   9.8   06:05   2.8   1.0   0.2   0.3   6.0   11:59   ENE
 7  17.0  22.7   17:56  11.3   05:56   2.3   1.1   0.0   0.9  10.0   10:13     E
 8  17.7  24.6   14:48   9.2   06:05   2.4   1.9   0.0   0.9  12.0   17:54    SW
 9  18.9  24.9   14:25  15.4   23:57   1.0   1.6   0.8   1.3  11.0   15:50   SSE
10  16.8  23.3   17:10  11.1   05:58   2.5   1.0   0.0   0.7  10.0   11:48     S
11  18.2  23.2   17:12  13.7   23:59   1.3   1.2   0.0   1.4  11.0   12:51    SW
12  15.9  22.1   14:52  10.8   05:21   2.9   0.5   0.0   0.9  10.0   12:29   ESE
13  14.0  20.5   13:41   7.8   06:00   4.4   0.2   0.0   0.7  13.0   11:19   ESE
14  15.7  22.5   14:10   8.9   06:00   3.3   0.7   1.2   0.8  10.0   13:18    SW
15  19.1  23.6   17:01  16.2   05:29   0.7   1.6   0.2   1.8  13.0   12:09    SW
16  18.5  24.3   16:32  15.2   23:57   0.8   1.1   1.2   1.3  10.0   01:18    SW
17  15.9  19.8   12:30  12.5   04:43   2.5   0.1   0.8   2.0  16.0   21:50    SW
18  18.1  22.8   13:39  14.2   23:57   1.1   0.9   0.6   1.7  10.0   00:22    SW
19  16.3  22.9   15:35   9.7   06:34   2.9   0.9   0.0   0.7   9.0   19:05     E
20  17.0  25.2   17:10   9.6   04:38   3.0   1.8   0.0   0.4   8.0   15:05   WSW
21  18.6  27.2   17:07  10.4   05:30   2.4   2.6   0.6   0.7  10.0   12:25   WSW
22  19.2  25.3   17:18  15.7   06:27   0.9   1.8  10.2   0.4   7.0   15:56   NNE
23  20.4  26.7   14:09  14.8   05:47   0.9   2.9   0.2   0.7  10.0   01:14     E
24  16.6  18.4   00:00  15.5   23:56   1.7   0.0   3.4   0.7  11.0   13:56   ENE
25  17.0  24.3   17:21  12.1   04:10   2.5   1.3   1.2   1.2  11.0   15:08   ENE
26  19.1  25.8   16:18  14.9   06:45   1.3   2.0   0.0   0.7   9.0   13:17   ENE
27  15.9  23.3   16:45   9.3   06:25   3.5   1.1   0.0   0.6   8.0   14:37   ENE
28  16.3  25.7   17:24   8.1   06:06   3.6   1.6   0.0   0.3   6.0   14:57     E
29  17.7  24.3   16:24  11.9   04:24   2.0   1.5   0.0   0.7  10.0   14:32     S
30  18.5  25.2   17:24  13.3   05:21   1.5   1.7   0.0   1.2  12.0   15:31    SW
31  15.9  20.7   15:29  10.3   23:09   2.7   0.3   0.0   1.0  10.0   13:52   ENE
----------------------------------------------------------------------------------
    17.7  32.9     1     7.8    13    61.4  44.7  36.6   1.0  16.0     4      SW

Max >=  27.0:  2
Max <=   0.0:  0
Min <=   0.0:  0
Min <= -18.0:  0
Max Rain: 15.2 on day 5
Days of Rain: 14 (>= 0.2 mm)  3 (>= 2.0 mm)  0 (>= 20.0 mm)
Heat Base: 18.3  Cool Base: 18.3  Method: Integration