NOAA style

NOAA Style Reports for Camberley

camberley weather

Select a Year or Month report
V/Λ2018 > Jan Feb Mar Apr May Jun Jul Aug Sep Oct Nov Dec
V/Λ2017 > Jan Feb Mar Apr May Jun Jul Aug Sep Oct Nov Dec
V/Λ2016 > Jan Feb Mar Apr May Jun Jul Aug Sep Oct Nov Dec
V/Λ2015 > Jan Feb Mar Apr May Jun Jul Aug Sep Oct Nov Dec
V/Λ2014 > Jan Feb Mar Apr May Jun Jul Aug Sep Oct Nov Dec
V/Λ2013 > Jan Feb Mar Apr May Jun Jul Aug Sep Oct Nov Dec
V/Λ2012 > Jan Feb Mar Apr May Jun Jul Aug Sep Oct Nov Dec
V/Λ2011 > Jan Feb Mar Apr May Jun Jul Aug Sep Oct Nov Dec

Report for 2013 Jul
                   Monthly Climatological Summary for Jul 2013

Name: camberley weather   City: Camberley   County: Surrey   Country: UK, England
Elevation: 268 ft  Lat: N 51° 19' 55"   Lon: W 000° 45' 12"

                  Temperature (°C), Rain (mm), Wind Speed (kts)

                                      Heat  Cool        Avg
    Mean                              Deg   Deg         Wind                 Dom
Day Temp  High   Time   Low    Time   Days  Days  Rain  Speed High   Time    Dir
----------------------------------------------------------------------------------
 1  16.3  21.4   18:07  12.6   05:48   2.4   0.4   0.0   1.4  12.0   11:28    SW
 2  13.9  17.2   14:13   9.9   04:22   4.4   0.0   0.0   1.3  11.0   17:18   WSW
 3  16.3  20.7   15:36  12.9   23:59   2.3   0.3   1.2   1.5  12.0   00:45   SSW
 4  17.7  24.4   17:39  11.4   01:31   2.1   1.5   0.0   1.5  12.0   14:29    SW
 5  18.5  27.5   16:33   9.8   05:00   2.5   2.7   0.0   0.6   7.0   16:50    NE
 6  20.1  29.2   16:54  10.3   05:10   2.0   3.7   0.0   0.4   7.0   15:20   WSW
 7  21.9  29.4   15:40  13.4   05:07   1.0   4.6   0.0   1.1  10.0   11:11     E
 8  20.8  27.7   15:26  13.6   04:41   1.0   3.5   0.0   1.5  13.0   15:47     E
 9  19.7  27.2   17:30  12.0   05:55   1.6   2.9   0.0   1.4  10.0   14:03     E
10  18.2  24.8   17:01  11.8   04:46   2.1   2.0   0.0   1.6  14.0   13:57   ENE
11  16.1  23.7   16:59   9.6   02:26   3.3   1.1   0.0   1.5  10.0   03:36     E
12  17.8  25.8   17:38  11.2   02:13   2.5   2.0   0.0   0.6   7.0   11:57     E
13  22.6  31.7   17:21  13.4   05:12   1.1   5.5   0.0   0.6   9.0   11:32    NE
14  23.3  29.9   15:04  16.6   05:13   0.2   5.2   0.0   0.6   9.0   14:35   ENE
15  23.4  31.2   17:23  15.1   05:19   0.3   5.4   0.0   0.5   8.0   11:38     E
16  23.4  31.2   15:53  15.9   04:29   0.4   5.4   0.0   0.6   7.0   13:17   WSW
17  23.3  32.4   15:55  15.1   05:33   0.4   5.4   0.0   0.4  10.0   18:21   SSW
18  23.0  29.4   17:08  16.6   03:29   0.1   4.8   0.0   1.3  10.0   13:48     E
19  21.5  29.0   15:58  13.4   04:05   1.0   4.2   0.0   1.7  13.0   10:23     E
20  19.7  24.7   16:54  15.1   05:44   0.5   1.9   0.0   1.9  14.0   11:39     E
21  20.8  28.4   17:22  15.8   05:05   0.5   3.1   0.0   1.5  10.0   09:14     E
22  24.3  32.5   14:13  16.8   05:34   0.2   6.2   0.0   1.0  10.0   16:22   WSW
23  22.5  29.6   14:56  16.9   23:56   0.0   4.2   0.6   0.8  10.0   12:56   WSW
24  19.7  26.6   14:31  13.9   05:12   1.2   2.6   0.0   1.3  12.0   14:29    SW
25  19.8  25.5   16:15  14.8   23:49   0.6   2.1   6.8   1.2  14.0   15:57   WSW
26  19.6  27.3   17:00  11.9   05:45   1.6   3.0   0.0   0.7  10.0   17:42    SW
27  18.8  28.3   15:10  11.9   05:42   2.0   2.5   4.0   0.5  10.0   18:44     E
28  18.6  24.0   14:12  13.8   05:13   1.2   1.5   2.2   2.3  16.0   13:58   WSW
29  18.1  23.3   15:50  14.9   23:52   1.3   1.2   6.4   2.0  17.0   12:46    SW
30  16.9  21.5   17:41  14.1   04:08   1.9   0.5   1.4   1.1  10.0   18:46   WSW
31  18.7  23.3   15:06  15.3   04:39   0.8   1.2   0.0   1.5  12.0   15:24    SW
----------------------------------------------------------------------------------
    19.8  32.5    22     9.6    11    42.5  90.6  22.6   1.2  17.0    29       S

Max >=  27.0: 17
Max <=   0.0:  0
Min <=   0.0:  0
Min <= -18.0:  0
Max Rain: 6.8 on day 25
Days of Rain: 7 (>= 0.2 mm)  4 (>= 2.0 mm)  0 (>= 20.0 mm)
Heat Base: 18.3  Cool Base: 18.3  Method: Integration