NOAA style

NOAA Style Reports for Camberley

camberley weather

Select a Year or Month report
V/Λ2018 > Jan Feb Mar Apr May Jun Jul Aug Sep Oct Nov Dec
V/Λ2017 > Jan Feb Mar Apr May Jun Jul Aug Sep Oct Nov Dec
V/Λ2016 > Jan Feb Mar Apr May Jun Jul Aug Sep Oct Nov Dec
V/Λ2015 > Jan Feb Mar Apr May Jun Jul Aug Sep Oct Nov Dec
V/Λ2014 > Jan Feb Mar Apr May Jun Jul Aug Sep Oct Nov Dec
V/Λ2013 > Jan Feb Mar Apr May Jun Jul Aug Sep Oct Nov Dec
V/Λ2012 > Jan Feb Mar Apr May Jun Jul Aug Sep Oct Nov Dec
V/Λ2011 > Jan Feb Mar Apr May Jun Jul Aug Sep Oct Nov Dec

Report for 2013 Jun
                   Monthly Climatological Summary for Jun 2013

Name: camberley weather   City: Camberley   County: Surrey   Country: UK, England
Elevation: 268 ft  Lat: N 51° 19' 55"   Lon: W 000° 45' 12"

                  Temperature (°C), Rain (mm), Wind Speed (kts)

                                      Heat  Cool        Avg
    Mean                              Deg   Deg         Wind                 Dom
Day Temp  High   Time   Low    Time   Days  Days  Rain  Speed High   Time    Dir
----------------------------------------------------------------------------------
 1  13.7  18.8   16:34   9.2   05:27   4.6   0.0   0.0   1.5  14.0   09:51   ENE
 2  12.9  18.4   14:51   5.6   05:06   5.4   0.0   0.0   0.9   9.0   12:32   ENE
 3  13.4  20.1   16:21   5.2   04:17   5.1   0.2   0.0   1.4  14.0   17:08     E
 4  13.5  21.8   16:30   4.9   05:24   5.4   0.6   0.0   1.7  16.0   14:03     E
 5  14.1  22.6   16:59   8.1   03:41   4.7   0.6   0.0   1.5  10.0   10:27     E
 6  15.3  23.6   16:36   8.2   05:19   4.1   1.0   0.0   1.5  11.0   12:26     E
 7  14.7  21.4   17:26   9.7   05:03   4.0   0.4   0.6   1.7  15.0   16:29     E
 8  13.4  18.6   17:07   7.9   04:37   4.9   0.0   0.0   2.3  14.0   15:23     E
 9  12.4  16.4   17:29   9.9   05:46   5.9   0.0   0.0   1.9  11.0   00:18     E
10  12.0  17.1   16:19   6.7   04:04   6.3   0.0   0.0   0.3   6.0   14:08   SSW
11  13.1  17.7   17:12   7.2   01:14   5.2   0.0   0.0   1.2  12.0   18:44   WSW
12  14.6  16.1   11:35  12.9   00:00   3.7   0.0   2.4   2.9  17.0   17:16    SW
13  13.8  17.3   17:31  10.4   23:55   4.5   0.0   0.2   3.1  23.0   15:30    SW
14  13.4  19.0   17:05   6.9   04:40   4.9   0.0   0.0   1.7  13.0   16:24   WSW
15  13.2  15.9   17:56   9.6   05:43   5.1   0.0   4.6   3.1  17.0   09:12    SW
16  13.8  18.7   16:54  10.7   04:41   4.5   0.0   0.2   1.3  11.0   00:19   WSW
17  16.0  20.9   16:45  11.7   04:33   2.7   0.4   0.4   1.8  14.0   20:43     E
18  17.3  21.6   17:50  13.0   05:22   1.7   0.7   0.0   0.6  10.0   00:30   ESE
19  19.8  26.1   14:36  14.6   04:01   1.1   2.6   0.0   0.6   8.0   23:35   ENE
20  17.8  20.1   16:28  14.2   23:48   0.8   0.3   0.0   0.8   8.0   00:41    SE
21  16.6  22.0   15:15  12.8   01:14   2.4   0.7   0.0   1.5  12.0   18:17    SW
22  13.9  17.3   12:31  11.3   04:57   4.4   0.0   2.8   3.2  19.0   12:08    SW
23  14.0  17.2   13:00  11.0   23:59   4.3   0.0   1.2   2.6  18.0   13:01    SW
24  13.0  16.5   15:07   8.7   05:18   5.3   0.0   0.0   1.0  10.0   08:46     E
25  14.5  21.4   16:25   7.8   05:34   4.0   0.2   0.0   0.4   6.0   14:04     E
26  15.2  21.4   17:08   6.7   05:13   3.8   0.7   0.0   0.6   8.0   17:00   ESE
27  14.6  19.9   15:07  10.4   04:47   3.9   0.2   2.0   0.9  10.0   11:07     E
28  16.1  22.3   16:37  11.7   00:00   2.7   0.5   1.8   0.9  15.0   16:44   SSW
29  17.4  23.3   17:03  12.6   06:45   1.9   1.0   0.0   1.1  11.0   11:20     E
30  19.2  26.7   15:27  12.9   05:12   1.5   2.5   0.0   1.6  14.0   15:48    SW
----------------------------------------------------------------------------------
    14.8  26.7    30     4.9     4   118.8  12.6  16.2   1.5  23.0    13     SSE

Max >=  27.0:  0
Max <=   0.0:  0
Min <=   0.0:  0
Min <= -18.0:  0
Max Rain: 4.6 on day 15
Days of Rain: 10 (>= 0.2 mm)  4 (>= 2.0 mm)  0 (>= 20.0 mm)
Heat Base: 18.3  Cool Base: 18.3  Method: Integration