NOAA Style Reports for Camberley

camberley weather

Select a Year or Month report
V/Λ2018 > Jan Feb Mar Apr May Jun Jul Aug Sep Oct Nov Dec
V/Λ2017 > Jan Feb Mar Apr May Jun Jul Aug Sep Oct Nov Dec
V/Λ2016 > Jan Feb Mar Apr May Jun Jul Aug Sep Oct Nov Dec
V/Λ2015 > Jan Feb Mar Apr May Jun Jul Aug Sep Oct Nov Dec
V/Λ2014 > Jan Feb Mar Apr May Jun Jul Aug Sep Oct Nov Dec
V/Λ2013 > Jan Feb Mar Apr May Jun Jul Aug Sep Oct Nov Dec
V/Λ2012 > Jan Feb Mar Apr May Jun Jul Aug Sep Oct Nov Dec
V/Λ2011 > Jan Feb Mar Apr May Jun Jul Aug Sep Oct Nov Dec

Report for 2013 May
                   Monthly Climatological Summary for May 2013

Name: camberley weather   City: Camberley   County: Surrey   Country: UK, England
Elevation: 268 ft  Lat: N 51° 19' 55"   Lon: W 000° 45' 12"

                  Temperature (°C), Rain (mm), Wind Speed (kts)

                                      Heat  Cool        Avg
    Mean                              Deg   Deg         Wind                 Dom
Day Temp  High   Time   Low    Time   Days  Days  Rain  Speed High   Time    Dir
----------------------------------------------------------------------------------
 1   9.4  17.2   16:42   2.4   04:08   8.9   0.0   0.0   1.2  10.0   13:42     E
 2  10.8  19.2   17:18   1.8   05:00   7.5   0.0   0.0   1.0  12.0   12:41     E
 3  11.5  19.5   15:22   1.5   06:01   6.9   0.1   0.0   1.2  11.0   13:40    SW
 4  11.6  16.8   15:07   6.9   05:15   6.7   0.0   0.2   2.5  18.0   15:31   WSW
 5  13.0  19.1   17:07   5.4   03:47   5.3   0.0   0.0   0.7   7.0   11:16    SW
 6  15.2  23.3   16:31   7.5   05:53   4.1   1.0   0.0   0.6   7.0   15:33   WSW
 7  15.4  24.3   16:02   4.8   05:30   4.3   1.4   0.0   0.7   8.0   10:04    NW
 8  12.9  16.7   15:52   8.6   23:57   5.4   0.0   1.6   1.7  17.0   13:08   WSW
 9   9.6  13.9   13:54   5.7   03:57   8.7   0.0   1.8   3.5  21.0   16:22    SW
10  11.8  16.6   15:42   7.8   23:57   6.5   0.0   0.8   3.1  18.0   13:21   WSW
11   9.1  13.5   13:08   4.2   23:45   9.2   0.0   5.4   2.2  18.0   15:00   WSW
12   9.0  13.9   12:57   3.6   05:16   9.3   0.0   1.8   2.0  14.0   18:56   WSW
13  10.9  14.6   14:01   7.7   23:54   7.4   0.0   1.0   3.0  17.0   08:42    SW
14   8.2  10.7   10:17   6.4   05:12  10.1   0.0   9.6   2.0  13.0   23:58   WSW
15   8.3  14.6   18:01   4.8   23:54  10.0   0.0   0.0   2.3  19.0   03:53   WSW
16   9.2  16.9   18:05   0.4   05:48   9.1   0.0   0.0   0.4   8.0   16:18   WSW
17   8.6  12.2   13:54   2.7   05:41   9.7   0.0   0.0   0.8  11.0   16:11   ENE
18  11.7  16.7   16:39   7.1   03:01   6.5   0.0   0.0   0.5   8.0   13:02   ENE
19  13.5  19.4   16:46   7.4   03:43   4.8   0.0   0.0   1.1  10.0   09:57   ENE
20  13.5  17.1   15:58   9.4   05:24   4.8   0.0   0.8   1.3  10.0   12:54   ENE
21  13.5  15.3   00:00  11.6   23:18   4.8   0.0   0.0   1.2  10.0   15:40    NE
22  11.3  15.7   17:58   7.7   23:52   7.0   0.0   0.0   1.2   9.0   17:54   ENE
23   7.0  11.0   11:30   4.1   23:58  11.3   0.0   3.0   1.3  16.0   16:02   ENE
24   5.9   7.9   12:18   3.5   01:05  12.4   0.0   8.2   1.4  16.0   18:23     E
25   9.5  15.6   16:43   4.4   04:41   8.8   0.0   0.2   1.2  10.0   01:48    NE
26  12.0  19.9   16:54   2.9   05:35   6.5   0.1   0.0   1.0  10.0   11:22     S
27  11.3  17.4   15:23   2.9   05:18   7.0   0.0   0.0   2.0  21.0   14:17   WSW
28   9.6  10.9   16:45   8.3   23:58   8.7   0.0  17.2   0.3   4.0   07:21    SE
29  10.0  13.6   11:24   4.8   05:39   8.3   0.0   0.4   0.6   6.0   16:36   ENE
30  12.2  14.9   15:48  10.7   05:47   6.1   0.0   6.0   1.0   8.0   09:33    NE
31  15.3  21.8   16:34   9.9   03:42   3.6   0.6   0.0   1.1   9.0   13:06   ENE
----------------------------------------------------------------------------------
    11.0  24.3     7     0.4    16   229.7   3.2  58.0   1.4  21.0     9      SW

Max >=  27.0:  0
Max <=   0.0:  0
Min <=   0.0:  0
Min <= -18.0:  0
Max Rain: 17.2 on day 28
Days of Rain: 15 (>= 0.2 mm)  6 (>= 2.0 mm)  0 (>= 20.0 mm)
Heat Base: 18.3  Cool Base: 18.3  Method: Integration