NOAA Style Reports for Camberley

camberley weather

Select a Year or Month report
V/Λ2018 > Jan Feb Mar Apr May Jun Jul Aug Sep Oct Nov Dec
V/Λ2017 > Jan Feb Mar Apr May Jun Jul Aug Sep Oct Nov Dec
V/Λ2016 > Jan Feb Mar Apr May Jun Jul Aug Sep Oct Nov Dec
V/Λ2015 > Jan Feb Mar Apr May Jun Jul Aug Sep Oct Nov Dec
V/Λ2014 > Jan Feb Mar Apr May Jun Jul Aug Sep Oct Nov Dec
V/Λ2013 > Jan Feb Mar Apr May Jun Jul Aug Sep Oct Nov Dec
V/Λ2012 > Jan Feb Mar Apr May Jun Jul Aug Sep Oct Nov Dec
V/Λ2011 > Jan Feb Mar Apr May Jun Jul Aug Sep Oct Nov Dec

Report for 2013 Mar
                   Monthly Climatological Summary for Mar 2013

Name: camberley weather   City: Camberley   County: Surrey   Country: UK, England
Elevation: 268 ft  Lat: N 51° 19' 55"   Lon: W 000° 45' 12"

                  Temperature (°C), Rain (mm), Wind Speed (kts)

                                      Heat  Cool        Avg
    Mean                              Deg   Deg         Wind                 Dom
Day Temp  High   Time   Low    Time   Days  Days  Rain  Speed High   Time    Dir
----------------------------------------------------------------------------------
 1   3.8   6.2   11:58   1.6   03:31  14.4   0.0   0.8   1.2  10.0   12:31     E
 2   1.8   4.4   14:21  -3.6   23:58  16.4   0.0   0.0   0.7   8.0   01:48     E
 3   1.6   6.7   15:14  -4.9   04:21  16.7   0.0   0.0   0.7  10.0   20:29   ESE
 4   4.0  11.0   15:20  -0.1   06:08  14.3   0.0   0.0   1.3  10.0   09:22   ESE
 5   6.8  16.0   14:35  -1.9   06:29  11.5   0.0   0.0   0.5   7.0   14:19   NNW
 6   9.7  14.2   14:43   5.4   02:56   8.6   0.0   0.2   0.9   7.0   14:36   ESE
 7   8.5   9.9   13:28   7.0   05:18   9.8   0.0   7.2   1.2   8.0   06:27   ESE
 8   9.2  10.4   16:02   8.3   23:39   9.1   0.0   8.8   0.3   5.0   08:31     E
 9   6.2   8.3   00:00   3.1   23:29  12.1   0.0   0.2   0.3   7.0   21:39   ENE
10   2.0   3.6   11:28   0.3   23:40  16.3   0.0   0.0   2.2  17.0   22:23     E
11  -0.8   0.4   00:22  -2.6   23:19  19.1   0.0   0.0   3.9  21.0   15:12     E
12   0.3   4.4   14:46  -2.8   01:46  18.0   0.0   0.0   2.7  21.0   09:32     E
13   2.0   6.8   13:24  -3.2   23:56  16.3   0.0   0.0   0.8   8.0   12:23    NE
14   1.3   7.9   15:08  -4.6   07:03  17.0   0.0   0.0   0.4   7.0   12:20   NNE
15   5.7   8.6   11:27   1.3   00:00  12.6   0.0   6.6   2.5  18.0   15:31    SW
16   6.1   8.7   14:26   3.6   17:51  12.2   0.0  12.8   2.8  15.0   06:29   WSW
17   3.1   6.2   12:08  -1.5   23:31  15.2   0.0   5.6   0.4   9.0   10:11     W
18   2.6   7.2   13:32  -2.1   03:06  15.7   0.0  11.6   0.1   4.0   09:49   ESE
19   4.4   9.9   14:12   0.8   23:07  13.9   0.0   0.8   0.4   8.0   14:20     E
20   3.2   6.4   14:07   0.8   03:09  15.1   0.0   0.0   0.6   9.0   19:46   ENE
21   3.7   6.7   13:25   1.4   05:58  14.6   0.0   5.0   2.2  15.0   15:16   ESE
22   3.4   6.9   12:33   1.7   06:21  14.9   0.0   9.4   3.4  17.0   11:23   ESE
23   0.9   2.7   00:00   0.3   07:06  17.4   0.0  19.6   2.6  14.0   01:10     E
24  -0.1   0.7   00:00  -0.9   14:43  18.4   0.0   0.8   2.4  17.0   13:52     E
25   0.3   0.9   11:29  -0.2   05:59  18.0   0.0   0.0   2.4  17.0   13:18     E
26   0.5   1.5   11:34  -0.2   03:25  17.8   0.0   0.2   2.0  15.0   04:27     E
27   1.3   4.6   12:44  -1.2   05:40  17.0   0.0   0.8   1.6  13.0   15:26     E
28   1.4   3.9   12:17  -2.2   05:29  16.9   0.0   0.0   1.0  10.0   12:27     E
29   1.6   6.4   15:04  -3.4   02:57  16.7   0.0   0.0   1.3  10.0   09:26   ESE
30   1.9   5.4   14:16  -1.4   22:37  16.4   0.0   0.0   1.1  10.0   09:16     E
31   1.4   5.6   13:55  -3.5   04:19  16.1   0.0   0.0   1.3  10.0   13:15   ESE
----------------------------------------------------------------------------------
     3.2  16.0     5    -4.9     3   468.5   0.0  90.4   1.5  21.0    11       E

Max >=  27.0:  0
Max <=   0.0:  0
Min <=   0.0: 18
Min <= -18.0:  0
Max Rain: 19.6 on day 23
Days of Rain: 16 (>= 0.2 mm)  9 (>= 2.0 mm)  0 (>= 20.0 mm)
Heat Base: 18.3  Cool Base: 18.3  Method: Integration