NOAA Style Reports for Camberley

camberley weather

Select a Year or Month report

Report for 2013 Feb
                   Monthly Climatological Summary for Feb 2013

Name: camberley weather   City: Camberley   County: Surrey   Country: UK, England
Elevation: 268 ft  Lat: N 51° 19' 55"   Lon: W 000° 45' 12"

                  Temperature (°C), Rain (mm), Wind Speed (kts)

                                      Heat  Cool        Avg
    Mean                              Deg   Deg         Wind                 Dom
Day Temp  High   Time   Low    Time   Days  Days  Rain  Speed High   Time    Dir
----------------------------------------------------------------------------------
 1   5.0   7.7   02:24   2.4   20:44  13.3   0.0   6.2   0.7  11.0   00:26   WSW
 2   2.7   5.7   15:33  -3.1   23:42  15.6   0.0   0.0   1.2  11.0   15:02    NE
 3   4.4   9.1   17:22  -3.4   01:08  13.9   0.0   0.0   1.6  14.0   10:38   WSW
 4   8.4  10.6   13:56   5.7   22:44   9.9   0.0   0.0   2.8  17.0   15:48   WSW
 5   4.1   6.1   00:28   1.7   06:30  14.2   0.0   1.0   2.9  21.0   00:46   WSW
 6   3.9   5.7   00:00   1.3   23:16  14.4   0.0   1.4   2.0  16.0   19:48    NE
 7   1.9   5.0   12:18  -2.4   06:50  16.4   0.0   0.2   0.4   8.0   12:20    SE
 8   2.2   5.4   14:32  -1.6   05:52  16.1   0.0   0.2   0.4   8.0   12:20    NE
 9   1.9   3.1   14:08   0.3   04:19  16.4   0.0   2.6   0.0   4.0   17:14     W
10   3.4   5.1   09:07   0.9   23:42  14.9   0.0  14.0   1.2  12.0   17:08    NE
11   0.6   1.2   13:31   0.2   04:54  17.7   0.0   3.6   0.9   9.0   17:27     E
12   0.6   1.4   12:04   0.1   04:10  17.7   0.0   0.0   0.5   8.0   08:39   ENE
13   1.3   4.3   23:49  -0.2   05:35  17.0   0.0   0.8   0.9  10.0   22:36    NW
14   7.3  11.1   13:45   2.3   23:56  11.0   0.0   3.2   1.1  10.0   00:23   WSW
15   4.0  10.2   15:41  -1.3   06:31  14.3   0.0   0.0   0.1   7.0   12:55   NNE
16   5.5   9.8   15:28   0.9   23:59  12.8   0.0   0.0   0.0   4.0   14:33   WSW
17   3.3  10.4   13:44  -2.4   05:26  15.0   0.0   0.2   0.8  10.0   14:05     E
18   3.5   9.4   15:39  -0.4   23:56  14.8   0.0   0.2   0.8  11.0   11:46     E
19   2.1  11.4   15:12  -4.1   06:31  16.2   0.0   0.0   0.0   3.0   11:17   WSW
20   2.4   5.7   13:55   0.4   20:01  15.9   0.0   0.2   1.8  13.0   10:46   ESE
21   0.6   2.3   13:20  -1.6   05:39  17.7   0.0   0.0   2.2  14.0   10:20   ESE
22   0.3   1.4   11:37  -0.4   06:19  18.0   0.0   0.0   1.9  13.0   14:42     E
23   0.2   2.1   12:48  -1.9   22:56  18.0   0.0   0.0   1.0  11.0   13:02   ENE
24   0.4   1.7   14:46  -1.1   00:00  17.8   0.0   0.0   1.0   8.0   10:27    NE
25   2.3   3.4   12:09   0.3   00:00  16.0   0.0   0.0   1.5  14.0   20:18   ENE
26   3.2   4.1   13:52   1.9   01:39  15.1   0.0   0.8   1.5  11.0   06:50     E
27   2.7   6.1   16:16   1.2   07:04  15.6   0.0   0.2   1.3  11.0   08:46     E
28   3.6   7.9   15:30  -0.8   05:03  14.7   0.0   0.0   1.3  11.0   13:57     E
----------------------------------------------------------------------------------
     2.9  11.4    19    -4.1    19   430.4   0.0  34.8   1.1  21.0     5       E

Max >=  27.0:  0
Max <=   0.0:  0
Min <=   0.0: 14
Min <= -18.0:  0
Max Rain: 14.0 on day 10
Days of Rain: 15 (>= 0.2 mm)  5 (>= 2.0 mm)  0 (>= 20.0 mm)
Heat Base: 18.3  Cool Base: 18.3  Method: Integration