NOAA style

NOAA Style Reports for Camberley

camberley weather

Select a Year or Month report
V/Λ2018 > Jan Feb Mar Apr May Jun Jul Aug Sep Oct Nov Dec
V/Λ2017 > Jan Feb Mar Apr May Jun Jul Aug Sep Oct Nov Dec
V/Λ2016 > Jan Feb Mar Apr May Jun Jul Aug Sep Oct Nov Dec
V/Λ2015 > Jan Feb Mar Apr May Jun Jul Aug Sep Oct Nov Dec
V/Λ2014 > Jan Feb Mar Apr May Jun Jul Aug Sep Oct Nov Dec
V/Λ2013 > Jan Feb Mar Apr May Jun Jul Aug Sep Oct Nov Dec
V/Λ2012 > Jan Feb Mar Apr May Jun Jul Aug Sep Oct Nov Dec
V/Λ2011 > Jan Feb Mar Apr May Jun Jul Aug Sep Oct Nov Dec

Report for 2013 Jan
                   Monthly Climatological Summary for Jan 2013

Name: camberley weather   City: Camberley   County: Surrey   Country: UK, England
Elevation: 268 ft  Lat: N 51° 19' 55"   Lon: W 000° 45' 12"

                  Temperature (°C), Rain (mm), Wind Speed (kts)

                                      Heat  Cool        Avg
    Mean                              Deg   Deg         Wind                 Dom
Day Temp  High   Time   Low    Time   Days  Days  Rain  Speed High   Time    Dir
----------------------------------------------------------------------------------
 1   4.9   8.4   00:00   1.0   23:58  13.4   0.0   1.0   0.8   9.0   13:28   WSW
 2   6.2  10.4   22:14   0.9   00:01  12.1   0.0   0.4   0.9  10.0   14:29   WSW
 3  10.1  11.2   13:56   8.8   04:39   8.2   0.0   0.0   1.5  14.0   13:47   WSW
 4   9.0   9.8   00:00   7.4   23:51   9.3   0.0   0.0   1.1   9.0   01:07   WSW
 5   8.8  10.3   12:11   5.7   23:36   9.5   0.0   0.0   0.9   9.0   12:58   WSW
 6   6.8   8.3   19:15   4.9   01:38  11.5   0.0   0.2   0.4   8.0   19:45   WSW
 7   7.6   8.9   23:09   6.4   04:34  10.7   0.0   0.2   0.8   6.0   21:51    SW
 8   9.5  10.8   12:18   8.0   07:30   8.8   0.0   1.8   1.2   9.0   02:21   WSW
 9   6.0   9.4   02:57  -1.3   23:56  12.3   0.0   2.2   0.1   5.0   08:09   ENE
10   2.5   4.3   14:48  -1.8   00:11  15.8   0.0   0.2   0.1   4.0   08:50     E
11   3.3   6.3   13:23   1.3   22:44  15.0   0.0   0.2   0.0   3.0   21:13     E
12   2.9   3.7   12:29   1.7   00:00  15.4   0.0   3.8   2.3  17.0   08:34   ESE
13   1.2   3.1   00:32  -1.1   08:39  17.1   0.0   0.0   0.7   9.0   03:29     E
14   0.4   2.4   15:52  -1.3   01:13  17.9   0.0   2.8   0.3  10.0   20:37   NNE
15   0.2   2.9   15:25  -3.7   23:52  18.1   0.0   0.8   0.6  12.0   03:24    NE
16  -2.2   1.3   13:24  -4.4   01:50  20.5   0.0   0.0   0.3   5.0   04:40     E
17  -0.9   1.4   21:56  -4.1   03:30  19.2   0.0   0.0   0.2   5.0   16:52   ESE
18  -0.9   1.4   00:02  -2.2   10:35  19.2   0.0   0.0   1.7  12.0   06:53     E
19  -0.8   0.2   12:48  -1.6   22:24  19.1   0.0   0.0   1.2  11.0   21:26     E
20  -1.3  -0.1   15:15  -2.2   08:39  19.6   0.0   0.0   0.5  11.0   00:46   ENE
21  -0.7   3.3   14:48  -4.0   23:32  19.0   0.0   0.0   0.1   4.0   12:09   WSW
22  -1.0   1.6   13:30  -4.7   03:25  19.3   0.0   1.0   1.5  11.0   18:01   ESE
23   1.0   1.8   12:35   0.6   05:16  17.3   0.0   4.6   1.6  13.0   14:22   ESE
24   0.6   1.4   12:13  -0.7   06:57  17.7   0.0   0.6   0.3   5.0   00:18     E
25   1.1   2.9   21:14  -0.4   02:07  17.2   0.0   3.0   0.9  10.0   14:16   NNW
26   5.0   8.4   15:11   1.6   08:46  13.3   0.0   3.8   1.4  14.0   23:16   WSW
27   7.2  10.1   05:19   3.7   16:57  11.1   0.0   9.2   3.2  21.0   08:34   WSW
28   6.3  10.6   22:58   2.1   06:52  12.0   0.0   5.8   3.0  20.0   16:48   WSW
29  11.4  13.1   14:41   8.8   05:19   6.9   0.0   3.8   3.8  19.0   16:47   WSW
30   9.4  12.3   00:00   6.3   23:02   8.9   0.0   6.8   4.1  19.0   12:48   WSW
31   8.4  10.3   12:30   6.0   02:26   9.9   0.0   2.8   3.8  22.0   12:54   WSW
----------------------------------------------------------------------------------
     3.9  13.1    29    -4.7    22   445.3   0.0  55.0   1.3  22.0    31      SW

Max >=  27.0:  0
Max <=   0.0:  1
Min <=   0.0: 14
Min <= -18.0:  0
Max Rain: 9.2 on day 27
Days of Rain: 21 (>= 0.2 mm)  11 (>= 2.0 mm)  0 (>= 20.0 mm)
Heat Base: 18.3  Cool Base: 18.3  Method: Integration