NOAA style

NOAA Style Reports for Camberley

camberley weather

Select a Year or Month report
V/Λ2018 > Jan Feb Mar Apr May Jun Jul Aug Sep Oct Nov Dec
V/Λ2017 > Jan Feb Mar Apr May Jun Jul Aug Sep Oct Nov Dec
V/Λ2016 > Jan Feb Mar Apr May Jun Jul Aug Sep Oct Nov Dec
V/Λ2015 > Jan Feb Mar Apr May Jun Jul Aug Sep Oct Nov Dec
V/Λ2014 > Jan Feb Mar Apr May Jun Jul Aug Sep Oct Nov Dec
V/Λ2013 > Jan Feb Mar Apr May Jun Jul Aug Sep Oct Nov Dec
V/Λ2012 > Jan Feb Mar Apr May Jun Jul Aug Sep Oct Nov Dec
V/Λ2011 > Jan Feb Mar Apr May Jun Jul Aug Sep Oct Nov Dec

Report for 2012 Dec
                   Monthly Climatological Summary for Dec 2012

Name: camberley weather   City: Camberley   County: Surrey   Country: UK, England
Elevation: 268 ft  Lat: N 51° 19' 55"   Lon: W 000° 45' 12"

                  Temperature (°C), Rain (mm), Wind Speed (kts)

                                      Heat  Cool        Avg
    Mean                              Deg   Deg         Wind                 Dom
Day Temp  High   Time   Low    Time   Days  Days  Rain  Speed High   Time    Dir
----------------------------------------------------------------------------------
 1   0.1   6.1   13:56  -3.2   23:56  18.2   0.0   0.0   0.2   6.0   11:43    SW
 2  -0.3   5.0   13:45  -4.9   08:13  18.6   0.0   1.6   0.0   4.0   11:54     W
 3   6.4  10.2   10:31   2.4   21:27  11.9   0.0   2.8   1.1  13.0   05:47   WSW
 4   2.6   7.4   12:56  -1.9   22:59  15.7   0.0   0.2   0.6  10.0   11:02    SW
 5  -0.1   4.1   13:43  -3.4   03:10  18.4   0.0   0.2   0.4   9.0   11:48    NE
 6  -0.3   5.4   23:09  -5.7   05:12  18.6   0.0   2.8   0.8  17.0   23:58    SW
 7   3.9   6.6   13:44   1.3   07:26  14.4   0.0   1.6   1.7  15.0   13:07    NE
 8   3.3   6.8   14:32  -0.2   19:38  15.0   0.0   0.0   0.2   5.0   00:03    NE
 9   5.9   9.6   13:30   2.4   23:59  12.4   0.0   0.0   1.1  12.0   13:06    SW
10   2.1   4.9   13:00  -1.6   23:24  16.2   0.0   0.0   0.5   9.0   12:43    NE
11  -1.8   2.7   14:22  -4.1   07:35  20.1   0.0   0.0   0.0   3.0   07:48    NE
12  -2.6   0.6   15:05  -5.4   07:16  20.9   0.0   0.0   0.0   3.0   19:29   ESE
13  -0.8   0.7   13:49  -2.6   04:10  19.1   0.0   0.0   1.0   9.0   21:47   ESE
14   6.4  10.2   14:52   0.6   00:00  11.9   0.0   9.4   2.6  18.0   18:24   WSW
15   8.0  11.1   13:34   5.8   23:24  10.3   0.0   0.4   1.9  14.0   14:49   WSW
16   6.5  10.3   13:46   4.0   02:37  11.8   0.0   1.2   0.8  10.0   13:37   WSW
17   6.4   9.0   14:05   4.5   09:00  11.9   0.0   0.2   1.4  11.0   11:55   WSW
18   5.1   8.1   13:55   3.3   02:16  13.2   0.0   0.0   0.1   4.0   03:41   ENE
19   5.3   7.1   11:11   3.0   00:38  13.0   0.0   7.4   1.5  12.0   18:25   ENE
20   8.4  10.0   09:35   6.7   00:00   9.9   0.0  13.6   1.5  14.0   18:48     W
21   6.8   9.9   13:25   4.7   22:18  11.5   0.0   0.2   0.6  10.0   13:02   WSW
22  10.1  12.9   14:19   5.8   00:00   8.2   0.0  17.8   2.2  15.0   19:23   WSW
23  11.0  12.6   00:32   8.7   22:04   7.3   0.0   1.0   2.7  17.0   02:11   WSW
24   9.1  11.7   11:13   7.1   05:42   9.2   0.0  10.0   1.8  17.0   12:43    SW
25   7.2   8.6   13:35   5.1   23:45  11.1   0.0  16.0   1.8  14.0   08:20   WSW
26   7.2   9.9   17:27   4.1   04:59  11.1   0.0   3.6   2.5  17.0   11:16   WSW
27   6.3   8.1   12:17   4.3   23:10  12.0   0.0   5.0   1.3  13.0   09:13   WSW
28   9.1  11.7   18:50   4.4   00:00   9.2   0.0   3.6   2.2  16.0   18:49   WSW
29   9.3  11.6   02:44   5.4   23:55   9.0   0.0   4.6   3.8  23.0   01:46    SW
30   7.2  10.6   23:04   4.6   04:45  11.1   0.0   0.0   3.7  20.0   08:42   WSW
31  10.1  10.9   02:40   8.4   23:49   8.2   0.0   4.0   3.8  18.0   02:45   WSW
----------------------------------------------------------------------------------
     5.1  12.9    22    -5.7     6   409.4   0.0 107.2   1.4  23.0    29     WSW

Max >=  27.0:  0
Max <=   0.0:  0
Min <=   0.0: 10
Min <= -18.0:  0
Max Rain: 17.8 on day 22
Days of Rain: 22 (>= 0.2 mm)  13 (>= 2.0 mm)  0 (>= 20.0 mm)
Heat Base: 18.3  Cool Base: 18.3  Method: Integration