NOAA style

NOAA Style Reports for Camberley

camberley weather

Select a Year or Month report
V/Λ2018 > Jan Feb Mar Apr May Jun Jul Aug Sep Oct Nov Dec
V/Λ2017 > Jan Feb Mar Apr May Jun Jul Aug Sep Oct Nov Dec
V/Λ2016 > Jan Feb Mar Apr May Jun Jul Aug Sep Oct Nov Dec
V/Λ2015 > Jan Feb Mar Apr May Jun Jul Aug Sep Oct Nov Dec
V/Λ2014 > Jan Feb Mar Apr May Jun Jul Aug Sep Oct Nov Dec
V/Λ2013 > Jan Feb Mar Apr May Jun Jul Aug Sep Oct Nov Dec
V/Λ2012 > Jan Feb Mar Apr May Jun Jul Aug Sep Oct Nov Dec
V/Λ2011 > Jan Feb Mar Apr May Jun Jul Aug Sep Oct Nov Dec

Report for 2012 Nov
                   Monthly Climatological Summary for Nov 2012

Name: camberley weather   City: Camberley   County: Surrey   Country: UK, England
Elevation: 268 ft  Lat: N 51° 19' 55"   Lon: W 000° 45' 12"

                  Temperature (°C), Rain (mm), Wind Speed (kts)

                                      Heat  Cool        Avg
    Mean                              Deg   Deg         Wind                 Dom
Day Temp  High   Time   Low    Time   Days  Days  Rain  Speed High   Time    Dir
----------------------------------------------------------------------------------
 1   6.3   8.9   14:35   2.8   21:29  12.0   0.0   7.2   1.3  14.0   23:13    SW
 2   5.6  10.6   13:36   0.9   23:48  12.7   0.0   0.0   1.5  15.0   02:33    SW
 3   4.5   9.4   12:59   0.9   00:00  13.8   0.0   0.2   0.9  14.0   10:27    SW
 4   3.5   8.2   11:02  -1.0   23:10  14.8   0.0  17.6   0.7  12.0   12:31    SE
 5   3.4   9.2   12:38  -0.9   23:37  14.9   0.0   0.2   0.3   7.0   10:54   ENE
 6   4.2   9.8   13:08  -2.9   05:54  14.1   0.0   0.2   0.6  10.0   11:51    SW
 7   7.0   9.8   14:21   2.3   06:02  11.3   0.0   0.2   1.1  10.0   10:51   WSW
 8   9.1  13.4   13:02   7.0   22:51   9.2   0.0   0.0   1.0  11.0   11:46    SW
 9   8.5  11.1   14:37   6.9   01:04   9.8   0.0   0.2   0.5   9.0   13:49    SW
10   7.5   9.8   02:49   1.0   23:52  10.8   0.0   4.6   0.4   7.0   00:00    SW
11   3.3  10.6   14:57  -1.0   05:15  15.0   0.0   0.2   0.1   5.0   12:26    SW
12   8.0  12.0   18:40   1.7   00:59  10.3   0.0   2.6   0.8   9.0   12:19    SW
13  11.5  14.0   11:37   9.1   05:25   6.8   0.0   0.0   0.6   9.0   11:30    SW
14   9.8  14.0   14:27   5.4   22:00   8.5   0.0   0.0   0.2   4.0   12:45     E
15   6.9  10.2   15:05   4.8   19:18  11.4   0.0   0.0   0.0   3.0   00:43   ESE
16   7.3   9.7   23:25   5.6   07:44  11.0   0.0   0.4   0.3   6.0   16:52     N
17   9.4  11.7   06:59   3.9   23:58   8.9   0.0   0.4   0.4   6.0   04:23   WSW
18   2.7  10.0   14:36  -2.1   07:08  15.6   0.0   0.2   0.1   4.0   14:15   WSW
19   7.0  10.3   11:12  -0.3   02:11  11.3   0.0   0.2   1.6  12.0   11:46    SW
20  11.5  12.7   10:28  10.2   00:00   6.8   0.0   8.6   2.5  18.0   11:06   WSW
21   8.2  11.0   00:00   4.4   21:50  10.1   0.0   6.6   0.9  16.0   14:22     W
22  10.5  12.4   13:12   4.9   00:05   7.8   0.0  15.6   3.7  21.0   18:54    SW
23   6.5  11.3   14:12   3.3   23:52  11.8   0.0   3.0   0.4   9.0   00:05   WSW
24   6.2  11.0   23:58   1.1   02:49  12.0   0.0  11.6   1.5  12.0   12:34   ESE
25   9.4  11.9   00:49   6.5   08:21   8.9   0.0   4.4   3.5  23.0   04:21   WSW
26   7.4   9.9   00:04   6.1   23:46  10.9   0.0   8.8   0.3  12.0   00:42   WNW
27   6.4   7.4   10:42   5.7   23:50  11.9   0.0   2.0   1.2  10.0   13:10    NE
28   5.0   6.7   13:01   1.5   23:53  13.3   0.0   0.0   1.6  14.0   11:04    NE
29   1.1   5.7   13:25  -2.7   23:55  17.2   0.0   0.0   0.3   8.0   02:31    NE
30  -0.9   4.1   14:31  -4.1   07:51  19.2   0.0   0.2   0.0   3.0   11:47   WSW
----------------------------------------------------------------------------------
     6.6  14.0    13    -4.1    30   352.1   0.0  95.2   0.9  23.0    25      SW

Max >=  27.0:  0
Max <=   0.0:  0
Min <=   0.0:  8
Min <= -18.0:  0
Max Rain: 17.6 on day 4
Days of Rain: 23 (>= 0.2 mm)  12 (>= 2.0 mm)  0 (>= 20.0 mm)
Heat Base: 18.3  Cool Base: 18.3  Method: Integration