NOAA style

NOAA Style Reports for Camberley

camberley weather

Select a Year or Month report
V/Λ2018 > Jan Feb Mar Apr May Jun Jul Aug Sep Oct Nov Dec
V/Λ2017 > Jan Feb Mar Apr May Jun Jul Aug Sep Oct Nov Dec
V/Λ2016 > Jan Feb Mar Apr May Jun Jul Aug Sep Oct Nov Dec
V/Λ2015 > Jan Feb Mar Apr May Jun Jul Aug Sep Oct Nov Dec
V/Λ2014 > Jan Feb Mar Apr May Jun Jul Aug Sep Oct Nov Dec
V/Λ2013 > Jan Feb Mar Apr May Jun Jul Aug Sep Oct Nov Dec
V/Λ2012 > Jan Feb Mar Apr May Jun Jul Aug Sep Oct Nov Dec
V/Λ2011 > Jan Feb Mar Apr May Jun Jul Aug Sep Oct Nov Dec

Report for 2012 Oct
                   Monthly Climatological Summary for Oct 2012

Name: camberley weather   City: Camberley   County: Surrey   Country: UK, England
Elevation: 268 ft  Lat: N 51° 19' 55"   Lon: W 000° 45' 12"

                  Temperature (°C), Rain (mm), Wind Speed (kts)

                                      Heat  Cool        Avg
    Mean                              Deg   Deg         Wind                 Dom
Day Temp  High   Time   Low    Time   Days  Days  Rain  Speed High   Time    Dir
----------------------------------------------------------------------------------
 1  13.9  17.1   16:40  11.2   22:59   4.4   0.0   7.6   1.6  12.0   01:00    SW
 2  13.0  16.4   12:44  10.2   03:23   5.3   0.0   1.8   2.2  14.0   13:04    SW
 3  11.7  14.6   15:42   8.4   21:36   6.6   0.0   1.2   1.7  17.0   00:46    SW
 4  10.2  16.1   16:35   4.3   07:12   8.1   0.0   1.2   0.9  12.0   13:28    SW
 5  12.0  15.8   05:25   8.4   23:56   6.3   0.0  15.6   1.5  20.0   05:24    SW
 6   9.1  15.5   15:58   4.4   23:44   9.2   0.0   9.2   0.4   8.0   04:02   ENE
 7   7.1  13.7   15:42   1.3   06:28  11.2   0.0   0.2   0.1   4.0   14:23    SE
 8  10.8  12.7   13:53   8.8   00:00   7.5   0.0   8.6   0.8   7.0   13:59   ESE
 9  10.8  13.1   14:00   8.7   06:29   7.5   0.0   0.2   0.7   8.0   15:40     E
10  11.3  14.6   15:05   8.8   08:04   7.0   0.0   0.0   0.4   5.0   12:17     E
11  12.3  15.1   17:53   9.1   05:20   6.0   0.0   7.8   1.0  10.0   23:07    SE
12  10.5  13.4   13:25   6.7   21:39   7.8   0.0   0.4   2.0  13.0   05:53    SW
13   7.1  11.2   16:04   3.1   23:59  11.2   0.0   1.6   0.2   7.0   12:02   SSE
14   5.0  12.1   17:20  -0.6   07:46  13.3   0.0   0.2   0.3   7.0   14:46   ENE
15   8.1  14.8   16:13   0.5   03:01  10.2   0.0   1.2   0.9  12.0   13:10   WSW
16  11.1  15.2   14:37   8.1   21:57   7.2   0.0   1.8   2.4  17.0   02:45    SW
17  12.9  16.5   14:45   8.9   00:32   5.4   0.0  13.8   2.1  17.0   12:02   WSW
18  13.1  15.9   14:32  11.3   06:39   5.2   0.0   2.0   1.3  11.0   14:05   WSW
19  11.4  12.9   12:33  10.3   03:45   6.9   0.0   4.8   0.1   4.0   14:25     E
20  10.4  14.3   14:32   7.1   07:45   7.9   0.0   4.6   0.0   4.0   23:53   ESE
21  10.3  11.3   12:51   8.9   06:44   8.0   0.0   2.4   0.8  14.0   19:01     E
22  13.1  14.4   13:23  10.9   00:00   5.2   0.0   0.2   0.6   6.0   00:14     E
23  12.5  13.8   00:00  11.4   11:34   5.8   0.0   0.4   0.3   7.0   16:24     E
24  13.3  15.8   15:59  12.1   00:02   5.0   0.0   0.2   1.0  10.0   10:28     E
25  11.8  13.5   00:09   8.7   23:33   6.5   0.0   0.6   2.1  15.0   21:19     E
26   7.1   8.7   00:00   3.3   23:53  11.2   0.0   0.6   2.0  18.0   00:21   ENE
27   3.7   8.1   15:17   0.9   08:11  14.6   0.0   0.2   1.5  15.0   00:50    NE
28   4.5   8.9   15:53  -2.1   03:45  14.4   0.0   2.2   0.8  10.0   13:57    SW
29   9.1  12.5   12:01   6.3   22:26   9.2   0.0   0.6   0.8  11.0   11:39    SW
30   6.7  10.2   13:07   3.4   06:59  11.6   0.0   0.2   0.3   9.0   13:26    SW
31   8.8  11.9   12:32   4.4   01:27   9.5   0.0   6.0   2.1  17.0   18:49   WSW
----------------------------------------------------------------------------------
    10.1  17.1     1    -2.1    28   255.2   0.0  97.4   1.1  20.0     5     SSW

Max >=  27.0:  0
Max <=   0.0:  0
Min <=   0.0:  2
Min <= -18.0:  0
Max Rain: 15.6 on day 5
Days of Rain: 30 (>= 0.2 mm)  12 (>= 2.0 mm)  0 (>= 20.0 mm)
Heat Base: 18.3  Cool Base: 18.3  Method: Integration