NOAA Style Reports for Camberley

camberley weather

Select a Year or Month report

Report for 2012 Sep
                   Monthly Climatological Summary for Sep 2012

Name: camberley weather   City: Camberley   County: Surrey   Country: UK, England
Elevation: 268 ft  Lat: N 51° 19' 55"   Lon: W 000° 45' 12"

                  Temperature (°C), Rain (mm), Wind Speed (kts)

                                      Heat  Cool        Avg
    Mean                              Deg   Deg         Wind                 Dom
Day Temp  High   Time   Low    Time   Days  Days  Rain  Speed High   Time    Dir
----------------------------------------------------------------------------------
 1  16.5  23.9   14:41  12.6   02:52   2.7   1.0   0.0   0.9  12.0   17:15    SW
 2  14.9  17.9   16:04  11.3   05:30   3.4   0.0   1.0   0.5   8.0   12:24    SW
 3  18.1  25.1   16:39  12.4   06:51   1.8   1.6   0.0   0.3   7.0   16:28   SSW
 4  17.6  24.7   16:20  12.0   04:14   2.2   1.6   0.0   0.5   7.0   11:31     E
 5  14.5  21.1   16:38   9.1   06:45   4.1   0.3   0.0   0.8  11.0   10:58   ENE
 6  13.7  22.1   17:00   5.2   06:12   5.2   0.7   0.0   0.6   9.0   16:27   WSW
 7  16.5  26.7   16:28   8.2   06:58   3.8   2.0   0.0   0.5   9.0   14:17    SW
 8  15.4  27.6   15:29   5.6   06:48   5.0   2.2   0.0   0.4   7.0   15:13   WSW
 9  16.1  27.2   14:33   7.1   07:00   4.0   1.8   0.0   1.4  13.0   12:28   WSW
10  17.3  19.5   11:58  15.7   05:28   1.2   0.2   0.4   2.4  17.0   13:57    SW
11  14.6  17.6   13:40   9.2   23:37   3.7   0.0   0.2   1.7  13.0   02:13    SW
12  12.1  18.6   14:06   5.6   06:09   6.2   0.0   5.6   1.2  13.0   14:45    SW
13  12.0  19.3   16:14   4.8   06:38   6.4   0.1   0.0   0.9  12.0   17:26    SW
14  15.5  20.7   13:10   9.4   23:39   3.0   0.2   0.0   2.2  17.0   12:22    SW
15  13.9  22.8   16:34   5.9   05:35   5.2   0.8   0.0   0.7  10.0   16:03    SW
16  15.2  18.9   17:02  12.3   01:26   3.2   0.0   0.0   1.3  11.0   13:24    SW
17  14.9  18.3   15:29  11.7   03:59   3.4   0.0   0.0   1.3  10.0   14:06    SW
18  12.8  18.1   15:05   6.9   23:57   5.5   0.0   0.0   1.2  11.0   10:16     S
19   9.7  17.7   16:02   2.6   06:41   8.6   0.0   0.0   0.6  11.0   14:40     S
20  11.9  18.2   14:08   6.8   00:13   6.4   0.0   0.0   0.8  11.0   11:56    SW
21  11.8  16.4   14:32   8.1   04:40   6.5   0.0   0.8   0.3   7.0   15:18    SW
22  10.0  16.3   15:30   3.2   07:13   8.3   0.0   0.2   0.6   8.0   11:54     E
23   9.5  10.8   23:50   8.2   03:46   8.8   0.0  23.8   1.3  13.0   15:32   ESE
24  12.3  16.2   17:06  10.3   23:20   6.0   0.0  12.4   2.3  19.0   13:58    SW
25  11.6  15.2   12:36   9.1   07:22   6.7   0.0   1.4   2.2  19.0   13:03    SW
26  11.3  16.3   16:05   8.8   21:28   7.0   0.0  12.6   0.4   7.0   03:03     W
27  11.9  17.9   16:27   8.7   00:35   6.4   0.0   1.4   0.5   9.0   13:27   SSW
28  11.7  17.1   12:40   7.6   04:13   6.6   0.0   2.2   1.2  15.0   10:29   WSW
29  10.4  17.0   16:42   5.1   23:42   7.9   0.0   0.0   0.6  11.0   11:44    SE
30  11.0  16.9   13:58   3.7   04:47   7.3   0.0   0.2   1.8  16.0   15:03    SW
----------------------------------------------------------------------------------
    13.5  27.6     8     2.6    19   156.5  12.5  62.2   1.1  19.0    24      SW

Max >=  27.0:  2
Max <=   0.0:  0
Min <=   0.0:  0
Min <= -18.0:  0
Max Rain: 23.8 on day 23
Days of Rain: 13 (>= 0.2 mm)  5 (>= 2.0 mm)  1 (>= 20.0 mm)
Heat Base: 18.3  Cool Base: 18.3  Method: Integration