NOAA style

NOAA Style Reports for Camberley

camberley weather

Select a Year or Month report
V/Λ2018 > Jan Feb Mar Apr May Jun Jul Aug Sep Oct Nov Dec
V/Λ2017 > Jan Feb Mar Apr May Jun Jul Aug Sep Oct Nov Dec
V/Λ2016 > Jan Feb Mar Apr May Jun Jul Aug Sep Oct Nov Dec
V/Λ2015 > Jan Feb Mar Apr May Jun Jul Aug Sep Oct Nov Dec
V/Λ2014 > Jan Feb Mar Apr May Jun Jul Aug Sep Oct Nov Dec
V/Λ2013 > Jan Feb Mar Apr May Jun Jul Aug Sep Oct Nov Dec
V/Λ2012 > Jan Feb Mar Apr May Jun Jul Aug Sep Oct Nov Dec
V/Λ2011 > Jan Feb Mar Apr May Jun Jul Aug Sep Oct Nov Dec

Report for 2012 Aug
                   Monthly Climatological Summary for Aug 2012

Name: camberley weather   City: Camberley   County: Surrey   Country: UK, England
Elevation: 268 ft  Lat: N 51° 19' 55"   Lon: W 000° 45' 12"

                  Temperature (°C), Rain (mm), Wind Speed (kts)

                                      Heat  Cool        Avg
    Mean                              Deg   Deg         Wind                 Dom
Day Temp  High   Time   Low    Time   Days  Days  Rain  Speed High   Time    Dir
----------------------------------------------------------------------------------
 1  17.2  23.6   15:58  13.3   03:30   1.9   0.9   0.0   1.3  11.0   13:29   WSW
 2  17.2  21.4   17:31  13.8   06:04   1.7   0.6   0.8   2.0  16.0   14:27    SW
 3  16.8  22.2   17:02  11.1   05:21   2.4   0.9   0.0   1.8  13.0   14:36    SW
 4  16.3  20.8   13:15  12.8   23:52   2.4   0.4   3.0   1.5  12.0   12:07    SW
 5  15.9  22.3   17:01  10.5   03:39   2.9   0.5   2.4   0.8  10.0   13:48   WSW
 6  15.8  21.6   13:23  12.9   23:58   2.8   0.2   2.8   0.9  11.0   15:13    SW
 7  14.1  18.8   13:26   9.1   03:39   4.2   0.0   0.8   0.9  10.0   10:51    SW
 8  18.8  25.1   16:23  14.9   04:17   1.1   1.7   0.0   0.5   7.0   10:59    SW
 9  19.3  26.8   16:20  11.2   05:53   1.7   2.7   0.0   0.3   7.0   14:38     E
10  19.7  28.1   16:04  12.7   05:54   1.5   3.0   0.0   0.2   6.0   13:38    SE
11  19.0  25.1   16:47  13.8   05:59   1.2   1.9   0.0   1.5  12.0   14:50     E
12  19.2  25.8   16:28  14.7   05:12   1.3   2.1   0.0   1.2  10.0   17:16     S
13  17.7  22.1   12:20  13.9   03:20   1.5   0.8   0.4   0.8  10.0   11:42     W
14  19.8  25.9   16:11  15.7   05:31   0.6   2.1   2.0   0.8   8.0   12:52     W
15  18.5  22.1   14:13  16.4   21:48   0.5   0.7   1.2   1.7  14.0   17:55   SSW
16  18.3  22.3   16:23  15.7   03:23   0.8   0.8   0.0   2.0  14.0   14:10    SW
17  21.4  28.4   16:42  17.3   00:03   0.2   3.3   0.0   1.5  15.0   13:02   WSW
18  22.9  29.9   17:06  16.3   06:17   0.1   4.7   0.0   0.7  10.0   12:49    SW
19  22.7  31.1   16:13  15.8   06:22   0.4   4.8   0.0   0.5  10.0   18:08    SW
20  19.5  25.8   17:46  15.1   04:13   0.8   2.0   0.0   0.6  10.0   11:15    SW
21  17.5  22.2   17:19  14.4   22:54   1.7   0.9   1.4   0.6  12.0   19:01   WSW
22  16.3  22.2   15:47  11.7   05:29   2.7   0.7   0.2   1.4  11.0   11:26    SW
23  16.1  21.8   13:22  10.4   06:19   2.9   0.7   0.0   0.5   6.0   09:54   WSW
24  15.8  20.2   12:38  12.1   05:04   2.7   0.2   2.2   0.7   8.0   16:43   WNW
25  16.4  21.0   13:07  13.3   23:59   2.2   0.3  10.2   1.3  11.0   12:28    SW
26  15.9  21.5   15:53  11.6   06:31   2.8   0.4   0.0   0.9  10.0   08:57   SSW
27  16.2  21.7   15:44  11.1   04:25   2.6   0.4   1.6   1.2  13.0   17:03   WSW
28  17.2  22.4   13:49  12.6   05:54   1.9   0.8   1.0   1.7  12.0   15:03    SW
29  14.5  19.4   10:31  12.9   23:14   3.8   0.1   5.6   1.4  15.0   11:35   WSW
30  14.2  19.4   16:02   8.2   23:56   4.1   0.0   0.6   1.4  11.0   12:27   ENE
31  11.8  18.8   16:44   4.3   05:48   6.5   0.0   0.0   0.6   7.0   10:07   ENE
----------------------------------------------------------------------------------
    17.5  31.1    19     4.3    31    63.9  38.6  36.2   1.1  16.0     2      SW

Max >=  27.0:  4
Max <=   0.0:  0
Min <=   0.0:  0
Min <= -18.0:  0
Max Rain: 10.2 on day 25
Days of Rain: 16 (>= 0.2 mm)  7 (>= 2.0 mm)  0 (>= 20.0 mm)
Heat Base: 18.3  Cool Base: 18.3  Method: Integration