NOAA Style Reports for Camberley

camberley weather

Select a Year or Month report

Report for 2012 Jul
                   Monthly Climatological Summary for Jul 2012

Name: camberley weather   City: Camberley   County: Surrey   Country: UK, England
Elevation: 268 ft  Lat: N 51° 19' 55"   Lon: W 000° 45' 12"

                  Temperature (°C), Rain (mm), Wind Speed (kts)

                                      Heat  Cool        Avg
    Mean                              Deg   Deg         Wind                 Dom
Day Temp  High   Time   Low    Time   Days  Days  Rain  Speed High   Time    Dir
----------------------------------------------------------------------------------
 1  13.9  19.1   16:42   9.6   05:06   4.4   0.0   1.6   2.0  13.0   15:10    SW
 2  14.4  16.3   11:20  12.1   04:10   3.9   0.0   3.8   1.8  14.0   12:33   WSW
 3  15.9  17.6   13:10  14.7   01:41   2.4   0.0   4.0   1.2  10.0   13:21   WSW
 4  17.7  22.6   17:23  15.3   23:53   1.3   0.7   2.6   0.9   9.0   09:18     W
 5  17.7  23.9   17:08  13.3   05:31   1.7   1.1   0.0   0.5   7.0   16:37   WSW
 6  15.2  17.4   15:47  13.1   21:52   3.1   0.0   8.8   0.4   8.0   16:11   WSW
 7  14.8  17.7   16:12  12.8   01:08   3.5   0.0   6.4   0.9  11.0   19:15    NW
 8  16.1  21.8   18:44  13.5   03:44   2.5   0.3   8.2   0.7  10.0   11:49   ESE
 9  15.6  19.0   15:37  13.5   23:57   2.7   0.0   0.4   1.1  10.0   12:15    SW
10  14.9  20.4   17:05  12.2   05:25   3.5   0.1   3.8   1.1  11.0   18:14    SW
11  14.4  20.5   14:28  10.9   04:20   4.0   0.1   5.4   1.4  16.0   11:48    SW
12  13.3  18.8   14:07   8.4   05:53   5.0   0.0  10.6   1.2  14.0   23:31    SW
13  15.3  18.3   11:25  13.4   22:33   3.0   0.0  10.0   1.8  12.0   11:32   WSW
14  14.0  16.9   10:23  12.1   21:30   4.3   0.0   4.4   0.8   9.0   11:59    SW
15  14.6  19.3   17:48  10.7   06:14   3.7   0.0   0.2   0.9  12.0   19:18   SSW
16  14.7  16.7   17:19  11.9   01:39   3.6   0.0   3.6   2.2  16.0   16:43   WSW
17  18.0  23.1   14:06  13.3   05:07   1.7   1.3   1.8   1.7  13.0   16:01    SW
18  15.8  19.4   14:40  13.8   03:47   2.5   0.0   4.2   2.0  12.0   06:18    SW
19  15.7  20.6   17:18  11.8   23:57   2.7   0.1   0.0   1.4  11.0   09:00    SW
20  14.8  19.6   16:52   9.7   02:03   3.6   0.1   0.0   0.5   7.0   14:09   ENE
21  15.7  21.8   16:34  11.1   05:21   3.0   0.4   0.0   0.4   6.0   08:37     E
22  17.3  24.0   15:26  10.6   03:21   2.6   1.6   0.0   1.2  10.0   13:45   WSW
23  19.8  28.1   17:30  10.1   04:40   2.0   3.5   0.0   1.2  10.0   10:27    SW
24  21.6  31.2   17:48  11.3   05:34   1.5   4.9   0.0   0.4   7.0   19:19   WSW
25  22.5  31.6   15:54  12.7   05:47   1.1   5.3   0.0   0.6  14.0   21:25     E
26  22.4  30.1   16:46  15.4   05:23   0.3   4.4   0.0   1.0  10.0   11:42     E
27  19.6  26.1   16:34  15.8   23:10   0.6   1.9   0.2   0.5   9.0   21:23   ENE
28  16.7  21.7   16:08  11.8   23:53   2.3   0.7   0.0   1.2  12.0   15:02   SSW
29  13.2  17.6   13:53   9.4   23:58   5.1   0.0  14.8   0.9  12.0   11:11   WSW
30  14.4  20.6   16:22   7.9   02:15   4.1   0.2   0.0   1.3  14.0   13:43    SW
31  15.5  20.4   17:00  10.6   04:49   3.0   0.2   4.2   1.1  10.0   11:29    SW
----------------------------------------------------------------------------------
    16.3  31.6    25     7.9    30    88.7  26.9  99.0   1.1  16.0    11      SW

Max >=  27.0:  4
Max <=   0.0:  0
Min <=   0.0:  0
Min <= -18.0:  0
Max Rain: 14.8 on day 29
Days of Rain: 20 (>= 0.2 mm)  15 (>= 2.0 mm)  0 (>= 20.0 mm)
Heat Base: 18.3  Cool Base: 18.3  Method: Integration