NOAA Style Reports for Camberley

camberley weather

Select a Year or Month report
V/Λ2018 > Jan Feb Mar Apr May Jun Jul Aug Sep Oct Nov Dec
V/Λ2017 > Jan Feb Mar Apr May Jun Jul Aug Sep Oct Nov Dec
V/Λ2016 > Jan Feb Mar Apr May Jun Jul Aug Sep Oct Nov Dec
V/Λ2015 > Jan Feb Mar Apr May Jun Jul Aug Sep Oct Nov Dec
V/Λ2014 > Jan Feb Mar Apr May Jun Jul Aug Sep Oct Nov Dec
V/Λ2013 > Jan Feb Mar Apr May Jun Jul Aug Sep Oct Nov Dec
V/Λ2012 > Jan Feb Mar Apr May Jun Jul Aug Sep Oct Nov Dec
V/Λ2011 > Jan Feb Mar Apr May Jun Jul Aug Sep Oct Nov Dec

Report for 2012 Jun
                   Monthly Climatological Summary for Jun 2012

Name: camberley weather   City: Camberley   County: Surrey   Country: UK, England
Elevation: 268 ft  Lat: N 51° 19' 55"   Lon: W 000° 45' 12"

                  Temperature (°C), Rain (mm), Wind Speed (kts)

                                      Heat  Cool        Avg
    Mean                              Deg   Deg         Wind                 Dom
Day Temp  High   Time   Low    Time   Days  Days  Rain  Speed High   Time    Dir
----------------------------------------------------------------------------------
 1  16.9  21.7   16:03  11.4   04:09   2.1   0.7   0.0   0.5   7.0   20:48     E
 2  15.1  20.0   16:49  11.0   23:50   3.3   0.1   2.6   1.3  10.0   17:28     E
 3  12.2  14.8   13:53  10.8   00:25   6.1   0.0  12.2   0.8   9.0   00:23   ESE
 4  10.1  15.3   18:39   6.8   06:33   8.2   0.0   3.8   1.0  13.0   04:53    NE
 5  10.7  14.1   11:24   6.2   00:48   7.6   0.0   6.0   1.0  12.0   12:01    NW
 6  14.4  18.2   14:19  11.1   04:52   3.9   0.0   1.0   2.0  17.0   14:44    SW
 7  13.7  15.8   17:07  11.9   00:00   4.6   0.0   7.0   2.1  18.0   17:31   WSW
 8  12.5  15.2   13:56  11.1   23:47   5.8   0.0  12.2   4.6  24.0   14:05    SW
 9  13.8  19.4   16:43   9.7   23:52   4.6   0.1   0.0   3.1  17.0   10:23    SW
10  12.3  16.8   12:49   6.6   05:01   6.0   0.0   4.4   0.6   8.0   16:51   ENE
11  11.0  11.7   15:00   9.8   22:51   7.3   0.0  37.4   1.6  10.0   09:58    NE
12  10.7  12.9   14:20   9.3   08:52   7.6   0.0   5.2   0.9   7.0   07:51    NE
13  12.6  18.9   13:08   5.6   04:51   5.7   0.0   0.0   0.5   7.0   15:25     W
14  13.2  18.3   12:08   6.7   02:38   5.1   0.0   5.0   1.4  15.0   12:39    NE
15  14.6  18.6   16:00  12.1   05:02   3.7   0.0   2.6   2.9  23.0   15:20    SW
16  14.2  17.6   14:03  11.9   01:59   4.1   0.0   0.0   4.0  20.0   15:08    SW
17  15.2  20.4   14:56  10.7   05:32   3.4   0.2   0.0   2.3  14.0   00:14   WSW
18  14.1  20.2   15:51  10.2   06:09   4.3   0.1   4.8   0.9  10.0   17:07    SW
19  15.2  22.2   15:31   8.4   04:39   3.7   0.6   0.0   0.8   9.0   14:32   WSW
20  16.5  23.9   15:25   8.4   05:08   3.0   1.1   0.0   0.9  10.0   15:33     E
21  14.5  19.1   11:41  10.5   22:07   3.8   0.0  13.8   1.8  14.0   17:16    SW
22  14.2  17.9   13:35  10.5   00:26   4.1   0.0   0.4   3.5  18.0   10:13    SW
23  14.2  19.3   13:01  10.1   04:38   4.2   0.0   0.8   2.5  14.0   09:59    SW
24  15.4  21.4   16:00  11.2   02:00   3.2   0.3  10.4   2.2  17.0   10:44    SW
25  16.6  22.9   16:58   9.4   03:51   2.9   1.2   0.0   0.9  13.0   17:27    SW
26  17.2  22.8   13:28  10.8   05:29   2.0   0.8   0.0   0.9  10.0   14:33   WSW
27  18.3  20.7   12:31  16.2   05:26   0.7   0.7   0.0   1.2  11.0   09:01   WSW
28  20.5  28.1   16:02  13.4   23:53   0.9   3.1   0.0   1.7  15.0   17:24   WSW
29  16.1  20.6   15:37  13.1   00:53   2.4   0.2   0.2   3.0  17.0   08:44    SW
30  16.4  20.1   14:07  12.3   23:54   2.1   0.2   0.4   2.8  17.0   13:58    SW
----------------------------------------------------------------------------------
    14.4  28.1    28     5.6    13   126.4   9.4 130.2   1.8  24.0     8      SW

Max >=  27.0:  1
Max <=   0.0:  0
Min <=   0.0:  0
Min <= -18.0:  0
Max Rain: 37.4 on day 11
Days of Rain: 19 (>= 0.2 mm)  14 (>= 2.0 mm)  1 (>= 20.0 mm)
Heat Base: 18.3  Cool Base: 18.3  Method: Integration