NOAA style

NOAA Style Reports for Camberley

camberley weather

Select a Year or Month report
V/Λ2018 > Jan Feb Mar Apr May Jun Jul Aug Sep Oct Nov Dec
V/Λ2017 > Jan Feb Mar Apr May Jun Jul Aug Sep Oct Nov Dec
V/Λ2016 > Jan Feb Mar Apr May Jun Jul Aug Sep Oct Nov Dec
V/Λ2015 > Jan Feb Mar Apr May Jun Jul Aug Sep Oct Nov Dec
V/Λ2014 > Jan Feb Mar Apr May Jun Jul Aug Sep Oct Nov Dec
V/Λ2013 > Jan Feb Mar Apr May Jun Jul Aug Sep Oct Nov Dec
V/Λ2012 > Jan Feb Mar Apr May Jun Jul Aug Sep Oct Nov Dec
V/Λ2011 > Jan Feb Mar Apr May Jun Jul Aug Sep Oct Nov Dec

Report for 2012 May
                   Monthly Climatological Summary for May 2012

Name: camberley weather   City: Camberley   County: Surrey   Country: UK, England
Elevation: 268 ft  Lat: N 51° 19' 55"   Lon: W 000° 45' 12"

                  Temperature (°C), Rain (mm), Wind Speed (kts)

                                      Heat  Cool        Avg
    Mean                              Deg   Deg         Wind                 Dom
Day Temp  High   Time   Low    Time   Days  Days  Rain  Speed High   Time    Dir
----------------------------------------------------------------------------------
 1  12.7  18.7   18:00   7.4   23:57   5.6   0.0  11.4   1.0  10.0   03:20    SE
 2  10.4  13.2   18:23   7.0   00:30   7.9   0.0   0.2   0.6   9.0   12:43    NE
 3   3.1   5.3   00:00   1.6   06:30   4.4   0.0   0.2   0.3   7.0   00:00   WSW
 4   7.9   8.8   15:50   1.9   15:24   3.7   0.0   0.0   0.4   7.0   17:04     E
 5   7.0  10.2   18:22   5.1   05:30  11.3   0.0   0.0   1.6  11.0   02:07     E
 6   6.7   8.8   16:45   1.9   15:57   3.9   0.0   0.0   0.7   4.0   16:28   ESE
 7  11.6  15.8   16:13   1.9   09:21   4.1   0.0   1.2   1.0  13.0   16:02     W
 8  14.0  18.3   18:07   1.9   18:07   1.1   0.0   0.6   1.1  10.0   18:22   WSW
 9  12.4  14.3   16:10   9.4   06:44   5.9   0.0   5.2   1.1  10.0   12:25    SW
10  14.0  15.4   17:13   1.9   17:12   1.2   0.0   0.0   3.5  15.0   18:21   WSW
11  10.8  16.3   17:28   1.9   17:19   2.1   0.0   0.0   2.3  13.0   17:33    NE
12  12.2  15.7   16:07   1.9   12:07   3.0   0.0   0.0   0.8  10.0   12:27   ENE
13  11.0  15.2   18:26   1.9   18:26   1.7   0.0   0.0   1.3  11.0   18:28   WSW
14  10.0  12.1   18:19   1.9   14:30   3.2   0.0   0.0   1.7  10.0   18:19   WSW
15   6.7  12.6   15:36   3.9   05:08  11.6   0.0   2.2   0.9  13.0   11:30   ENE
16   8.4  15.1   16:22   0.5   04:18   9.8   0.0   0.0   0.8  10.0   12:11    SW
17  10.2  16.1   16:04   4.8   01:21   8.1   0.0   0.0   0.8  10.0   23:53   NNE
18  11.9  15.3   10:55   8.1   04:29   6.4   0.0   0.0   1.3  10.0   00:49     E
19  13.1  17.8   16:09   9.4   23:56   5.2   0.0   0.0   1.0  10.0   21:08     S
20   9.8  11.6   13:43   8.1   03:25   8.5   0.0   0.0   1.5  10.0   00:03   ENE
21  12.7  18.8   17:32   8.6   05:50   5.6   0.0   0.0   1.4  10.0   13:11    NE
22  17.8  25.9   16:33   9.7   05:28   2.8   2.3   0.0   1.0  10.0   14:06    NE
23  19.9  28.0   16:10  11.6   04:58   1.7   3.3   0.0   0.6   7.0   14:42   ENE
24  21.3  28.4   17:22  14.5   03:43   0.6   3.6   0.0   0.8   8.0   14:07     E
25  20.8  26.5   14:13  15.7   05:38   0.4   3.0   0.0   2.3  17.0   13:07     E
26  20.2  26.1   14:16  14.3   05:17   1.0   2.8   0.0   2.7  17.0   10:43     E
27  20.9  29.1   16:26  13.2   04:57   1.2   3.8   0.0   1.1  10.0   13:43     E
28  19.4  27.0   17:05  11.7   04:56   1.6   2.7   0.0   0.7   9.0   17:21    SW
29  18.0  23.3   15:12  11.8   05:23   1.7   1.5   0.0   0.6   6.0   08:30     E
30  18.6  25.3   13:12  12.6   05:47   1.9   2.2   0.0   1.0  10.0   13:20    SW
31  15.6  19.4   12:16  11.9   05:11   2.7   0.1   0.0   1.2  10.0   11:30   SSW
----------------------------------------------------------------------------------
    13.2  29.1    27     0.5    16   129.9  25.3  21.0   1.2  17.0    25     ESE

Max >=  27.0:  4
Max <=   0.0:  0
Min <=   0.0:  0
Min <= -18.0:  0
Max Rain: 11.4 on day 1
Days of Rain: 7 (>= 0.2 mm)  3 (>= 2.0 mm)  0 (>= 20.0 mm)
Heat Base: 18.3  Cool Base: 18.3  Method: Integration