NOAA Style Reports for Camberley

camberley weather

Select a Year or Month report

Report for 2012 Apr
                   Monthly Climatological Summary for Apr 2012

Name: camberley weather   City: Camberley   County: Surrey   Country: UK, England
Elevation: 268 ft  Lat: N 51° 19' 55"   Lon: W 000° 45' 12"

                  Temperature (°C), Rain (mm), Wind Speed (kts)

                                      Heat  Cool        Avg
    Mean                              Deg   Deg         Wind                 Dom
Day Temp  High   Time   Low    Time   Days  Days  Rain  Speed High   Time    Dir
----------------------------------------------------------------------------------
 1   8.3  17.7   17:30   1.7   07:51  10.0   0.0   1.2   1.6   8.0   10:53   NNW
 2   9.1  18.3   16:37   2.3   07:10   9.2   0.0   0.6   1.3   9.0   13:43     W
 3   8.7  14.8   15:07   2.8   06:41   9.6   0.0   0.9   2.2  10.0   14:39    SW
 4   6.7  10.2   16:40   2.4   07:24  11.6   0.0   0.3   2.2  14.0   18:25   NNE
 5   7.4  10.2   16:25   3.5   23:45  10.9   0.0   0.0   4.4  15.0   04:50   NNE
 6   6.3  12.7   14:34  -0.8   06:38  12.0   0.0   0.0   1.7  10.0   12:50    NW
 7   9.5  12.1   14:16   7.9   23:51   8.8   0.0   0.3   1.9  10.0   15:49   NNW
 8  10.6  14.5   18:10   7.5   01:31   7.7   0.0   1.2   3.1  14.0   17:51    SW
 9  10.0  11.2   13:39   8.8   05:22   8.3   0.0   6.9   7.4  24.0   13:43   SSW
10   9.1  14.7   16:20   5.2   07:47   9.2   0.0   0.6   6.2  19.0   14:28   SSW
11   7.8  17.0   17:24   2.4   06:28  10.5   0.0   4.8   1.6  10.0   14:25    SW
12   8.0  14.8   16:08   2.3   05:19  10.3   0.0   0.6   1.6  10.0   14:32   WSW
13   8.2  14.0   15:54   1.9   06:56  10.1   0.0   0.0   1.5   8.0   15:47   NNW
14   9.3  13.8   17:09   6.3   23:56   9.0   0.0   0.9   3.8  13.0   21:48     N
15   6.5  11.2   16:22   2.5   06:49  11.8   0.0   0.3   4.2  18.0   18:33   NNW
16   6.0  14.5   16:43  -0.2   06:45  12.3   0.0   0.0   2.2  11.0   16:30    SW
17   8.9  15.0   14:42   5.6   02:18   9.6   0.0   3.3   6.4  20.0   15:34   SSW
18   8.3  11.2   14:51   6.3   00:20  10.0   0.0  10.2   4.7  15.0   13:14   WSW
19   8.2  11.4   17:07   6.5   06:38  10.1   0.0   7.5   3.1  13.0   15:31    SW
20   7.6  10.0   16:54   3.9   06:08  10.7   0.0   4.7   2.2  18.0   14:20   SSW
21   7.0  14.1   15:08   1.5   06:31  11.3   0.0   2.2   0.5  10.0   19:42   WSW
22   7.5  14.2   13:51   1.8   05:50  10.8   0.0   1.4   0.9  14.0   15:28   WSW
23   6.9   9.1   09:34   5.0   06:16  11.4   0.0   5.2   0.8  16.0   09:42     E
24   8.5  14.2   16:21   5.7   04:32   9.8   0.0   2.0   0.6  10.0   17:33    NE
25   8.4  11.9   16:39   5.4   07:27   9.9   0.0  15.4   2.0  16.0   21:48   WNW
26  10.4  13.8   14:34   8.0   01:33   7.9   0.0   5.6   3.1  20.0   14:04   WSW
27  10.9  15.6   16:17   8.0   07:30   7.4   0.0   3.0   1.7  14.0   01:22   WSW
28   7.7   9.2   11:28   4.8   23:15  10.6   0.0   9.0   1.5  18.0   20:30     E
29   7.9  13.4   16:31   4.8   00:00  10.4   0.0  24.0   3.0  21.0   02:37     E
30  13.1  19.5   15:40   8.2   05:02   5.2   0.0   0.0   2.1  15.0   17:10    NE
----------------------------------------------------------------------------------
     8.4  19.5    30    -0.8     6   296.4   0.0 112.1   2.7  24.0     9     WSW

Max >=  27.0:  0
Max <=   0.0:  0
Min <=   0.0:  2
Min <= -18.0:  0
Max Rain: 24.0 on day 29
Days of Rain: 25 (>= 0.2 mm)  14 (>= 2.0 mm)  1 (>= 20.0 mm)
Heat Base: 18.3  Cool Base: 18.3  Method: Integration