NOAA Style Reports for Camberley

camberley weather

Select a Year or Month report

Report for 2012 Mar
                   Monthly Climatological Summary for Mar 2012

Name: camberley weather   City: Camberley   County: Surrey   Country: UK, England
Elevation: 268 ft  Lat: N 51° 19' 55"   Lon: W 000° 45' 12"

                  Temperature (°C), Rain (mm), Wind Speed (kts)

                                      Heat  Cool        Avg
    Mean                              Deg   Deg         Wind                 Dom
Day Temp  High   Time   Low    Time   Days  Days  Rain  Speed High   Time    Dir
----------------------------------------------------------------------------------
 1   8.1  15.9   16:14   3.6   07:12  10.1   0.0   0.0   0.8   5.0   12:57   WNW
 2   7.2  12.8   15:18   2.2   06:25  11.1   0.0   0.0   1.7  10.0   17:38   NNE
 3   9.9  14.5   16:20   7.0   23:44   8.2   0.0   0.3   4.4  20.0   13:10   SSW
 4   6.0   9.3   11:23   2.3   23:55  12.3   0.0  11.4   3.7  13.0   18:27    NW
 5   5.4  11.3   16:31   2.4   00:47  12.9   0.0   0.0   5.3  17.0   11:51    NW
 6   4.9  11.4   15:55   0.0   07:15  13.4   0.0   0.0   2.4  10.0   10:52   WNW
 7   7.7  11.8   16:24   4.1   23:53  10.6   0.0   2.1   6.1  18.0   06:31    SW
 8   6.5  13.0   16:25   0.8   06:34  11.9   0.0   0.0   2.2   9.0   12:08   WSW
 9   9.4  11.5   13:40   6.7   00:23   8.9   0.0   0.0   4.7  14.0   10:39   SSW
10  12.0  17.2   15:56   9.3   23:59   6.3   0.0   0.0   2.5   9.0   00:31   WSW
11  10.5  18.5   16:23   5.2   06:57   7.8   0.0   0.0   0.9   6.0   15:46    NW
12   8.7  17.0   16:22   5.4   03:26   9.6   0.0   0.0   1.0   5.0   23:24    NW
13   8.9  14.7   16:27   6.5   21:49   9.4   0.0   0.0   1.4   7.0   18:21   NNE
14   8.1  15.8   16:48   5.3   07:17  10.2   0.0   0.0   1.6   7.0   06:30     N
15   8.5  17.9   16:37   2.0   05:07   9.7   0.0   0.0   0.5   6.0   23:37   WSW
16   9.1   9.7   14:37   8.3   07:37   9.2   0.0   0.0   4.5   9.0   16:37   SSW
17   9.3  11.4   14:37   7.6   03:07   9.0   0.0   0.0   3.2   9.0   10:07     S
18   6.1  10.0   15:37   2.2   07:07  12.2   0.0   0.0   1.5   6.0   15:07    NW
19   6.3  15.3   16:37  -0.3   06:37  11.9   0.0   0.0   1.9   7.0   17:07   SSW
20   9.2  16.4   16:32   3.4   03:37   9.1   0.0   0.0   0.7   7.0   16:32   WSW
21  11.4  19.1   16:10   7.8   06:15   6.9   0.0   0.0   2.8  10.0   23:50    NE
22  11.7  19.4   16:09   6.1   05:55   6.8   0.1   0.0   5.0  12.0   04:07    NE
23  12.5  22.4   16:19   6.0   07:12   6.2   0.4   0.0   1.4   9.0   16:35    SW
24  12.9  22.4   16:15   5.8   06:18   5.8   0.5   0.0   2.4  10.0   15:08    NE
25  11.2  19.0   16:49   5.9   07:07   6.8   0.0   0.0   3.1  13.0   17:36   NNE
26  11.7  21.7   16:59   5.6   04:56   6.9   0.3   0.0   4.2  13.0   17:25    NE
27  12.3  22.6   17:34   5.2   07:20   6.4   0.4   0.0   2.9  11.0   17:17    NE
28  12.8  25.7   17:19   3.9   07:08   6.4   0.9   0.0   1.2   7.0   16:54    NW
29  13.2  23.2   17:13   5.7   07:27   5.7   0.6   0.0   1.5   9.0   11:51    NW
30  11.9  19.8   17:10   6.7   07:22   6.5   0.1   0.0   1.6  46.0   19:14     W
31   9.3  12.3   13:41   7.0   22:55   9.0   0.0   0.0   3.4  14.0   16:20     N
----------------------------------------------------------------------------------
     9.4  25.7    28    -0.3    19   277.2   3.3  13.8   2.7  46.0    30     WNW

Max >=  27.0:  0
Max <=   0.0:  0
Min <=   0.0:  2
Min <= -18.0:  0
Max Rain: 11.4 on day 4
Days of Rain: 3 (>= 0.2 mm)  2 (>= 2.0 mm)  0 (>= 20.0 mm)
Heat Base: 18.3  Cool Base: 18.3  Method: Integration