NOAA Style Reports for Camberley

camberley weather

Select a Year or Month report
V/Λ2018 > Jan Feb Mar Apr May Jun Jul Aug Sep Oct Nov Dec
V/Λ2017 > Jan Feb Mar Apr May Jun Jul Aug Sep Oct Nov Dec
V/Λ2016 > Jan Feb Mar Apr May Jun Jul Aug Sep Oct Nov Dec
V/Λ2015 > Jan Feb Mar Apr May Jun Jul Aug Sep Oct Nov Dec
V/Λ2014 > Jan Feb Mar Apr May Jun Jul Aug Sep Oct Nov Dec
V/Λ2013 > Jan Feb Mar Apr May Jun Jul Aug Sep Oct Nov Dec
V/Λ2012 > Jan Feb Mar Apr May Jun Jul Aug Sep Oct Nov Dec
V/Λ2011 > Jan Feb Mar Apr May Jun Jul Aug Sep Oct Nov Dec

Report for 2012 Feb
                   Monthly Climatological Summary for Feb 2012

Name: camberley weather   City: Camberley   County: Surrey   Country: UK, England
Elevation: 268 ft  Lat: N 51° 19' 55"   Lon: W 000° 45' 12"

                  Temperature (°C), Rain (mm), Wind Speed (kts)

                                      Heat  Cool        Avg
    Mean                              Deg   Deg         Wind                 Dom
Day Temp  High   Time   Low    Time   Days  Days  Rain  Speed High   Time    Dir
----------------------------------------------------------------------------------
 1   0.3   2.6   14:52  -2.0   23:52  18.0   0.0   0.0   2.5  11.9   11:51     N
 2  -1.7   0.7   13:52  -3.7   23:52  20.0   0.0   0.0   2.4  17.1   09:52     N
 3  -2.6   0.8   14:52  -5.0   07:22  20.4   0.0   0.0   0.5   6.0   14:52    NW
 4  -2.4   1.4   14:22  -7.2   07:52  20.7   0.0   0.0   0.7   5.2   16:22     W
 5   1.3   2.3   13:53   0.6   00:23  16.5   0.0   6.9   0.1   2.7   15:23   WNW
 6   2.1   4.0   14:26   1.0   03:26  16.2   0.0   0.6   0.6   1.9   13:26     N
 7   0.8   3.1   13:56  -3.3   22:26  17.5   0.0   0.3   2.6   6.6   15:26   NNE
 8  -0.7   0.4   14:57  -3.2   00:26  19.0   0.0   0.0   3.3   8.6   11:57     N
 9   0.4   2.1   15:27  -1.2   07:57  15.3   0.0   0.0   1.4   3.9   12:57   NNW
10  -0.5   1.1   15:28  -4.8   23:58  18.8   0.0   1.8   1.0   3.3   08:28     N
11  -4.1   0.4   15:28  -8.0   07:28  21.5   0.0   0.3   0.5   3.9   12:58   NNE
12  -0.5   4.0   14:58  -6.8   02:58  18.8   0.0   0.0   0.6   2.7   11:58   NNW
13   4.1   6.3   14:59   1.5   01:58  14.2   0.0   1.2   2.1   5.2   13:59    NW
14   5.7   8.2   14:29   0.4   20:59  12.4   0.0   0.0   4.4  43.0   20:59    NW
15   8.1  10.3   13:29   6.1   01:29   9.4   0.0   0.0   4.0   9.9   11:29    NW
16   7.6  10.8   13:59   4.2   03:59  10.3   0.0   0.0   2.2   6.0   22:59     W
17   9.0  11.7   15:30   6.3   02:29   7.3   0.0   0.0   3.5   8.6   17:00    SW
18   7.7  10.7   12:30   2.4   23:00  10.1   0.0   2.4   7.0  15.2   13:00     S
19   3.4   6.4   02:30  -0.6   23:00  12.9   0.2   0.0   2.3   9.3   11:00    NW
20   3.0   8.3   15:30  -3.1   07:30  15.2   0.0   0.0   4.3   9.0   12:00   SSW
21   8.3  11.3   14:02   5.5   00:00   9.8   0.0   0.0   6.6  15.0   10:40   SSW
22   8.9  10.9   23:12   7.8   07:31   9.4   0.0   0.6   8.1  22.0   10:48   SSW
23  12.7  18.5   16:17  10.4   23:32   5.6   0.0   0.0   4.5  13.0   11:40   SSW
24  11.2  13.6   14:52   9.8   04:31   7.1   0.0   0.0   3.9  13.0   11:50    SW
25   8.8  13.9   16:20   3.9   23:58   9.5   0.0   0.0   1.6   9.0   12:50   WNW
26   6.4  13.3   15:18   1.3   07:08  11.9   0.0   0.0   1.3   7.0   15:26    SW
27   9.1  11.3   15:14   6.3   01:36   9.2   0.0   0.0   3.7  12.0   13:22   SSW
28  11.0  13.2   13:38   9.8   23:57   7.3   0.0   0.0   2.4   7.0   02:37    SW
29  10.4  13.2   14:26   8.5   23:31   8.0   0.0   0.0   1.7   9.0   13:33   SSW
----------------------------------------------------------------------------------
     4.4  18.5    23    -8.0    11   392.3   0.2  14.1   3.5  43.0    14     WSW

Max >=  27.0:  0
Max <=   0.0:  0
Min <=   0.0: 12
Min <= -18.0:  0
Max Rain: 6.9 on day 5
Days of Rain: 8 (>= 0.2 mm)  2 (>= 2.0 mm)  0 (>= 20.0 mm)
Heat Base: 18.3  Cool Base: 18.3  Method: Integration