NOAA Style Reports for Camberley

camberley weather

Select a Year or Month report

Report for 2012 Jan
                   Monthly Climatological Summary for Jan 2012

Name: camberley weather   City: Camberley   County: Surrey   Country: UK, England
Elevation: 268 ft  Lat: N 51° 19' 55"   Lon: W 000° 45' 12"

                  Temperature (°C), Rain (mm), Wind Speed (kts)

                                      Heat  Cool        Avg
    Mean                              Deg   Deg         Wind                 Dom
Day Temp  High   Time   Low    Time   Days  Days  Rain  Speed High   Time    Dir
----------------------------------------------------------------------------------
 1  10.8  12.2   00:47   7.0   23:47   7.5   0.0   6.9   2.6  10.5   00:47   SSW
 2   5.2   7.0   00:17   3.9   08:17  13.1   0.0   0.9   2.5  13.8   13:17   SSW
 3   8.3  12.1   11:17   5.2   21:17  10.0   0.0  10.5   5.5  23.1   05:17     S
 4   6.5   9.1   23:48   4.0   05:48  11.8   0.0   1.8   4.5  17.1   20:48   SSW
 5   8.9  11.0   05:48   6.2   22:18   9.4   0.0   0.0   4.0  25.9   03:18   WSW
 6   6.1   9.1   22:48   2.1   08:18  12.2   0.0   0.0   1.4  10.5   22:18    SW
 7   8.5  10.3   04:18   7.0   20:18   9.8   0.0   0.6   1.8  11.3   02:18   WSW
 8   8.3  10.1   14:18   7.0   23:18  10.0   0.0   0.0   0.6   7.2   12:48   WSW
 9  10.0  11.7   12:48   7.1   00:18   8.3   0.0   0.0   1.8  13.8   11:48    SW
10   9.9  11.0   13:48   8.8   23:48   8.4   0.0   0.3   1.7   9.9   10:18   SSW
11   8.5  10.4   15:18   6.8   05:18   9.8   0.0   0.0   1.7   8.6   17:48   SSW
12   8.0  12.1   14:18   3.3   23:49  10.3   0.0   0.3   2.2  15.9   06:18    SW
13   1.9   5.7   14:19  -0.8   23:49  16.4   0.0   0.0   0.2   3.3   13:49   NNW
14   0.1   3.6   14:49  -3.1   08:19  18.2   0.0   0.3   0.5   4.7   12:19    NE
15   2.2   5.6   15:19  -0.2   23:49  16.1   0.0   0.0   1.5   8.0   13:49    NE
16   1.0   4.8   15:19  -1.2   02:19  17.3   0.0   0.0   0.9   7.2   12:19    NE
17   1.2   5.2   15:19  -2.4   08:19  17.1   0.0   0.0   0.2   3.3   14:19     W
18   9.2  11.8   16:19   2.7   00:19   9.1   0.0   0.3   2.1   8.6   16:49    SW
19   9.4  11.6   05:49   5.7   23:49   8.9   0.0   3.9   2.6  12.6   08:49   SSW
20   7.5   9.7   13:19   4.7   04:49  10.8   0.0   0.3   2.3  10.5   13:19     S
21  10.2  12.4   13:50   6.8   23:50   8.1   0.0   0.0   2.6  11.9   15:50    SW
22   7.8  11.2   13:20   5.2   21:50  10.5   0.0   0.0   2.0  11.9   08:50   SSW
23   5.1   8.5   14:20   1.9   23:50  13.2   0.0   0.0   0.5   6.6   12:50    SW
24   5.6   9.8   17:50   0.2   03:50  12.7   0.0   5.4   0.5   7.2   13:50    SW
25   9.1   9.8   01:20   8.3   21:20   9.2   0.0   0.3   1.7   8.6   16:50   SSW
26   6.5   9.1   02:20   3.0   22:50  11.8   0.0   2.1   2.7  13.8   12:20   SSW
27   4.0   7.4   14:50   1.4   07:50  14.3   0.0   0.0   1.0   9.3   13:20   SSW
28   3.9   5.8   15:50   2.0   00:20  14.4   0.0   0.6   0.6   4.7   12:20   NNW
29   3.2   4.7   14:51   1.4   01:21  15.1   0.0   0.3   0.5   5.2   20:21   NNE
30   1.7   4.0   14:51  -0.3   19:51  16.6   0.0   0.0   0.6   5.2   14:51    NE
31   0.4   2.4   14:21  -1.7   08:21  17.9   0.0   0.0   0.8   7.2   14:51   NNE
----------------------------------------------------------------------------------
     6.1  12.4    21    -3.1    14   378.3   0.0  34.8   1.7  25.9     5     SSW

Max >=  27.0:  0
Max <=   0.0:  0
Min <=   0.0:  7
Min <= -18.0:  0
Max Rain: 10.5 on day 3
Days of Rain: 16 (>= 0.2 mm)  5 (>= 2.0 mm)  0 (>= 20.0 mm)
Heat Base: 18.3  Cool Base: 18.3  Method: Integration