NOAA style

NOAA Style Reports for Camberley

camberley weather

Select a Year or Month report
V/Λ2018 > Jan Feb Mar Apr May Jun Jul Aug Sep Oct Nov Dec V/Λ2017 > Jan Feb Mar Apr May Jun Jul Aug Sep Oct Nov Dec V/Λ2016 > Jan Feb Mar Apr May Jun Jul Aug Sep Oct Nov Dec V/Λ2015 > Jan Feb Mar Apr May Jun Jul Aug Sep Oct Nov Dec V/Λ2014 > Jan Feb Mar Apr May Jun Jul Aug Sep Oct Nov Dec V/Λ2013 > Jan Feb Mar Apr May Jun Jul Aug Sep Oct Nov Dec V/Λ2012 > Jan Feb Mar Apr May Jun Jul Aug Sep Oct Nov Dec V/Λ2011 > Jan Feb Mar Apr May Jun Jul Aug Sep Oct Nov Dec

Report for 2011 Dec
                   Monthly Climatological Summary for Dec 2011

Name: camberley weather   City: Camberley   County: Surrey   Country: UK, England
Elevation: 268 ft  Lat: N 51° 19' 55"   Lon: W 000° 45' 12"

                  Temperature (°C), Rain (mm), Wind Speed (kts)

                                      Heat  Cool        Avg
    Mean                              Deg   Deg         Wind                 Dom
Day Temp  High   Time   Low    Time   Days  Days  Rain  Speed High   Time    Dir
----------------------------------------------------------------------------------
10   2.1   2.8   23:42   1.5   21:42   6.4   0.0   0.0   0.3   3.9   23:12    SE
11   5.9   8.5   12:42   2.4   00:42  12.3   0.0   6.0   1.6  10.5   13:12    SW
12   5.8  10.1   23:42   2.5   06:12  12.5   0.0   8.4   2.8  21.2   20:42   SSW
13   7.0  11.8   01:12   3.9   20:42  11.3   0.0   6.9   5.2  22.5   07:12   SSW
14   4.4   5.6   02:43   3.4   23:13  13.9   0.0   0.0   1.9   8.6   11:43   SSW
15   5.4   7.2   12:43   3.4   00:13  12.9   0.0   4.2   3.0  17.9   12:43   SSW
16   3.2   4.7   00:13   1.5   07:43  15.1   0.0   4.5   1.7  11.3   14:13    NW
17   1.9   4.4   14:13  -1.0   07:43  16.4   0.0   0.3   0.8   8.6   21:14   WNW
18   0.8   4.6   14:44  -1.6   07:44  17.5   0.0   0.3   0.4   9.3   12:14    SW
19   2.7   6.6   18:44  -1.9   01:14  15.6   0.0   3.6   0.5   4.7   11:44     S
20   5.2   6.5   13:14   3.2   08:14  13.1   0.0   1.5   0.4   5.2   11:14   WNW
21   9.3  12.0   14:14   5.8   00:14   9.0   0.0   1.2   0.4   3.9   11:14     W
22   9.4  10.9   13:45   7.0   06:15   8.9   0.0   0.0   1.4   8.0   18:15   SSW
23   8.9  10.9   11:45   3.9   23:15   9.4   0.0   4.5   3.0  12.6   13:45   SSW
24   5.0   8.2   23:45   1.9   05:45  13.3   0.0   0.0   2.1  10.5   20:45   SSW
25  10.3  11.5   21:45   8.2   00:15   8.0   0.0   0.0   3.6  14.6   18:15   SSW
26  11.1  12.2   11:46   9.6   23:46   7.2   0.0   0.0   3.2  13.8   18:16   SSW
27   9.4  10.3   13:46   7.8   22:46   8.9   0.0   0.0   1.8  12.6   00:16   SSW
28   8.4  10.5   06:16   5.3   23:16   9.9   0.0   0.0   3.3  12.6   08:16   SSW
29   7.1   9.7   17:46   4.7   03:16  11.2   0.0   0.3   3.5  14.6   08:16   SSW
30   6.8  10.8   23:17   4.6   07:46  11.5   0.0   4.5   1.0   6.6   17:17   SSW
31  11.6  12.4   15:17  10.8   00:17   6.7   0.0   0.6   3.1  12.6   15:47   SSW
----------------------------------------------------------------------------------
     6.4  12.4    31    -1.9    19   251.0   0.0  46.8   2.1  22.5    13     SSW

Max >=  27.0:  0
Max <=   0.0:  0
Min <=   0.0:  3
Min <= -18.0:  0
Max Rain: 8.4 on day 12
Days of Rain: 14 (>= 0.2 mm)  8 (>= 2.0 mm)  0 (>= 20.0 mm)
Heat Base: 18.3  Cool Base: 18.3  Method: Integration