NOAA Style Reports for Camberley

camberley weather

Select a Year or Month report
V/Λ2020 > Jan Feb Mar Apr May Jun Jul Aug Sep Oct Nov Dec
V/Λ2019 > Jan Feb Mar Apr May Jun Jul Aug Sep Oct Nov Dec
V/Λ2018 > Jan Feb Mar Apr May Jun Jul Aug Sep Oct Nov Dec
V/Λ2017 > Jan Feb Mar Apr May Jun Jul Aug Sep Oct Nov Dec
V/Λ2016 > Jan Feb Mar Apr May Jun Jul Aug Sep Oct Nov Dec
V/Λ2015 > Jan Feb Mar Apr May Jun Jul Aug Sep Oct Nov Dec
V/Λ2014 > Jan Feb Mar Apr May Jun Jul Aug Sep Oct Nov Dec
V/Λ2013 > Jan Feb Mar Apr May Jun Jul Aug Sep Oct Nov Dec
V/Λ2012 > Jan Feb Mar Apr May Jun Jul Aug Sep Oct Nov Dec
V/Λ2011 > Jan Feb Mar Apr May Jun Jul Aug Sep Oct Nov Dec

Report for 2020 Feb
                   Monthly Climatological Summary for Feb 2020

Name: camberley weather   City: Camberley   County: Surrey   Country: UK, England
Elevation: 268 ft  Lat: N 51 19 54   Lon: W 000 45 11

                  Temperature (°C), Rain (mm), Wind Speed (kts)

                                      Heat  Cool        Avg
    Mean                              Deg   Deg         Wind                 Dom
Day Temp  High   Time   Low    Time   Days  Days  Rain  Speed High   Time    Dir
----------------------------------------------------------------------------------
01   9.5  11.4   13:56   6.6   23:57   8.8   0.0   0.0   4.6  26.0   11:48     W
02  10.2  13.2   13:07   6.2   03:00   8.1   0.0   7.0   3.2  20.0   10:48   WSW
03   8.8  11.2   13:02   4.6   23:35   9.5   0.0   0.0   3.4  17.0   04:58     W
04   6.5   8.7   15:13   4.1   01:43  11.8   0.0   0.0   2.3  17.0   03:29   WNW
05   4.2   9.9   14:27  -0.3   07:29  14.1   0.0   0.0   0.1   5.0   13:43     W
06   3.3  10.8   15:32  -1.8   07:47  15.0   0.0   0.0   0.4   7.0   23:01   SSE
07   5.1  10.3   23:57  -0.8   06:55  13.2   0.0   0.2   1.5  13.0   22:35   WSW
08   8.7  11.1   14:12   7.1   08:06   9.6   0.0   0.8   3.1  23.0   22:53   WSW
09  10.1  13.1   15:37   8.2   03:50   8.2   0.0  16.8   8.6  32.0   11:25   WSW
10   6.4   9.6   00:05   3.8   18:53  11.9   0.0   3.0   7.0  28.0   14:47     W
11   4.8   7.6   13:05   2.7   23:05  13.5   0.0   0.0   5.6  23.0   09:48     W
12   5.1   8.7   13:57   2.0   06:53  13.3   0.0   0.0   3.3  16.0   11:38   WSW
13   6.9   9.7   14:05   5.0   07:35  11.4   0.0  12.0   2.3  20.0   01:24     W
14   6.9  11.4   13:15   0.7   06:15  11.4   0.0   0.4   2.3  21.0   12:17   WSW
15  11.4  12.3   11:47  10.2   00:00   6.9   0.0   8.2   6.6  32.0   17:07   WSW
16   9.2  12.7   04:27   5.0   23:03   9.1   0.0  19.4   6.4  36.0   02:14   WSW
17   7.3  11.3   14:18   4.7   23:54  11.0   0.0   0.4   5.3  26.0   09:47   WSW
18   6.3  10.6   13:52   4.2   07:04  12.0   0.0   2.8   4.6  22.0   13:17   WSW
19   6.1   9.1   23:37   2.4   06:46  12.2   0.0   1.6   2.8  15.0   23:56   WSW
20   7.1   9.9   12:45   3.3   20:53  11.2   0.0   4.4   4.2  23.0   11:06   WSW
21   7.5  10.4   14:04   3.2   01:51  10.8   0.0   0.2   5.3  23.0   23:58   WSW
22  10.5  13.7   13:16   8.9   21:40   7.8   0.0   0.2   6.4  24.0   09:59     W
23  10.4  14.1   12:15   6.7   22:20   7.9   0.0   0.8   4.3  30.0   04:49     W
24   9.0  11.6   16:43   5.8   03:04   9.3   0.0   5.6   4.5  23.0   18:59     W
25   5.2   8.0   12:43   2.1   23:15  13.1   0.0   1.0   3.8  21.0   15:57     W
----------------------------------------------------------------------------------
     7.5  14.1    23    -1.8     6   271.1   0.0  84.8   4.1  36.0    16     WSW

Max >=  27.0  0
Max <=   0.0  0
Min <=   0.0  3
Min <= -18.0  0
Max Rain: 19.4 on day 16
Days of Rain: 18 (>= 0.2 mm)  9 (>= 2.0 mm)  0 (>= 20.0 mm)
Heat Base: 18.3  Cool Base: 18.3  Method: Integration